000
CXUS51 KOKX 011328
CLMNYC

CLIMATE REPORT
NATIONAL WEATHER SERVICE NEW YORK NY
927 AM EDT THU JUN 1 2017



...THE CENTRAL PARK NY CLIMATE SUMMARY FOR THE MONTH OF MAY 2017...

CLIMATE NORMAL PERIOD 1981 TO 2010
CLIMATE RECORD PERIOD 1869 TO 2017

WEATHER         OBSERVED          NORMAL  DEPART  LAST YEAR`S
                 VALUE   DATE(S)  VALUE   FROM    VALUE  DATE(S)
                                          NORMAL
................................................................
TEMPERATURE (F)
RECORD
 HIGH              99   05/19/1962
 LOW               32   05/06/1891
HIGHEST            92   05/18        MM      MM       92  05/28
LOWEST             44   05/08        MM      MM       43  05/16
AVG. MAXIMUM     68.2              70.8    -2.6     70.6
AVG. MINIMUM     54.0              54.0     0.0     55.0
MEAN             61.1              62.4    -1.3     62.8
DAYS MAX >= 90      3               0.7     2.3        2
DAYS MAX <= 32      0               0.0     0.0        0
DAYS MIN <= 32      0               0.0     0.0        0
DAYS MIN <= 0       0               0.0     0.0        0

PRECIPITATION (INCHES)
RECORD
 MAXIMUM        10.24   1989
 MINIMUM         0.30   1903
TOTALS           6.38              4.19    2.19     3.75
DAILY AVG.       0.21              0.14    0.07     0.12
DAYS >= .01        13              11.1     1.9       12
DAYS >= .10         7               7.4    -0.4        7
DAYS >= .50         4               3.0     1.0        3
DAYS >= 1.00        2               1.1     0.9        1
GREATEST
 24 HR. TOTAL    3.02   05/05 TO 05/05           05/29 TO 05/30
                                                          05/30 TO 05/30
                                                          05/30 TO 05/30
 STORM TOTAL       MM                                 MM
 (MM/DD(HH))            MM                    05/30(00) TO 05/30(00)
                                                 05/30(00) TO 05/30(00)0
                                                 05/30(00) TO 05/30(00)0

SNOWFALL (INCHES)
TOTALS            0.0               0.0     0.0      0.0
 LIQUID EQUIV    0.00              0.00    0.00     0.00
SINCE 7/1        30.2              25.8     4.4     32.8
 LIQUID 7/1      3.02              2.60    0.42     3.28
SNOWDEPTH AVG.      0                MM      MM        0
DAYS >= TRACE       0               0.0     0.0        0
DAYS >= 1.0         0               0.0     0.0        0
GREATEST
 SNOW DEPTH         0   MM                             0  MM
 24 HR TOTAL      0.0   05/31 TO 05/31           05/31 TO 05/31
                                                          05/30 TO 05/30
                                                          05/30 TO 05/30
 STORM TOTAL       MM                                 MM
 (MM/DD(HH))            MM                    05/31(00) TO 05/31(00)
                                                 05/30(00) TO 05/30(00)0
                                                 05/30(00) TO 05/30(00)0

DEGREE_DAYS
HEATING TOTAL     165               138      27      161
 SINCE 7/1       4202              4731    -529     3761
COOLING TOTAL      55                57      -2      100
 SINCE 1/1         89                69      20      119
.................................................

WIND (MPH)
AVERAGE WIND SPEED              5.1
HIGHEST WIND SPEED/DIRECTION    20/270    DATE  05/02
HIGHEST GUST SPEED/DIRECTION    34/310    DATE  05/15

AVERAGE RH (PERCENT)     65

WEATHER CONDITIONS. NUMBER OF DAYS WITH
THUNDERSTORM              0     MIXED PRECIP               0
HEAVY RAIN                2     RAIN                       7
LIGHT RAIN               13     FREEZING RAIN              0
LT FREEZING RAIN          0     HAIL                       0
HEAVY SNOW                0     SNOW                       0
LIGHT SNOW                0     SLEET                      0
FOG                      14     FOG W/VIS <= 1/4 MILE      1
HAZE                      4

-  INDICATES NEGATIVE NUMBERS.
R  INDICATES RECORD WAS SET OR TIED.
MM INDICATES DATA IS MISSING.
T  INDICATES TRACE AMOUNT.

$$
