000
CXUS56 KMTR 012145
CLMOAK


CLIMATE REPORT
NATIONAL WEATHER SERVICE SAN FRANCISCO BAY AREA
245 PM PDT THU SEP 1 2016

...................................

...THE OAKLAND AIRPORT CLIMATE SUMMARY FOR THE MONTH OF AUGUST 2016...

CLIMATE NORMAL PERIOD 1981 TO 2010
CLIMATE RECORD PERIOD 1948 TO 2016

WEATHER         OBSERVED          NORMAL  DEPART  LAST YEAR`S
                 VALUE   DATE(S)  VALUE   FROM    VALUE  DATE(S)
                                          NORMAL
................................................................
TEMPERATURE (F)
RECORD
 HIGH              99   08/24/2010
 LOW               48   08/30/1955
                        08/22/1955
HIGHEST            75   08/13                         93  08/16
LOWEST             55   08/03                         55  08/12
AVG. MAXIMUM     71.0              72.4    -1.4     76.7
AVG. MINIMUM     58.1              55.7     2.4     60.7
MEAN             64.5                               68.7
DAYS MAX >= 90      0                                  3
DAYS MAX <= 32      0                                  0
DAYS MIN <= 32      0                                  0
DAYS MIN <= 0       0                                  0

PRECIPITATION (INCHES)
RECORD
 MAXIMUM         0.74   1976
 MINIMUM         0.00   1948
TOTALS              T              0.05   -0.05        T
DAILY AVG.          T              0.00    0.00        T
DAYS >= .01         0                                  0
DAYS >= .10         0                                  0
DAYS >= .50         0                                  0
DAYS >= 1.00        0                                  0
GREATEST
 24 HR. TOTAL       T   08/04 TO 08/04           08/29 TO 08/29
                                                          08/31 TO 08/31
                                                          08/31 TO 08/31

DEGREE_DAYS
HEATING TOTAL      20                57     -37        0
 SINCE 7/1         56               140     -84        2
COOLING TOTAL      15                28     -13      123
 SINCE 1/1         98                80      18      222
..................................................

WIND (MPH)
AVERAGE WIND SPEED              10.3
RESULTANT WIND SPEED/DIRECTION   9/285
HIGHEST WIND SPEED/DIRECTION    23/300    DATE  08/03
HIGHEST GUST SPEED/DIRECTION    30/220    DATE  08/21

SKY COVER
POSSIBLE SUNSHINE (PERCENT)   MM
AVERAGE SKY COVER           0.60
NUMBER OF DAYS FAIR            0
NUMBER OF DAYS PC             29
NUMBER OF DAYS CLOUDY          2

AVERAGE RH (PERCENT)     74

WEATHER CONDITIONS. NUMBER OF DAYS WITH
THUNDERSTORM              0     MIXED PRECIP               0
HEAVY RAIN                0     RAIN                       0
LIGHT RAIN                1     FREEZING RAIN              0
LT FREEZING RAIN          0     HAIL                       0
HEAVY SNOW                0     SNOW                       0
LIGHT SNOW                0     SLEET                      0
FOG                       4     FOG W/VIS <= 1/4 MILE      0
HAZE                      2

-  INDICATES NEGATIVE NUMBERS.
R  INDICATES RECORD WAS SET OR TIED.
MM INDICATES DATA IS MISSING.
T  INDICATES TRACE AMOUNT.

$$
