000
CXUS56 KMTR 011539
CLMOAK


CLIMATE REPORT
NATIONAL WEATHER SERVICE SAN FRANCISCO BAY AREA
739 AM PST MON FEB 1 2016

...................................

...THE OAKLAND AIRPORT CLIMATE SUMMARY FOR THE MONTH OF JANUARY 2016...

CLIMATE NORMAL PERIOD 1981 TO 2010
CLIMATE RECORD PERIOD 1948 TO 2016

WEATHER         OBSERVED          NORMAL  DEPART  LAST YEAR`S
                 VALUE   DATE(S)  VALUE   FROM    VALUE  DATE(S)
                                          NORMAL
................................................................
TEMPERATURE (F)
RECORD
 HIGH              77   MM
 LOW               28   01/17/2012
HIGHEST            63   01/27                         73  01/31
                        01/18
LOWEST             35   01/01                         32  01/03
                                                          01/02
AVG. MAXIMUM     58.7              56.9     1.8     60.5
AVG. MINIMUM     47.4              41.7     5.7     41.6
MEAN             53.0                               51.1
DAYS MAX >= 90      0                                  0
DAYS MAX <= 32      0                                  0
DAYS MIN <= 32      0                                  2
DAYS MIN <= 0       0                                  0

PRECIPITATION (INCHES)
RECORD
 MAXIMUM         8.90   1967
 MINIMUM            T   2015
TOTALS           5.22              3.99    1.23        T
DAILY AVG.       0.17              0.13    0.04        T
DAYS >= .01        15                                  0
DAYS >= .10         9                                  0
DAYS >= .50         5                                  0
DAYS >= 1.00        0                                  0
GREATEST
 24 HR. TOTAL    0.92   01/17 TO 01/18           01/19 TO 01/20
                                                          01/31 TO 01/31
                                                          01/31 TO 01/31

DEGREE_DAYS
HEATING TOTAL     363               487    -124      423
 SINCE 7/1       1247              1659    -412     1062
COOLING TOTAL       0                 0       0        0
 SINCE 1/1          0                 0       0        0
..................................................

WIND (MPH)
AVERAGE WIND SPEED              7.5
RESULTANT WIND SPEED/DIRECTION   1/154
HIGHEST WIND SPEED/DIRECTION    35/150    DATE  01/06
HIGHEST GUST SPEED/DIRECTION    39/160    DATE  01/06

SKY COVER
POSSIBLE SUNSHINE (PERCENT)   MM
AVERAGE SKY COVER           0.80
NUMBER OF DAYS FAIR            1
NUMBER OF DAYS PC             12
NUMBER OF DAYS CLOUDY         18

AVERAGE RH (PERCENT)     76

WEATHER CONDITIONS. NUMBER OF DAYS WITH
THUNDERSTORM              0     MIXED PRECIP               0
HEAVY RAIN                6     RAIN                      10
LIGHT RAIN               19     FREEZING RAIN              0
LT FREEZING RAIN          0     HAIL                       0
HEAVY SNOW                0     SNOW                       0
LIGHT SNOW                0     SLEET                      0
FOG                      20     FOG W/VIS <= 1/4 MILE      0
HAZE                      4

-  INDICATES NEGATIVE NUMBERS.
R  INDICATES RECORD WAS SET OR TIED.
MM INDICATES DATA IS MISSING.
T  INDICATES TRACE AMOUNT.

$$
