000
CXUS56 KSGX 012001
CLMOKB


CLIMATE REPORT
NATIONAL WEATHER SERVICE SAN DIEGO, CA
1201 PM PST THU JAN 1 2015

...................................

...THE OCEANSIDE AIRPORT CA CLIMATE SUMMARY FOR THE MONTH OF DECEMBER 2014...

CLIMATE NORMAL PERIOD 1981 TO 2010
CLIMATE RECORD PERIOD 1999 TO 2014

WEATHER         OBSERVED          NORMAL  DEPART  LAST YEAR`S
                 VALUE   DATE(S)  VALUE   FROM    VALUE  DATE(S)
                                          NORMAL
................................................................
TEMPERATURE (F)
RECORD
 HIGH              86   12/07/2001
 LOW               25   12/23/2011
HIGHEST            79   12/07        MM      MM       84  12/16
LOWEST             31   12/28        MM      MM       29  12/14
AVG. MAXIMUM     67.1              65.3     1.8     69.6
AVG. MINIMUM     44.8              39.9     4.9     37.0
MEAN             55.9              52.6     3.3     53.3
DAYS MAX >= 90      0               0.0     0.0        0
DAYS MAX <= 32      0               0.0     0.0        0
DAYS MAX >= 100     0                                  0
DAYS MIN <= 32      3               1.7     1.3        6

PRECIPITATION (INCHES)
RECORD
 MAXIMUM         8.08   2010
 MINIMUM           MM   MM
TOTALS           3.69              2.15    1.54     0.36
DAILY AVG.       0.12              0.07    0.05     0.01
DAYS >= .01        10                MM      MM        2
DAYS >= .10         7                MM      MM        1
DAYS >= .50         4                MM      MM        0
DAYS >= 1.00        1                MM      MM        0
DAYS >= 1.50        0                                  0
DAYS >= 2.00        0                                  0
GREATEST
 24 HR. TOTAL    1.21   12/12 TO 12/13           12/19 TO 12/20
                                                          12/31 TO 12/31
                                                          12/31 TO 12/31
 STORM TOTAL       MM                                 MM
 (MM/DD(HH))            MM                    12/20(00) TO 12/20(00)
                                                 12/31(00) TO 12/31(00)1
                                                 12/31(00) TO 12/31(00)1

SNOWFALL (INCHES)
TOTALS            0.0                MM      MM      0.0
SINCE 7/1         0.0                MM      MM      0.0
SNOWDEPTH AVG.      0

DEGREE_DAYS
HEATING TOTAL     275               384    -109      351
 SINCE 7/1        409               734    -325      650
COOLING TOTAL       0                 0       0        0
 SINCE 1/1        855               419     436      535

FREEZE DATES
RECORD
 EARLIEST     MM
 LATEST       MM
EARLIEST      12/26             MM
LATEST                          MM
..................................................

WIND (MPH)
AVERAGE WIND SPEED              3.5
RESULTANT WIND SPEED/DIRECTION   1/358
HIGHEST WIND SPEED/DIRECTION    22/020    DATE  12/31
HIGHEST GUST SPEED/DIRECTION    34/040    DATE  12/31

SKY COVER
POSSIBLE SUNSHINE (PERCENT)   MM
AVERAGE SKY COVER           0.30
NUMBER OF DAYS FAIR           21
NUMBER OF DAYS PC              5
NUMBER OF DAYS CLOUDY          5

AVERAGE RH (PERCENT)     71

WEATHER CONDITIONS. NUMBER OF DAYS WITH
THUNDERSTORM              0     MIXED PRECIP               0
HEAVY RAIN                6     RAIN                       8
LIGHT RAIN               11     FREEZING RAIN              0
LT FREEZING RAIN          0     HAIL                       0
HEAVY SNOW                0     SNOW                       0
LIGHT SNOW                0     SLEET                      0
FOG                      24     FOG W/VIS <= 1/4 MILE      7
HAZE                      8

-  INDICATES NEGATIVE NUMBERS.
R  INDICATES RECORD WAS SET OR TIED.
MM INDICATES DATA IS MISSING.
T  INDICATES TRACE AMOUNT.

$$
