000
CXUS56 KOTX 011910 CCA
CLMOMK

CLIMATE REPORT...CORRECTED
NATIONAL WEATHER SERVICE SPOKANE, WA
139 AM PDT MON AUG 1 2016

...................................

...THE OMAK WA AIRPORT CLIMATE SUMMARY FOR THE MONTH OF JULY 2016...

CLIMATE NORMAL PERIOD 1981 TO 2010
CLIMATE RECORD PERIOD 9999 TO 9999

WEATHER         OBSERVED          NORMAL  DEPART  LAST YEAR`S
                 VALUE   DATE(S)  VALUE   FROM    VALUE  DATE(S)
                                          NORMAL
................................................................
TEMPERATURE (F)
RECORD
 HIGH             109   07/27/1939
 LOW               35   07/02/1962
HIGHEST           101   07/29        MM      MM      104  07/31
                                                          07/03
LOWEST             46   07/05        MM      MM       48  07/28
AVG. MAXIMUM     85.8              88.1    -2.3     93.2
AVG. MINIMUM     57.0              57.3    -0.3     59.7
MEAN             71.4              72.7    -1.3     76.4
DAYS MAX >= 90      9              14.2    -5.2       18
DAYS MAX <= 32      0               0.0     0.0        0
DAYS MIN <= 32      0               0.0     0.0        0
DAYS MIN <= 0       0               0.0     0.0        0

PRECIPITATION (INCHES)
RECORD
 MAXIMUM         4.65   1992
 MINIMUM            T   2003
TOTALS           0.75              0.81   -0.06     0.26
DAILY AVG.       0.02              0.03   -0.01     0.01
DAYS >= .01         8                MM      MM        3
DAYS >= .10         3                MM      MM        1
DAYS >= .50         0                MM      MM        0
DAYS >= 1.00        0                MM      MM        0
GREATEST 24 HR.
TOTAL            0.23   07/21 TO 07/21           07/26 TO 07/26

DEGREE_DAYS
HEATING TOTAL       5                15     -10        0
 SINCE 7/1          5                15     -10        0
COOLING TOTAL     212               254     -42      363
 SINCE 1/1        374               361      13      674
.......................................................

WIND (MPH)
AVERAGE WIND SPEED              8.4
HIGHEST WIND SPEED/DIRECTION    35/010    DATE  07/31
HIGHEST GUST SPEED/DIRECTION    43/010    DATE  07/31

SKY COVER
POSSIBLE SUNSHINE (PERCENT)   MM
AVERAGE SKY COVER           0.20
NUMBER OF DAYS FAIR           21
NUMBER OF DAYS PC              9
NUMBER OF DAYS CLOUDY          1

AVERAGE RH (PERCENT)     44

WEATHER CONDITIONS. NUMBER OF DAYS WITH
THUNDERSTORM              8     MIXED PRECIP               0
HEAVY RAIN                2     RAIN                       3
LIGHT RAIN               14     FREEZING RAIN              0
LT FREEZING RAIN          0     HAIL                       0
HEAVY SNOW                0     SNOW                       0
LIGHT SNOW                0     SLEET                      0
FOG                       3     FOG W/VIS <= 1/4 MILE      0
HAZE                      1

-  INDICATES NEGATIVE NUMBERS.
R  INDICATES RECORD WAS SET OR TIED.
MM INDICATES DATA IS MISSING.
T  INDICATES TRACE AMOUNT.

$$
