000
CXUS51 KAKQ 011414
CLMORF


CLIMATE REPORT
NATIONAL WEATHER SERVICE WAKEFIELD, VA
1014 AM EDT TUE APR 1 2014

...................................

...THE NORFOLK VA CLIMATE SUMMARY FOR THE MONTH OF MARCH 2014...

CLIMATE NORMAL PERIOD 1981 TO 2010
CLIMATE RECORD PERIOD 1871 TO 2014

WEATHER         OBSERVED          NORMAL  DEPART  LAST YEAR`S
                 VALUE   DATE(S)  VALUE   FROM    VALUE  DATE(S)
                                          NORMAL
................................................................
TEMPERATURE (F)
RECORD
 HIGH              92   03/29/1907
 LOW               14   03/14/1888
HIGHEST            78   03/11        58      20       72  03/16
LOWEST             24   03/04        40     -16       27  03/05
                        03/03
AVG. MAXIMUM     55.5              58.2    -2.7     52.9
AVG. MINIMUM     36.9              40.5    -3.6     37.2
MEAN             46.2              49.4    -3.2     45.0
DAYS MAX >= 90      0               0.0     0.0        0
DAYS MAX <= 32      1               0.1     0.9        0
DAYS MIN <= 32      9               4.1     4.9        6
DAYS MIN <= 0       0               0.0     0.0        0

PRECIPITATION (INCHES)
RECORD
 MAXIMUM        10.36   1994
 MINIMUM         0.52   2006
TOTALS           3.82              3.68    0.14     2.50
DAILY AVG.       0.12              0.12    0.00     0.08
DAYS >= .01        12              10.6     1.4        9
DAYS >= .10         9               7.2     1.8        8
DAYS >= .50         4               2.4     1.6        2
DAYS >= 1.00        0               0.8    -0.8        0
GREATEST
 24 HR. TOTAL    0.80   03/07 TO 03/07

SNOWFALL (INCHES)
RECORDS
 TOTAL           14.0   5
                        0
                        -26215
TOTALS            2.3
SINCE 7/1        15.5               5.8     9.7      1.8
SNOWDEPTH AVG.      0                MM      MM        0
DAYS >= 1.0         1               0.0     1.0        0
GREATEST
 SNOW DEPTH         2   03/04                          0  MM
 24 HR TOTAL      2.3   MM                       03/24 TO 03/24
                                                          03/24 TO 03/24
                                                          03/24 TO 03/24

DEGREE_DAYS
HEATING TOTAL     574
 SINCE 7/1       3185              3061     124     2987
COOLING TOTAL       1                 6      -5        0
 SINCE 1/1          1                 7      -6        0
.....................................................

WIND (MPH)
AVERAGE WIND SPEED              12.0
HIGHEST WIND SPEED/DIRECTION    32/030    DATE  03/17
HIGHEST GUST SPEED/DIRECTION    43/360    DATE  03/07

SKY COVER
POSSIBLE SUNSHINE (PERCENT)   MM
AVERAGE SKY COVER           0.40

AVERAGE RH (PERCENT)     64

WEATHER CONDITIONS. NUMBER OF DAYS WITH
THUNDERSTORM              0     MIXED PRECIP               0
HEAVY RAIN                5     RAIN                       7
LIGHT RAIN               10     FREEZING RAIN              0
LT FREEZING RAIN          1     HAIL                       0
HEAVY SNOW                0     SNOW                       1
LIGHT SNOW                8     SLEET                      1
FOG                      15     FOG W/VIS <= 1/4 MILE      1
HAZE                      4

-  INDICATES NEGATIVE NUMBERS.
R  INDICATES RECORD WAS SET OR TIED.
MM INDICATES DATA IS MISSING.
T  INDICATES TRACE AMOUNT.

$$
