000
CXUS51 KBOX 011410
CLMORH
CLIMATE REPORT
NATIONAL WEATHER SERVICE BOSTON/NORTON MA
1010 AM EDT MON APR 01 2024
...................................
...THE WORCESTER MA CLIMATE SUMMARY FOR THE MONTH OF MARCH 2024...
CLIMATE NORMAL PERIOD 1991 TO 2020
CLIMATE RECORD PERIOD 1892 TO 2024
WEATHER OBSERVED NORMAL DEPART LAST YEAR`S
VALUE DATE(S) VALUE FROM VALUE
NORMAL
..............................................................
TEMPERATURE (F)
RECORD
HIGH 84 03/31/1998
03/29/1946
03/29/1945
LOW -6 03/04/1950
03/09/1943
HIGHEST 66 03/14 61
LOWEST 19 03/01 23
AVG. MAXIMUM 47.6 43.0 4.6
AVG. MINIMUM 32.5 26.0 6.5
MEAN 40.0 34.5 5.5
DAYS MAX >= 90 0 0.0 0.0
DAYS MAX <= 32 0 4.9 -4.9
DAYS MIN <= 32 15 23.5 -8.5
DAYS MIN <= 0 0 0.1 -0.1
PRECIPITATION (INCHES)
RECORD
MAXIMUM 11.13 1936
MINIMUM 0.04 1915
TOTALS 8.57 4.19 4.38
DAILY AVG. 0.28 0.14 0.14
DAYS >= .01 14 12.4 1.6
DAYS >= .10 12 7.1 4.9
DAYS >= .50 6 2.9 3.1
DAYS >= 1.00 3 1.1 1.9
GREATEST
24 HR. TOTAL 2.00 03/22 TO 03/23
SNOWFALL (INCHES)
RECORDS
MAXIMUM 44.1 1993
MINIMUM T MULTI-YEARS
TOTALS T 13.7 -13.7
LIQUID EQUIV T
SINCE 7/1 37.0 71.0 -34.0
DAYS >= TRACE 3 4.9 -1.9
DAYS >= 1.0 0 2.7 -2.7
GREATEST
24 HR TOTAL T 03/22 TO 03/22
03/20 TO 03/20
03/11 TO 03/11
DEGREE DAYS
HEATING TOTAL 768 946 -178
SINCE 7/1 4788 5696 -908
COOLING TOTAL 0 0 0
SINCE 1/1 0 0 0
..............................................................
WIND (MPH)
AVERAGE WIND SPEED 11.2
RESULTANT WIND SPEED/DIRECTION 5/310
HIGHEST WIND SPEED/DIRECTION 37/290 DATE 03/11
37/280 03/21
HIGHEST GUST SPEED/DIRECTION 58/290 DATE 03/11
SKY COVER
POSSIBLE SUNSHINE (PERCENT) MM
AVERAGE SKY COVER 0.56
NUMBER OF DAYS FAIR 10
NUMBER OF DAYS PC 10
NUMBER OF DAYS CLOUDY 11
AVERAGE RH (PERCENT) 65
WEATHER CONDITIONS. NUMBER OF DAYS WITH
THUNDERSTORM 0 MIXED PRECIP 0
HEAVY RAIN 5 RAIN 7
LIGHT RAIN 15 FREEZING RAIN 1
LT FREEZING RAIN 1 HAIL 0
HEAVY SNOW 0 SNOW 1
LIGHT SNOW 3 SLEET 0
FOG 17 FOG W/VIS <= 1/4 MILE 9
HAZE 2
- INDICATES NEGATIVE NUMBERS.
R INDICATES RECORD WAS SET OR TIED.
MM INDICATES DATA IS MISSING.
T INDICATES TRACE AMOUNT.
$$