000
CXUS53 KDDC 011333
CLMP28


CLIMATE REPORT
NATIONAL WEATHER SERVICE DODGE CITY KS
832 AM CDT WED JUL 1 2015

...................................

...THE MEDICINE LODGE KS CLIMATE SUMMARY FOR THE MONTH OF JUNE 2015...

CLIMATE NORMAL PERIOD 1981 TO 2010
CLIMATE RECORD PERIOD 1893 TO 2015

WEATHER         OBSERVED          NORMAL  DEPART  LAST YEAR`S
                 VALUE   DATE(S)  VALUE   FROM    VALUE  DATE(S)
                                          NORMAL
................................................................
TEMPERATURE (F)
RECORD
 HIGH             113   06/25/1911
 LOW               39   06/13/1903
HIGHEST           100   06/30        MM      MM       97  06/04
LOWEST             58   06/01        MM      MM       53  06/13
AVG. MAXIMUM     91.8              88.7     3.1     87.1
AVG. MINIMUM     66.5              64.6     1.9     65.3
MEAN             79.1              76.6     2.5     76.2
DAYS MAX >= 90     22              13.4     8.6       15
DAYS MAX <= 32      0               0.0     0.0        0
DAYS MIN <= 32      0               0.0     0.0        0
DAYS MIN <= 0       0               0.0     0.0        0

PRECIPITATION (INCHES)
RECORD
 MAXIMUM           MM   MM
 MINIMUM           MM   MM
TOTALS           2.26              4.11   -1.85     7.89
DAYS >= .01         5               9.4    -4.4       17
DAYS >= .10         3               6.2    -3.2       12
DAYS >= .50         3               3.6    -0.6        7
DAYS >= 1.00        0               1.3    -1.3        3
GREATEST
 24 HR. TOTAL    1.59   06/11 TO 06/12           06/06 TO 06/07
                                                          06/30 TO 06/30
                                                          06/30 TO 06/30

DEGREE_DAYS
HEATING TOTAL       0                 3      -3        0
 SINCE 7/1       4323              4458    -135     5023
COOLING TOTAL     432               353      79      342
 SINCE 1/1        539               509      30      611
.................................................

WIND (MPH)
AVERAGE WIND SPEED              8.8
HIGHEST WIND SPEED/DIRECTION    30/230    DATE  06/07
HIGHEST GUST SPEED/DIRECTION    40/180    DATE  06/14



-  INDICATES NEGATIVE NUMBERS.
R  INDICATES RECORD WAS SET OR TIED.
MM INDICATES DATA IS MISSING.
T  INDICATES TRACE AMOUNT.

$$
