000
CXUS54 KLZK 031019
CLMPBF


CLIMATE REPORT
NATIONAL WEATHER SERVICE LITTLE ROCK AR
510 AM CDT WED AUG 3 2016

...................................

...THE PINE BLUFF CLIMATE SUMMARY FOR THE MONTH OF JULY 2016...

CLIMATE NORMAL PERIOD 1981 TO 2010
CLIMATE RECORD PERIOD 1883 TO 2016

WEATHER         OBSERVED          NORMAL  DEPART  LAST YEAR`S
                 VALUE   DATE(S)  VALUE   FROM    VALUE  DATE(S)
                                          NORMAL
................................................................
TEMPERATURE (F)
RECORD
 HIGH             110   07/24/1924
                        07/23/1924
 LOW               56   07/07/1972
                        07/15/1967
                        07/23/1946
HIGHEST            99   07/23        92       7      100  07/29
                        07/22
LOWEST             69   07/15        72      -3       67  07/06
                        07/14
                        07/11
AVG. MAXIMUM     92.7              92.2     0.5     93.0
AVG. MINIMUM     73.4              71.9     1.5     74.2
MEAN             83.1              82.0     1.1     83.6
DAYS MAX >= 90     27              21.6     5.4       28
DAYS MAX <= 32      0               0.0     0.0        0
DAYS MIN <= 32      0               0.0     0.0        0
DAYS MIN <= 0       0               0.0     0.0        0

PRECIPITATION (INCHES)
RECORD
 MAXIMUM        14.16   1936
 MINIMUM         0.00   1886
TOTALS           2.85              3.93   -1.08     2.61
DAILY AVG.       0.09              0.13   -0.04     0.08
DAYS >= .01         9               9.4    -0.4        4
DAYS >= .10         5                                  4
DAYS >= .50         2                                  2
DAYS >= 1.00        1               1.2    -0.2        1
GREATEST
 24 HR. TOTAL    1.27   07/14 TO 07/14

SNOWFALL (INCHES)
TOTALS            0.0               0.0     0.0      0.0
 LIQUID EQUIV    0.00              0.00    0.00     0.00
SINCE 7/1         0.0               0.0     0.0      0.0
 LIQUID 7/1      0.00              0.00    0.00     0.00
SNOWDEPTH AVG.      0
DAYS >= TRACE       0               0.0     0.0        0
DAYS >= 1.0         0                                  0
GREATEST
 SNOW DEPTH         0   MM
 24 HR TOTAL      0.0

DEGREE_DAYS
HEATING TOTAL       0                 0       0        0
 SINCE 7/1          0                 0       0        0
COOLING TOTAL     565               528      37      584
 SINCE 1/1       1279              1257      22     1369

FREEZE DATES
RECORD
 EARLIEST     10/10/2000
 LATEST       04/25/1910
EARLIEST                        11/12
LATEST                          03/16
..................................................

WIND (MPH)
AVERAGE WIND SPEED              5.6
HIGHEST WIND SPEED/DIRECTION    45/300    DATE  07/15
HIGHEST GUST SPEED/DIRECTION    64/250    DATE  07/15

SKY COVER
POSSIBLE SUNSHINE (PERCENT)   MM
AVERAGE SKY COVER           0.20
NUMBER OF DAYS FAIR           27
NUMBER OF DAYS PC              4
NUMBER OF DAYS CLOUDY          0

AVERAGE RH (PERCENT)     76

WEATHER CONDITIONS. NUMBER OF DAYS WITH
THUNDERSTORM              0     MIXED PRECIP               0
HEAVY RAIN                5     RAIN                       6
LIGHT RAIN               14     FREEZING RAIN              0
LT FREEZING RAIN          0     HAIL                       0
HEAVY SNOW                0     SNOW                       0
LIGHT SNOW                0     SLEET                      0
FOG                      19     FOG W/VIS <= 1/4 MILE      1
HAZE                      1

-  INDICATES NEGATIVE NUMBERS.
R  INDICATES RECORD WAS SET OR TIED.
MM INDICATES DATA IS MISSING.
T  INDICATES TRACE AMOUNT.

&&

...DATA FOR PINE BLUFF FOR JULY 2016...

.SUMMARY...
JULY TEMPERATURES WERE A DEGREE ABOVE THE 30-YEAR AVERAGE. THE
WARMEST PERIOD WAS DURING THE 3RD WEEK. HOWEVER...THE MERCURY FAILED
TO CRACK 100 DEGREES DURING THE MONTH.

RAINFALL...THOUGH IT WAS FAIRLY WELL DISTRIBUTED DURING THE MONTH...
WAS BELOW AVERAGE.

.MONTHLY TEMPERATURES...
THE AVERAGE HIGH...LOW AND MONTHLY TEMPERATURES WERE THE COOLEST
SINCE 2014.

.DAILY TEMPERATURES...
ABOVE AVERAGE ON 19 DAYS...BELOW AVERAGE ON NINE DAYS...AND AVERAGE
ON THREE DAYS.

.TEMPERATURE RECORDS TIED OR BROKEN DURING THE MONTH...
NONE.

.MONTHLY RAINFALL...
EVEN THOUGH IT WAS THE WETTEST JULY IN FOUR YEARS...RAINFALL WAS
STILL BELOW AVERAGE FOR THE MONTH.

.DAILY RAINFALL RECORDS TIED OR BROKEN...
NONE.

.MISCELLANEOUS PHENOMENA...
WINDS GUSTED TO 64 MPH WITH THE PASSAGE OF A SEVERE THUNDERSTORM ON
JULY 15TH. THIS WAS THE STRONGEST WIND GUST SINCE JULY 31ST 2008...
AND MOST RECENTLY TIES 64 MPH ON MAY 21ST 1990 FOR THE 6TH HIGHEST
WIND GUST SINCE RECORDS BEGAN. WIND GUST RECORDS FOR PINE BLUFF BEGAN
IN 1948.

$$
