000
CXUS56 KPDT 011437
CLMPDT

CLIMATE REPORT
NATIONAL WEATHER SERVICE PENDLETON OREGON
734 AM PDT SAT APR 1 2017

....................................

...THE PENDLETON OR CLIMATE SUMMARY FOR THE MONTH OF MARCH 2017...

CLIMATE NORMAL PERIOD 1981 TO 2010
CLIMATE RECORD PERIOD 1934 TO 2017

WEATHER         OBSERVED          NORMAL  DEPART  LAST YEAR`S
                 VALUE   DATE(S)  VALUE   FROM    VALUE  DATE(S)
                                          NORMAL

................................................................

TEMPERATURE (F)
RECORD
 HIGH              80   3/29/2004
 LOW                1   3/ 1/1993
HIGHEST            72   3/14       68         4            69   3/31
LOWEST             31   3/ 6       25         6            25   3/18
AVG. MAXIMUM     54.6            55.2      -0.6          57.7
AVG. MINUMUM     37.0            34.9       2.1          35.5
MEAN             45.8            45.0       0.8          46.6
DAYS MAX >= 90      0               0         0             0
DAYS MAX <= 32      0               0         0             0
DAYS MIN <= 32      6              10        -4             8
DAYS MIN <= 0       0               0         0             8


PRECIPITATION (INCHES)
RECORD
 MAXIMUM          2.82   1983
 MINIMUM          0.24   1941
TOTALS            2.35            1.32      1.03          1.62
DAILY AVG.        0.08            0.04      0.04          0.05
DAYS >=  0.01       19              12         7            16
DAYS >=  0.10        9               4         5             6
DAYS >=  0.50        1               0         1             0
DAYS >=  1.00        0               0         0             0
GREATEST
 24 HR. TOTAL     0.53   3/24



SNOWFALL (INCHES)
RECORD
 MAXIMUM           4.9   1971
 MINIMUM           0.0   2015
TOTALS             0.3             0.7      -0.4             T
SINCE 7/1         44.4            15.2      29.2           4.1
DAYS >=  TRACE       4               1         3             3
DAYS >=  1.0         0               0         0             0
GREATEST
 24 HR. TOTAL      0.2   3/ 4


DEGREE DAYS
HEATING TOTAL      585             617       -32           562
 SINCE 7/1        4887            4510       377          4154
COOLING TOTAL        0               0         0             0
 SINCE 1/1           0               0         0             0

.............................................................

WIND (MPH)
AVERAGE WIND SPEED                     8.0
RESULTANT WIND SPEED/DIRECTION         5/207
HIGHEST WIND SPEED/DIRECTION          32/280      DATE          03/18
HIGHEST GUST SPEED/DIRECTION          39/280      DATE          03/18


WEATHER CONDITIONS. NUMBER OF DAYS WITH
THUNDERSTORM               0    MIXED PRECIP                           0
HEAVY RAIN                 1    RAIN                                   6
LIGHT RAIN                25    FREEZING RAIN                          0
LT FREEZING RAIN           0    HAIL                                   0
HEAVY SNOW                 0    SNOW                                   1
LIGHT SNOW                 4    SLEET                                  0
FOG                       18    FOG W/VIS <=1/4 MILE                   5
HAZE                       1

-  INDICATES NEGATIVE NUMBERS.
R  INDICATES RECORD WAS SET OR TIED.
MM INDICATES DATA IS MISSING.
T  INDICATES TRACE AMOUNT.

$$
