000
CXUS56 KPQR 011508
CLMPDX


CLIMATE REPORT
NATIONAL WEATHER SERVICE PORTLAND OREGON
808 AM PDT SAT OCT 1 2016

...................................

...THE PORTLAND OR CLIMATE SUMMARY FOR THE MONTH OF SEPTEMBER 2016...

CLIMATE NORMAL PERIOD 1981 TO 2010
CLIMATE RECORD PERIOD 1940 TO 2016

WEATHER         OBSERVED          NORMAL  DEPART  LAST YEAR`S
                 VALUE   DATE(S)  VALUE   FROM    VALUE  DATE(S)
                                          NORMAL
................................................................
TEMPERATURE (F)
HIGHEST            89                                 94  09/11
LOWEST             45                                 45  09/27
AVG. MAXIMUM     74.1              75.8    -1.7     74.6
AVG. MINIMUM     52.5              53.1    -0.6     53.4
MEAN             63.3              64.5    -1.2     64.0
DAYS MAX >= 90      0               1.6    -1.6        2
DAYS MAX <= 32      0               0.0     0.0        0
DAYS MIN <= 32      0               0.0     0.0        0
DAYS MIN <= 0       0               0.0     0.0        0

PRECIPITATION (INCHES)
RECORD
 MAXIMUM         5.62   2013
 MINIMUM            T   1993
                        1975
TOTALS           1.69              1.47    0.22     1.26
DAYS >= .01         6               6.7    -0.7        8
DAYS >= .10         3               3.3    -0.3        2
DAYS >= .50         2               0.8     1.2        1
DAYS >= 1.00        0               0.2    -0.2        0
GREATEST
 24 HR. TOTAL    0.88   09/17 TO 09/17

SNOWFALL (INCHES)
TOTALS            0.0
SINCE 7/1         0.0

DEGREE_DAYS
HEATING TOTAL      72                76      -4       76
 SINCE 7/1         78               103     -25       76
COOLING TOTAL      30                59     -29       51
 SINCE 1/1        548               422     126      780
.................................................................

WIND (MPH)
AVERAGE WIND SPEED              4.9
RESULTANT WIND SPEED/DIRECTION   2/308
HIGHEST WIND SPEED/DIRECTION    21/200    DATE  09/23
HIGHEST GUST SPEED/DIRECTION    27/200    DATE  09/23

SKY COVER
POSSIBLE SUNSHINE (PERCENT)   MM
AVERAGE SKY COVER           0.50
NUMBER OF DAYS FAIR           10
NUMBER OF DAYS PC             16
NUMBER OF DAYS CLOUDY          4

AVERAGE RH (PERCENT)     64

WEATHER CONDITIONS. NUMBER OF DAYS WITH
THUNDERSTORM              0     MIXED PRECIP               0
HEAVY RAIN                1     RAIN                       2
LIGHT RAIN               10     FREEZING RAIN              0
LT FREEZING RAIN          0     HAIL                       0
HEAVY SNOW                0     SNOW                       0
LIGHT SNOW                0     SLEET                      0
FOG                       9     FOG W/VIS <= 1/4 MILE      1
HAZE                      2

-  INDICATES NEGATIVE NUMBERS.
R  INDICATES RECORD WAS SET OR TIED.
MM INDICATES DATA IS MISSING.
T  INDICATES TRACE AMOUNT.

$$
