000
CXUS51 KPHI 011145
CLMPHL


CLIMATE REPORT
NATIONAL WEATHER SERVICE MOUNT HOLLY NJ
743 AM EDT FRI SEP 1 2017

...................................

...THE PHILADELPHIA CLIMATE SUMMARY FOR THE MONTH OF AUGUST 2017...

CLIMATE NORMAL PERIOD 1981 TO 2010
CLIMATE RECORD PERIOD 1872 TO 2017

WEATHER         OBSERVED          NORMAL  DEPART  LAST YEAR`S
                 VALUE   DATE(S)  VALUE   FROM    VALUE  DATE(S)
                                          NORMAL
................................................................
TEMPERATURE (F)
RECORD
 HIGH             106   08/07/1918
 LOW               44   08/29/1986
HIGHEST            92                94      -2       98
LOWEST             60                56       4       62
AVG. MAXIMUM     83.2              85.3    -2.1     89.7
AVG. MINIMUM     67.3              67.9    -0.6     72.4
MEAN             75.3              76.6    -1.3     81.0
DAYS MAX >= 90      4               6.2    -2.2       17
DAYS MAX <= 32      0               0.0     0.0        0
DAYS MIN <= 32      0               0.0     0.0        0
DAYS MIN <= 0       0               0.0     0.0        0

PRECIPITATION (INCHES)
RECORD
 MAXIMUM        19.31   2011
 MINIMUM         0.46   1896
TOTALS           6.05              3.50    2.55     1.70
DAILY AVG.       0.20              0.11    0.09     0.05
DAYS >= .01        10               8.4     1.6        5
DAYS >= .10         8               5.3     2.7        4
DAYS >= .50         5               2.3     2.7        2
DAYS >= 1.00        2               1.2     0.8        0
GREATEST
 24 HR. TOTAL    2.06   08/22 TO 08/22              0.60

SNOWFALL (INCHES)
RECORDS
 TOTAL             MM   5
 24 HR TOTAL       MM
TOTALS            0.0               0.0     0.0      0.0
SINCE 7/1         0.0               0.0     0.0      0.0
SNOWDEPTH AVG.      0                MM      MM        0
DAYS >= 1.0         0               0.0     0.0        0
GREATEST
 SNOW DEPTH         0   MM                             0  MM
 24 HR TOTAL      0.0   08/31 TO 08/31               0.0

DEGREE_DAYS
HEATING TOTAL       0                 1      -1        0
 SINCE 7/1          0                 1      -1        0
COOLING TOTAL     325               360     -35      505
 SINCE 1/1       1190              1117      73     1412
.................................................................

WIND (MPH)
AVERAGE WIND SPEED              7.0
HIGHEST WIND SPEED/DIRECTION    37/280    DATE  08/22
HIGHEST GUST SPEED/DIRECTION    47/270    DATE  08/22

SKY COVER
POSSIBLE SUNSHINE (PERCENT)   MM
AVERAGE SKY COVER           0.60
NUMBER OF DAYS FAIR            4
NUMBER OF DAYS PC             20
NUMBER OF DAYS CLOUDY          7

AVERAGE RH (PERCENT)     66

WEATHER CONDITIONS. NUMBER OF DAYS WITH
THUNDERSTORM              0     MIXED PRECIP               0
HEAVY RAIN                5     RAIN                       8
LIGHT RAIN               15     FREEZING RAIN              0
LT FREEZING RAIN          0     HEAVY SNOW                 0
SNOW                      0     LIGHT SNOW                 0
SLEET                     0     FOG                        9
FOG W/VIS <= 1/4 MILE     1     HAZE                       2

-  INDICATES NEGATIVE NUMBERS.
R  INDICATES RECORD WAS SET OR TIED.
MM INDICATES DATA IS MISSING.
T  INDICATES TRACE AMOUNT.

$$
