000
CXUS55 KPSR 010836
CLMPHX

PHXCLMPSR 000
TTAA00 KPSR 010834


CLIMATE REPORT
NATIONAL WEATHER SERVICE PHOENIX AZ
131 AM MST SAT APR 1 2017

...................................

...THE PHOENIX AZ CLIMATE SUMMARY FOR THE MONTH OF MARCH 2017...

CLIMATE NORMAL PERIOD 1981 TO 2010
CLIMATE RECORD PERIOD 1895 TO 2017

WEATHER         OBSERVED          NORMAL  DEPART
                 VALUE   DATE(S)  VALUE   FROM
                                          NORMAL
................................................
TEMPERATURE (F)
RECORD
 HIGH             100   03/26/1988
 LOW               25   03/04/1966
HIGHEST            96   03/20        90       6
                        03/19
LOWEST             45   03/01        43       2
AVG. MAXIMUM     83.9              76.9     7.0
AVG. MINIMUM     57.4              53.5     3.9
MEAN             70.7              65.2     5.5
DAYS MAX >= 90     10               1.5     8.5
DAYS MAX <= 32      0               0.0     0.0
DAYS MIN <= 32      0               0.0     0.0
DAYS MIN <= 0       0               0.0     0.0

PRECIPITATION (INCHES)
RECORD
 MAXIMUM         4.82   1941
 MINIMUM         0.00   2016
                        2008
                        1984
TOTALS           0.06              0.99   -0.93
DAYS >= .01         1               3.9    -2.9
DAYS >= .10         0               2.2    -2.2
DAYS >= .50         0               0.6    -0.6
DAYS >= 1.00        0               0.2    -0.2
GREATEST
 24 HR. TOTAL    0.06   03/23 TO 03/23

DEGREE_DAYS
HEATING TOTAL      23                81     -58
 SINCE 7/1        691               914    -223
COOLING TOTAL     205                87     118
 SINCE 1/1        225               104     121
.................................................

WIND (MPH)
AVERAGE WIND SPEED              6.8
HIGHEST GUST SPEED/DIRECTION    48/230    DATE  03/30

AVERAGE RH (PERCENT)     34

WEATHER CONDITIONS. NUMBER OF DAYS WITH
THUNDERSTORM              2     HEAVY RAIN                 0
RAIN                      0     LIGHT RAIN                 3
FOG W/VIS <= 1/4 MILE     0

-  INDICATES NEGATIVE NUMBERS.
R  INDICATES RECORD WAS SET OR TIED.
MM INDICATES DATA IS MISSING.
T  INDICATES TRACE AMOUNT.

$$
