000
CXUS51 KALY 010853
CLMPSF


CLIMATE REPORT
NATIONAL WEATHER SERVICE ALBANY NY
353 AM EST MON DEC 1 2014

...................................

...THE PITTSFIELD MA CLIMATE SUMMARY FOR THE MONTH OF NOVEMBER 2014...

CLIMATE NORMAL PERIOD 1981 TO 2010
CLIMATE RECORD PERIOD 9999 TO 9999

WEATHER         OBSERVED          NORMAL  DEPART  LAST YEAR`S
                 VALUE   DATE(S)  VALUE   FROM    VALUE  DATE(S)
                                          NORMAL
................................................................
TEMPERATURE (F)
HIGHEST            63   11/24                         65  11/01
LOWEST             11   11/29                          7  11/30
AVG. MAXIMUM     43.5              46.8    -3.3     43.8
AVG. MINIMUM     26.6              28.9    -2.3     25.2
MEAN             35.0              37.9    -2.9     34.5
DAYS MAX >= 90      0               0.0     0.0        0
DAYS MAX <= 32      6               2.2     3.8        6
DAYS MIN <= 32     22              20.2     1.8       22
DAYS MIN <= 0       0               0.0     0.0        0

PRECIPITATION (INCHES)
TOTALS           2.86              3.93   -1.07     3.29
DAILY AVG.       0.10              0.13   -0.03     0.11
DAYS >= .01        12                                 10
DAYS >= .10         5                                  6
DAYS >= .50         2                                  1
DAYS >= 1.00        1                                  1
GREATEST
 24 HR. TOTAL    1.03   11/26 TO 11/26
                        11/26 TO 11/27

DEGREE_DAYS
HEATING TOTAL     890               815      75      907
 SINCE 7/1       1622              1651     -29     1680
COOLING TOTAL       0                 0       0        0
 SINCE 1/1        238               290     -52      433

FREEZE DATES
EARLIEST                        10/04
LATEST                          05/07
.................................................................

WIND (MPH)
AVERAGE WIND SPEED              7.7
HIGHEST WIND SPEED/DIRECTION    28/280    DATE  11/21
HIGHEST GUST SPEED/DIRECTION    46/340    DATE  11/02

SKY COVER
AVERAGE SKY COVER           0.60

AVERAGE RH (PERCENT)     70

WEATHER CONDITIONS. NUMBER OF DAYS WITH
THUNDERSTORM              0     MIXED PRECIP               0
HEAVY RAIN                0     RAIN                       3
LIGHT RAIN                7     FREEZING RAIN              1
LT FREEZING RAIN          1     HAIL                       0
HEAVY SNOW                1     SNOW                       1
LIGHT SNOW               11     SLEET                      0
FOG                      14     FOG W/VIS <= 1/4 MILE      2
HAZE                      1

-  INDICATES NEGATIVE NUMBERS.
R  INDICATES RECORD WAS SET OR TIED.
MM INDICATES DATA IS MISSING.
T  INDICATES TRACE AMOUNT.

$$
