000
CXUS51 KALY 010837
CLMPSF


CLIMATE REPORT
NATIONAL WEATHER SERVICE ALBANY NY
433 AM EDT SAT JUL 1 2017

...................................

...THE PITTSFIELD MA CLIMATE SUMMARY FOR THE MONTH OF JUNE 2017...

CLIMATE NORMAL PERIOD 1981 TO 2010
CLIMATE RECORD PERIOD 9999 TO 9999

WEATHER         OBSERVED          NORMAL  DEPART  LAST YEAR`S
                 VALUE   DATE(S)  VALUE   FROM    VALUE  DATE(S)
                                          NORMAL
................................................................
TEMPERATURE (F)
HIGHEST            89   06/12                         86  06/20
LOWEST             40   06/02                         42  06/11
AVG. MAXIMUM     74.6              74.2     0.4     75.5
AVG. MINIMUM     53.0              52.8     0.2     51.6
MEAN             63.8              63.5     0.3     63.6
DAYS MAX >= 90      0               0.2    -0.2        0
DAYS MAX <= 32      0               0.0     0.0        0
DAYS MIN <= 32      0               0.1    -0.1        0
DAYS MIN <= 0       0               0.0     0.0        0

PRECIPITATION (INCHES)
TOTALS           4.00              4.40   -0.40     2.50
DAILY AVG.       0.13              0.15   -0.02     0.08
DAYS >= .01        11                                  8
DAYS >= .10         8                                  4
DAYS >= .50         2                                  1
DAYS >= 1.00        1                                  1
GREATEST
 24 HR. TOTAL    1.36   06/19 TO 06/19

DEGREE_DAYS
HEATING TOTAL     106               101       5       76
 SINCE 7/1       6780              7461    -681     6205
COOLING TOTAL      78                56      22       39
 SINCE 1/1         92                69      23       80

FREEZE DATES
EARLIEST      09/26             10/04
LATEST        05/04             05/07
.................................................................

WIND (MPH)
AVERAGE WIND SPEED              6.5
HIGHEST WIND SPEED/DIRECTION    30/180    DATE  06/19
HIGHEST GUST SPEED/DIRECTION    39/190    DATE  06/19

SKY COVER
AVERAGE SKY COVER           0.40

AVERAGE RH (PERCENT)     70

WEATHER CONDITIONS. NUMBER OF DAYS WITH
THUNDERSTORM              4     MIXED PRECIP               0
HEAVY RAIN                5     RAIN                       7
LIGHT RAIN               13     FREEZING RAIN              0
LT FREEZING RAIN          0     HAIL                       0
HEAVY SNOW                0     SNOW                       0
LIGHT SNOW                0     SLEET                      0
FOG                      19     FOG W/VIS <= 1/4 MILE      4
HAZE                      1

-  INDICATES NEGATIVE NUMBERS.
R  INDICATES RECORD WAS SET OR TIED.
MM INDICATES DATA IS MISSING.
T  INDICATES TRACE AMOUNT.

$$
