000
CXUS55 KPUB 021619
CLMPUB


CLIMATE REPORT
NATIONAL WEATHER SERVICE PUEBLO
917 AM MST TUE FEB 2 2016

...................................

...THE PUEBLO CO CLIMATE SUMMARY FOR THE MONTH OF JANUARY 2016...

CLIMATE NORMAL PERIOD 1981 TO 2010
CLIMATE RECORD PERIOD 1888 TO 2016

WEATHER         OBSERVED          NORMAL  DEPART  LAST YEAR`S
                 VALUE   DATE(S)  VALUE   FROM    VALUE  DATE(S)
                                          NORMAL
................................................................
TEMPERATURE (F)
RECORD
 HIGH              81   01/02/1997
 LOW              -29   01/28/1948
HIGHEST            72   01/30        47      25       73  01/27
LOWEST              2   01/11        13     -11       -8  01/01
                        01/01
AVG. MAXIMUM     49.0              47.0     2.0     49.3
AVG. MINIMUM     17.0              14.0     3.0     17.7
MEAN             33.0              30.5     2.5     33.5
DAYS MAX >= 90      0               0.0     0.0
DAYS MAX <= 32      2               4.5    -2.5
DAYS MIN <= 32     31              30.5     0.5
DAYS MIN <= 0       0               2.9    -2.9

PRECIPITATION (INCHES)
RECORD
 MAXIMUM         1.45   1948
 MINIMUM         0.00   1933
TOTALS           0.53              0.35    0.18     0.25
DAILY AVG.       0.02              0.01    0.01
DAYS >= .01         3               4.0    -1.0
DAYS >= .10         3               1.2     1.8
DAYS >= .50         0               0.0     0.0
DAYS >= 1.00        0               0.0     0.0
GREATEST
 24 HR. TOTAL    0.36   01/07 TO 01/08

SNOWFALL (INCHES)
RECORDS
 TOTAL           20.0   1948
TOTALS            6.5               6.5     0.0      4.5
SINCE 7/1        18.4              18.0     0.4     17.6
SNOWDEPTH AVG.      1
DAYS >= 1.0         2               1.9     0.1
GREATEST
 SNOW DEPTH         5   01/09                          4
                        01/08
 24 HR TOTAL      5.0   01/08 TO 01/08               4.1

DEGREE_DAYS
HEATING TOTAL     984              1069     -85      967
 SINCE 7/1       2805              3432    -627     3198
COOLING TOTAL       0                 0       0        0
 SINCE 1/1          0                 0       0        0
.................................................................

WIND (MPH)
AVERAGE WIND SPEED              6.3
HIGHEST WIND SPEED/DIRECTION    45/290    DATE  01/30
HIGHEST GUST SPEED/DIRECTION    54/300    DATE  01/30

SKY COVER
POSSIBLE SUNSHINE (PERCENT)   MM
AVERAGE SKY COVER           0.20
NUMBER OF DAYS FAIR           24
NUMBER OF DAYS PC              4
NUMBER OF DAYS CLOUDY          3

AVERAGE RH (PERCENT)     55

WEATHER CONDITIONS. NUMBER OF DAYS WITH
THUNDERSTORM              0     MIXED PRECIP               1
HEAVY RAIN                0     RAIN                       0
LIGHT RAIN                2     FREEZING RAIN              0
LT FREEZING RAIN          0     HAIL                       0
HEAVY SNOW                1     SNOW                       2
LIGHT SNOW                5     SLEET                      0
FOG                       7     FOG W/VIS <= 1/4 MILE      3
HAZE                      4

-  INDICATES NEGATIVE NUMBERS.
R  INDICATES RECORD WAS SET OR TIED.
MM INDICATES DATA IS MISSING.
T  INDICATES TRACE AMOUNT.

$$
