000
CXUS55 KPUB 011934
CLMPUB


CLIMATE REPORT
NATIONAL WEATHER SERVICE PUEBLO
129 PM MDT SAT OCT 1 2016

...................................

...THE PUEBLO CO CLIMATE SUMMARY FOR THE MONTH OF SEPTEMBER 2016...

CLIMATE NORMAL PERIOD 1981 TO 2010
CLIMATE RECORD PERIOD 1888 TO 2016

WEATHER         OBSERVED          NORMAL  DEPART  LAST YEAR`S
                 VALUE   DATE(S)  VALUE   FROM    VALUE  DATE(S)
                                          NORMAL
................................................................
TEMPERATURE (F)
RECORD
 HIGH             101   09/05/1995
 LOW               21   09/29/1999
HIGHEST            98   09/05        85      13       98  09/13
LOWEST             40   09/26        43      -3       47  09/21
                                                          09/20
AVG. MAXIMUM     87.5              81.6     5.9     89.3
AVG. MINIMUM     52.0              47.7     4.3     54.6
MEAN             69.8              64.7     5.1     71.9
DAYS MAX >= 90     13               6.4     6.6
DAYS MAX <= 32      0               0.0     0.0
DAYS MIN <= 32      0               0.6    -0.6
DAYS MIN <= 0       0               0.0     0.0

PRECIPITATION (INCHES)
RECORD
 MAXIMUM         3.93   1909
 MINIMUM            T   1956
                        1916
                        1892
TOTALS           0.05              0.77   -0.72     0.03
DAILY AVG.       0.00              0.03   -0.03
DAYS >= .01         2               5.6    -3.6
DAYS >= .10         0               2.4    -2.4
DAYS >= .50         0               0.3    -0.3
DAYS >= 1.00        0               0.0     0.0
GREATEST
 24 HR. TOTAL    0.04   09/14

SNOWFALL (INCHES)
RECORDS
 TOTAL           14.0   1959
TOTALS            0.0               0.3    -0.3      0.0
SINCE 7/1           T               0.3    -0.3      0.0
SNOWDEPTH AVG.      0
DAYS >= 1.0         0               0.1    -0.1
GREATEST
 SNOW DEPTH         0                                  0
 24 HR TOTAL      0.0                                0.0

DEGREE_DAYS
HEATING TOTAL      20                93     -73        0
 SINCE 7/1         20                98     -78        0
COOLING TOTAL     172                83      89      217
 SINCE 1/1       1337               894     443     1263
.................................................................

WIND (MPH)
AVERAGE WIND SPEED              8.1
HIGHEST WIND SPEED/DIRECTION    43/280    DATE  09/23
HIGHEST GUST SPEED/DIRECTION    54/280    DATE  09/23

SKY COVER
POSSIBLE SUNSHINE (PERCENT)   MM
AVERAGE SKY COVER           0.10
NUMBER OF DAYS FAIR           27
NUMBER OF DAYS PC              3
NUMBER OF DAYS CLOUDY          0

AVERAGE RH (PERCENT)     42

WEATHER CONDITIONS. NUMBER OF DAYS WITH
THUNDERSTORM              5     MIXED PRECIP               0
HEAVY RAIN                0     RAIN                       1
LIGHT RAIN                8     FREEZING RAIN              0
LT FREEZING RAIN          0     HAIL                       0
HEAVY SNOW                0     SNOW                       0
LIGHT SNOW                0     SLEET                      0
FOG                       0     FOG W/VIS <= 1/4 MILE      0
HAZE                      0

-  INDICATES NEGATIVE NUMBERS.
R  INDICATES RECORD WAS SET OR TIED.
MM INDICATES DATA IS MISSING.
T  INDICATES TRACE AMOUNT.

$$
