000
CXUS56 KOTX 011217
CLMPUW


CLIMATE REPORT
NATIONAL WEATHER SERVICE SPOKANE, WA
407 AM PST SUN MAR 1 2015

...................................

...THE PULLMAN-MOSCOW AIRPORT CLIMATE SUMMARY FOR THE MONTH OF FEBRUARY 2015...

CLIMATE NORMAL PERIOD 1981 TO 2010
CLIMATE RECORD PERIOD 9999 TO 9999

WEATHER         OBSERVED          NORMAL  DEPART  LAST YEAR`S
                 VALUE   DATE(S)  VALUE   FROM    VALUE  DATE(S)
                                          NORMAL
................................................................
TEMPERATURE (F)
RECORD
 HIGH              66   02/25/1986
 LOW              -24   02/02/1996
HIGHEST            60   02/06        MM      MM       51  02/12
LOWEST             22   02/22        MM      MM       -3  02/05
                                                          02/04
AVG. MAXIMUM     48.9              41.6     7.3     35.0
AVG. MINIMUM     33.5              28.1     5.4     22.2
MEAN             41.2              34.9     6.3     28.6
DAYS MAX >= 90      0               0.0     0.0        0
DAYS MAX <= 32      0               2.2    -2.2       10
DAYS MIN <= 32     14              19.8    -5.8       21
DAYS MIN <= 0       0               0.0     0.0        3

PRECIPITATION (INCHES)
RECORD
 MAXIMUM         6.10   1961
 MINIMUM         0.05   2005
TOTALS           2.14              1.52    0.62     2.53
DAILY AVG.       0.08              0.05    0.03     0.09
DAYS >= .01        13                MM      MM       20
DAYS >= .10         5                MM      MM        8
DAYS >= .50         1                MM      MM        0
DAYS >= 1.00        1                MM      MM        0
GREATEST
 24 HR. TOTAL    1.09   02/09 TO 02/09           02/23 TO 02/24

SNOWFALL (INCHES)
RECORDS
 TOTAL             MM
TOTALS             MM                MM      MM       MM
SINCE 7/1          MM                MM      MM       MM
SNOWDEPTH AVG.     MM                MM      MM       MM
DAYS >= 1.0        MM                MM      MM       MM
GREATEST
 SNOW DEPTH        MM                                 MM  MM
 24 HR TOTAL       MM                                 MM

DEGREE_DAYS
HEATING TOTAL     659               844    -185     1015
 SINCE 7/1       3831              4703    -872     4851
COOLING TOTAL       0                 0       0        0
 SINCE 1/1          0                 0       0        0
.....................................................

WIND (MPH)
AVERAGE WIND SPEED              7.5
HIGHEST WIND SPEED/DIRECTION    36/240    DATE  02/07
HIGHEST GUST SPEED/DIRECTION    49/240    DATE  02/07

SKY COVER
POSSIBLE SUNSHINE (PERCENT)   MM
AVERAGE SKY COVER           0.50
NUMBER OF DAYS FAIR           13
NUMBER OF DAYS PC              5
NUMBER OF DAYS CLOUDY         10

AVERAGE RH (PERCENT)     72

WEATHER CONDITIONS. NUMBER OF DAYS WITH
THUNDERSTORM              0     MIXED PRECIP               0
HEAVY RAIN                2     RAIN                       3
LIGHT RAIN               15     FREEZING RAIN              0
LT FREEZING RAIN          0     HAIL                       0
HEAVY SNOW                0     SNOW                       1
LIGHT SNOW                2     SLEET                      0
FOG                      14     FOG W/VIS <= 1/4 MILE      5
HAZE                      0

-  INDICATES NEGATIVE NUMBERS.
R  INDICATES RECORD WAS SET OR TIED.
MM INDICATES DATA IS MISSING.
T  INDICATES TRACE AMOUNT.

$$
