000
CXUS51 KBOX 021443
CLMPVD


CLIMATE REPORT
NATIONAL WEATHER SERVICE TAUNTON MA
1041 AM EDT WED JUL 2 2014

...................................

...THE PROVIDENCE RI CLIMATE SUMMARY FOR THE MONTH OF JUNE 2014...

CLIMATE NORMAL PERIOD 1981 TO 2010
CLIMATE RECORD PERIOD 1904 TO 2014

WEATHER         OBSERVED          NORMAL  DEPART  LAST YEAR`S
                 VALUE   DATE(S)  VALUE   FROM    VALUE
                                          NORMAL
.............................................................
TEMPERATURE (F)
RECORD
 HIGH              98   06/30/1945
                        06/15/1945
                        06/25/1943
 LOW               39   06/01/1945
HIGHEST            87   06/30
LOWEST             44   06/01
AVG. MAXIMUM     78.2              77.5     0.7
AVG. MINIMUM     57.3              58.4    -1.1
MEAN             67.8              68.0    -0.2     69.4
DAYS MAX >= 90      0               1.8    -1.8
DAYS MAX <= 32      0               0.0     0.0
DAYS MIN <= 32      0               0.0     0.0
DAYS MIN <= 0       0               0.0     0.0

PRECIPITATION (INCHES)
RECORD
 MAXIMUM        11.08   1982
 MINIMUM         0.04   1949
TOTALS           2.36              3.64   -1.28
DAYS >= .01         6              10.9    -4.9
DAYS >= .10         5               6.3    -1.3
DAYS >= .50         2               2.2    -0.2        7
DAYS >= 1.00        1               0.9     0.1
GREATEST
 24 HR. TOTAL    1.22   06/13 TO 06/13

SNOWFALL (INCHES)
RECORDS
 TOTAL            0.0   MM
 SNOW DEPTH         0   MM
TOTALS            0.0               0.0     0.0
SINCE 7/1        43.6              33.8     9.8
SNOWDEPTH AVG.      0
DAYS >= 1.0         0               0.0     0.0
GREATEST
 SNOW DEPTH         0   MM
 24 HR TOTAL      0.0   06/30 TO 06/30

DEGREE_DAYS
HEATING TOTAL      13                43     -30
 SINCE 7/1       5913              5618     295
COOLING TOTAL     103               132     -29
 SINCE 1/1        114               158     -44
..............................................................

WIND (MPH)
AVERAGE WIND SPEED              7.9
RESULTANT WIND SPEED/DIRECTION   2/219
HIGHEST WIND SPEED/DIRECTION    23/040    DATE  06/26
HIGHEST GUST SPEED/DIRECTION    31/310    DATE  06/18

SKY COVER
POSSIBLE SUNSHINE (PERCENT)   MM
AVERAGE SKY COVER           0.50
NUMBER OF DAYS FAIR            9
NUMBER OF DAYS PC             14
NUMBER OF DAYS CLOUDY          7

AVERAGE RH (PERCENT)     67

WEATHER CONDITIONS. NUMBER OF DAYS WITH
THUNDERSTORM              0     MIXED PRECIP               0
HEAVY RAIN                4     RAIN                       5
LIGHT RAIN               10     FREEZING RAIN              0
LT FREEZING RAIN          0     HAIL                       0
HEAVY SNOW                0     SNOW                       0
LIGHT SNOW                0     SLEET                      0
FOG                      10     FOG W/VIS <= 1/4 MILE      1
HAZE                      4

-  INDICATES NEGATIVE NUMBERS.
R  INDICATES RECORD WAS SET OR TIED.
MM INDICATES DATA IS MISSING.
T  INDICATES TRACE AMOUNT.

$$
