000
CXUS56 KSTO 032314
CLMRDD


CLIMATE REPORT
NATIONAL WEATHER SERVICE SACRAMENTO, CA
314 PM PST SAT DEC 3 2016

...................................

...THE REDDING AIRPORT CA CLIMATE SUMMARY FOR THE MONTH OF NOVEMBER 2016...

CLIMATE NORMAL PERIOD 1981 TO 2010
CLIMATE RECORD PERIOD 1986 TO 2016

WEATHER         OBSERVED          NORMAL  DEPART  LAST YEAR`S
                 VALUE   DATE(S)  VALUE   FROM    VALUE
                                          NORMAL
.............................................................
TEMPERATURE (F)
RECORD
 HIGH              88   11/13/1995
 LOW               22   11/29/2015
HIGHEST            80   11/09        MM      MM
LOWEST             34   11/24        MM      MM
AVG. MAXIMUM     63.3              62.5     0.8
AVG. MINIMUM     43.6              40.9     2.7
MEAN             53.4              51.7     1.7
DAYS MAX >= 90      0               0.0     0.0
DAYS MAX <= 32      0               0.0     0.0
DAYS MIN <= 32      0               2.8    -2.8
DAYS MIN <= 0       0               0.0     0.0

PRECIPITATION (INCHES)
RECORD
 MAXIMUM        10.11   1988
 MINIMUM         0.26   1995
TOTALS           4.92              4.48    0.44     1.38
DAYS >= .01        14
DAYS >= .10         6
DAYS >= .50         3
DAYS >= 1.00        2

SNOWFALL (INCHES)
RECORDS
 TOTAL             MM   MM
 24 HR TOTAL       MM
TOTALS            0.0                MM      MM
 LIQUID EQUIV    0.00                MM      MM
SINCE 7/1         0.0                MM      MM
 LIQUID 7/1      0.00
DAYS >= TRACE       0                MM      MM
DAYS >= 1.0         0                MM      MM
GREATEST
 SNOW DEPTH         0   MM
 24 HR TOTAL      0.0   11/29 TO 11/29
 STORM TOTAL       MM
 (MM/DD(HH))            MM

DEGREE_DAYS
HEATING TOTAL     340               400     -60
 SINCE 7/1        462               522     -60
COOLING TOTAL       0                 1      -1
 SINCE 1/1       2140              1847     293

FREEZE DATES
RECORD
 EARLIEST     MM
 LATEST       MM
EARLIEST      11/28             MM
LATEST                          MM
..............................................................

WIND (MPH)
AVERAGE WIND SPEED              3.0
HIGHEST WIND SPEED/DIRECTION    24/180    DATE  11/26
HIGHEST GUST SPEED/DIRECTION    34/170    DATE  11/26

SKY COVER
POSSIBLE SUNSHINE (PERCENT)   MM
AVERAGE SKY COVER           0.40
NUMBER OF DAYS FAIR           16
NUMBER OF DAYS PC              9
NUMBER OF DAYS CLOUDY          5

AVERAGE RH (PERCENT)     78

WEATHER CONDITIONS. NUMBER OF DAYS WITH
THUNDERSTORM              0     MIXED PRECIP               0
HEAVY RAIN                4     RAIN                       5
LIGHT RAIN               14     FREEZING RAIN              0
LT FREEZING RAIN          0     HAIL                       0
HEAVY SNOW                0     SNOW                       0
LIGHT SNOW                0     SLEET                      0
FOG                      20     FOG W/VIS <= 1/4 MILE      3
HAZE                      6

-  INDICATES NEGATIVE NUMBERS.
R  INDICATES RECORD WAS SET OR TIED.
MM INDICATES DATA IS MISSING.
T  INDICATES TRACE AMOUNT.

$$
