000
CXUS51 KPHI 011927
CLMRDG
CLIMATE REPORT
NATIONAL WEATHER SERVICE MOUNT HOLLY NJ
327 PM EDT MON APR 01 2024
...................................
...THE READING PA CLIMATE SUMMARY FOR THE MONTH OF MARCH 2024...
CLIMATE NORMAL PERIOD: 1991 TO 2020
CLIMATE RECORD PERIOD: 1869 TO 2024
WEATHER OBSERVED NORMAL DEPART LAST YEAR`S
VALUE DATE(S) VALUE FROM VALUE
NORMAL
..............................................................
TEMPERATURE (F)
RECORD
HIGH 88 03/30/1998
LOW -2 03/10/1984
HIGHEST 77 MM MM 66
LOWEST 25 MM MM 23
AVG. MAXIMUM 56.4 51.0 5.4 52.8
AVG. MINIMUM 37.4 31.9 5.5 33.5
MEAN 46.9 41.5 5.4 43.2
DAYS MAX >= 90 0 0.0 0.0 0
DAYS MAX <= 32 0 1.0 -1.0 0
DAYS MIN <= 32 6 17.4 -11.4 14
DAYS MIN <= 0 0 0.0 0.0 0
PRECIPITATION (INCHES)
RECORD
MAXIMUM 7.19 1913
MINIMUM 0.62 2006
TOTALS 5.52 3.53 1.99 2.53
DAILY AVG. 0.18 0.11 0.07 0.08
DAYS >= .01 11 10.7 0.3 12
DAYS >= .10 6 6.3 -0.3 5
DAYS >= .50 4 2.3 1.7 1
DAYS >= 1.00 2 0.6 1.4 0
GREATEST
24 HR. TOTAL 1.52 03/09 TO 03/09 0.89
SNOWFALL (INCHES)
TOTALS T
SINCE 7/1 17.8
SNOWDEPTH AVG. 0
DAYS >= 1.0 0
GREATEST
SNOW DEPTH 0
24 HR TOTAL MM
DEGREE DAYS
HEATING TOTAL 551 730 -179 668
SINCE 7/1 3882 4584 -702 MM
COOLING TOTAL 0 0 0 0
SINCE 1/1 0 0 0 MM
..............................................................
WIND (MPH)
AVERAGE WIND SPEED 8.4
HIGHEST WIND SPEED/DIRECTION 37/310 DATE 03/11
HIGHEST GUST SPEED/DIRECTION 53/280 DATE 03/10
SKY COVER
POSSIBLE SUNSHINE (PERCENT) MM
AVERAGE SKY COVER 0.46
NUMBER OF DAYS FAIR 12
NUMBER OF DAYS PC 12
NUMBER OF DAYS CLOUDY 7
AVERAGE RH (PERCENT) 60
WEATHER CONDITIONS. NUMBER OF DAYS WITH
THUNDERSTORM 0 MIXED PRECIP 0
HEAVY RAIN 4 RAIN 6
LIGHT RAIN 16 FREEZING RAIN 0
LT FREEZING RAIN 0 HEAVY SNOW 0
SNOW 0 LIGHT SNOW 2
SLEET 0 FOG 12
FOG W/VIS <= 1/4 MILE 1 HAZE 0
- INDICATES NEGATIVE NUMBERS.
R INDICATES RECORD WAS SET OR TIED.
MM INDICATES DATA IS MISSING.
T INDICATES TRACE AMOUNT.
$$