000
CXUS56 KPDT 011751 RRA
CLMRDM

CLIMATE REPORT
NATIONAL WEATHER SERVICE PENDLETON OREGON
1030 AM PDT MON AUG 01 2016

....................................

...THE REDMOND OR CLIMATE SUMMARY FOR THE MONTH OF JULY 2016...

CLIMATE NORMAL PERIOD 1981 TO 2010
CLIMATE RECORD PERIOD 1949 TO 2016

WEATHER         OBSERVED          NORMAL  DEPART  LAST YEAR`S
                 VALUE   DATE(S)  VALUE   FROM    VALUE  DATE(S)
                                          NORMAL

................................................................

TEMPERATURE (F)
RECORD
 HIGH             105   7/22/1959
 LOW               28   7/14/1962
HIGHEST           100   7/29       92         8           101   7/30
LOWEST             40   7/16       31         9            36   7/28
AVG. MAXIMUM     84.4            85.6      -1.2          87.0
AVG. MINUMUM     46.6            46.2       0.4          47.9
MEAN             65.5            65.9      -0.4          67.5
DAYS MAX >= 90      9              11        -2            13
DAYS MAX <= 32      0               2        -2             0
DAYS MIN <= 32      0               2        -2             0
DAYS MIN <= 0       0               2        -2             0


PRECIPITATION (INCHES)
RECORD
 MAXIMUM          3.73   1987
 MINIMUM          0.00   1988
TOTALS            0.64            0.53      0.11          0.44
DAILY AVG.        0.02            0.02      0.00          0.01
DAYS >=  0.01        6               3         3             4
DAYS >=  0.10        2               1         1             1
DAYS >=  0.50        0               0         0             0
DAYS >=  1.00        0               0         0             0
GREATEST
 24 HR. TOTAL     0.29   7/18



SNOWFALL (INCHES)
RECORD
 MAXIMUM           0.5   1987
 MINIMUM           0.0   2015
TOTALS             0.0             0.0       0.0           0.0
SINCE 7/1          0.0             0.0       0.0           0.0
DAYS >=  TRACE                       0         0
DAYS >=  1.0         0               0         0             0
GREATEST
 24 HR. TOTAL      0.0   7/31


DEGREE DAYS
HEATING TOTAL       49              68       -19            48
 SINCE 7/1          49              68       -19            48
COOLING TOTAL       76             100       -24           134
 SINCE 1/1         143             122        21           250

.............................................................

WIND (MPH)
AVERAGE WIND SPEED                     6.8
RESULTANT WIND SPEED/DIRECTION         4/280
HIGHEST WIND SPEED/DIRECTION          28/290      DATE          07/21
HIGHEST GUST SPEED/DIRECTION          35/300      DATE          07/21


WEATHER CONDITIONS. NUMBER OF DAYS WITH
THUNDERSTORM               3    MIXED PRECIP                        0
HEAVY RAIN                 0    RAIN                                2
LIGHT RAIN                 7    FREEZING RAIN                       0
LT FREEZING RAIN           0    HAIL                                0
HEAVY SNOW                 0    SNOW                                0
LIGHT SNOW                 0    SLEET                               0
FOG                        1    FOG W/VIS <=1/4 MILE                0
HAZE                       1

-  INDICATES NEGATIVE NUMBERS.
R  INDICATES RECORD WAS SET OR TIED.
MM INDICATES DATA IS MISSING.
T  INDICATES TRACE AMOUNT.

$$
