000
CXUS56 KPDT 011635
CLMRDM

CLIMATE REPORT
NATIONAL WEATHER SERVICE PENDLETON OREGON
921 AM PDT SUN MAY 01 2016

....................................

...THE REDMOND OR CLIMATE SUMMARY FOR THE MONTH OF APRIL 2016...

CLIMATE NORMAL PERIOD 1981 TO 2010
CLIMATE RECORD PERIOD 1949 TO 2016

WEATHER         OBSERVED          NORMAL  DEPART  LAST YEAR`S
                 VALUE   DATE(S)  VALUE   FROM    VALUE  DATE(S)
                                          NORMAL

................................................................

TEMPERATURE (F)
RECORD
 HIGH              89   4/29/1968
 LOW               10   4/18/1972
HIGHEST            83   4/19       74         9            78   4/27
LOWEST             24   4/26       15         9            16   4/ 3
AVG. MAXIMUM     67.8            59.6       8.2          60.5
AVG. MINUMUM     32.4            29.1       3.3          25.3
MEAN             50.1            44.4       5.7          42.9
DAYS MAX >= 90      0               0         0             0
DAYS MAX <= 32      0               2        -2             0
DAYS MIN <= 32     15              20        -5            29
DAYS MIN <= 0       0               2        -2            29


PRECIPITATION (INCHES)
RECORD
 MAXIMUM          1.99   2005
 MINIMUM             T   1968
TOTALS            0.29            0.73     -0.44          0.15
DAILY AVG.        0.01            0.02     -0.01          0.01
DAYS >=  0.01        6               7        -1             6
DAYS >=  0.10        1               2        -1             0
DAYS >=  0.50        0               0         0             0
DAYS >=  1.00        0               0         0             0
GREATEST
 24 HR. TOTAL     0.12   4/14



SNOWFALL (INCHES)
RECORD
 MAXIMUM           8.9   1967
 MINIMUM           0.0   2000
TOTALS             0.0             0.3      -0.3             T
SINCE 7/1          8.6            16.7      -8.1           5.3
DAYS >=  TRACE                       0         0             2
DAYS >=  1.0         0               0         0             0
GREATEST
 24 HR. TOTAL      0.0   4/30


DEGREE DAYS
HEATING TOTAL      440             620      -180           657
 SINCE 7/1        5440            6101      -661          5346
COOLING TOTAL        0               0         0             0
 SINCE 1/1           0               0         0             0

.............................................................

WIND (MPH)
AVERAGE WIND SPEED                     6.8
RESULTANT WIND SPEED/DIRECTION         4/271
HIGHEST WIND SPEED/DIRECTION          29/300      DATE          04/23
HIGHEST GUST SPEED/DIRECTION          35/290      DATE          04/23


WEATHER CONDITIONS. NUMBER OF DAYS WITH
THUNDERSTORM               1    MIXED PRECIP                        0
HEAVY RAIN                 0    RAIN                                4
LIGHT RAIN                 9    FREEZING RAIN                       0
LT FREEZING RAIN           0    HAIL                                0
HEAVY SNOW                 0    SNOW                                0
LIGHT SNOW                 0    SLEET                               0
FOG                        5    FOG W/VIS <=1/4 MILE                0
HAZE                      10

-  INDICATES NEGATIVE NUMBERS.
R  INDICATES RECORD WAS SET OR TIED.
MM INDICATES DATA IS MISSING.
T  INDICATES TRACE AMOUNT.

$$
