000
CXUS56 KPDT 011853
CLMRDM

CLIMATE REPORT
NATIONAL WEATHER SERVICE PENDLETON OREGON
1048 AM PST SUN FEB 01 2015

....................................

...THE REDMOND OR CLIMATE SUMMARY FOR THE MONTH OF JANUARY 2015...

CLIMATE NORMAL PERIOD 1981 TO 2010
CLIMATE RECORD PERIOD 1949 TO 2015

WEATHER         OBSERVED          NORMAL  DEPART  LAST YEAR`S
                 VALUE   DATE(S)  VALUE   FROM    VALUE  DATE(S)
                                          NORMAL

................................................................

TEMPERATURE (F)
RECORD
 HIGH              67   1/30/1989
 LOW              -27   1/22/1962
HIGHEST            69   1/25       55        14            62   1/17
LOWEST             -2   1/ 1        5        -7             8   1/ 4
AVG. MAXIMUM     48.1            42.4       5.7          47.5
AVG. MINUMUM     26.9            23.1       3.8          21.9
MEAN             37.5            32.8       4.7          34.7
DAYS MAX >= 90      0               0         0             0
DAYS MAX <= 32      1               6        -5             2
DAYS MIN <= 32     27              26         1            28
DAYS MIN <= 0       1               3        -2            28


PRECIPITATION (INCHES)
RECORD
 MAXIMUM          3.07   1970
 MINIMUM          0.13   1984
TOTALS            0.28            0.97     -0.69          0.52
DAILY AVG.        0.01            0.03     -0.02          0.02
DAYS >=  0.01        4               8        -4             6
DAYS >=  0.10        2               3        -1             3
DAYS >=  0.50        0               0         0             0
DAYS >=  1.00        0               0         0             0
GREATEST
 24 HR. TOTAL     0.11   1/17



SNOWFALL (INCHES)
RECORD
 MAXIMUM          28.8   1950
 MINIMUM             T   2014
TOTALS             0.2             4.1      -3.9             T
SINCE 7/1          5.3            11.8      -6.5           1.3
DAYS >=  TRACE       3               2         1             3
DAYS >=  1.0         0               1         0             0
GREATEST
 24 HR. TOTAL      0.2   1/ 8


DEGREE DAYS
HEATING TOTAL      847             999      -152           935
 SINCE 7/1        3391            3842      -451          3830
COOLING TOTAL        0               0         0             0
 SINCE 1/1           0               0         0             0

.............................................................

WIND (MPH)
AVERAGE WIND SPEED                     3.8
RESULTANT WIND SPEED/DIRECTION         2/202
HIGHEST WIND SPEED/DIRECTION          24/290      DATE          01/18
HIGHEST GUST SPEED/DIRECTION          32/190      DATE          01/17


WEATHER CONDITIONS. NUMBER OF DAYS WITH
THUNDERSTORM               0    MIXED PRECIP                       0
HEAVY RAIN                 0    RAIN                               0
LIGHT RAIN                 6    FREEZING RAIN                      0
LT FREEZING RAIN           0    HAIL                               0
HEAVY SNOW                 0    SNOW                               0
LIGHT SNOW                 3    SLEET                              0
FOG                       14    FOG W/VIS <=1/4 MILE               9
HAZE                       0

-  INDICATES NEGATIVE NUMBERS.
R  INDICATES RECORD WAS SET OR TIED.
MM INDICATES DATA IS MISSING.
T  INDICATES TRACE AMOUNT.

$$
