000
CXUS53 KGRB 010832
CLMRHI


CLIMATE REPORT
NATIONAL WEATHER SERVICE GREEN BAY
231 AM CST WED FEB 1 2017

...................................

...THE RHINELANDER WI CLIMATE SUMMARY FOR THE MONTH OF JANUARY 2017...

CLIMATE NORMAL PERIOD 1981 TO 2010
CLIMATE RECORD PERIOD 1908 TO 2017

WEATHER         OBSERVED          NORMAL  DEPART  LAST YEAR`S
                 VALUE   DATE(S)  VALUE   FROM    VALUE  DATE(S)
                                          NORMAL
................................................................
TEMPERATURE (F)
RECORD
 HIGH              53   01/25/1981
 LOW              -41   01/28/1915
HIGHEST            43   01/19        39       4       41  01/30
LOWEST            -20   01/13       -26       6      -20  01/11
                        01/06
AVG. MAXIMUM     25.4              21.3     4.1     22.5
AVG. MINIMUM      9.7               3.2     6.5      7.2
MEAN             17.6              12.2     5.4     14.8
DAYS MAX >= 90      0               0.0     0.0        0
DAYS MAX <= 32     21              26.4    -5.4       26
DAYS MIN <= 32     28              30.8    -2.8       31
DAYS MIN <= 0      10              12.4    -2.4       11

PRECIPITATION (INCHES)
RECORD
 MAXIMUM         3.54   1950
 MINIMUM         0.14   1985
TOTALS           1.93              1.11    0.82     0.76
DAILY AVG.       0.06              0.04    0.02     0.02
DAYS >= .01        13                MM      MM       14
DAYS >= .10         5                MM      MM        2
DAYS >= .50         1                MM      MM        0
DAYS >= 1.00        0                MM      MM        0
GREATEST
 STORM TOTAL       MM
 (MM/DD(HH))            MM

SNOWFALL (INCHES)
RECORDS
 TOTAL           31.5   1935
TOTALS           17.1                MM      MM      7.4
SINCE 7/1        43.3                MM      MM     24.2
DAYS >= TRACE      15                MM      MM       22
DAYS >= 1.0         5                MM      MM        2
GREATEST
 SNOW DEPTH        20   01/11                         10  01/30
                                                          01/29
                                                          01/28
 24 HR TOTAL      7.0   01/10 TO 01/10

DEGREE_DAYS
HEATING TOTAL    1465              1635    -170     1550
 SINCE 7/1       4397              5261    -864     4376
COOLING TOTAL       0                 0       0        0
 SINCE 1/1          0                 0       0        0
.................................................................

WIND (MPH)
AVERAGE WIND SPEED              7.3
HIGHEST WIND SPEED/DIRECTION    33/280    DATE  01/10
HIGHEST GUST SPEED/DIRECTION    42/280    DATE  01/10

SKY COVER
POSSIBLE SUNSHINE (PERCENT)   MM
AVERAGE SKY COVER           0.70
NUMBER OF DAYS FAIR            7
NUMBER OF DAYS PC              6
NUMBER OF DAYS CLOUDY         18

AVERAGE RH (PERCENT)     79

WEATHER CONDITIONS. NUMBER OF DAYS WITH
THUNDERSTORM              0     MIXED PRECIP               0
HEAVY RAIN                0     RAIN                       0
LIGHT RAIN                2     FREEZING RAIN              0
LT FREEZING RAIN          2     HAIL                       0
HEAVY SNOW                1     SNOW                       4
LIGHT SNOW               15     SLEET                      0
FOG                      25     FOG W/VIS <= 1/4 MILE      6
HAZE                     17

-  INDICATES NEGATIVE NUMBERS.
R  INDICATES RECORD WAS SET OR TIED.
MM INDICATES DATA IS MISSING.
T  INDICATES TRACE AMOUNT.

$$
