000
CXUS51 KBUF 011146
CLMROC


CLIMATE REPORT
NATIONAL WEATHER SERVICE BUFFALO NY
745 AM EDT SAT AUG 1 2015

...................................

...THE ROCHESTER NY CLIMATE SUMMARY FOR THE MONTH OF JULY 2015...

CLIMATE NORMAL PERIOD 1981 TO 2010
CLIMATE RECORD PERIOD 1871 TO 2015

WEATHER         OBSERVED          NORMAL  DEPART  LAST YEAR`S
                 VALUE   DATE(S)  VALUE   FROM    VALUE  DATE(S)
                                          NORMAL
................................................................
TEMPERATURE (F)
RECORD
 HIGH             102   07/10/1936
                        07/09/1936
 LOW               42   07/09/1963
HIGHEST            91   07/29                         89  07/01
LOWEST             50   07/16                         52  07/25
                        07/03                             07/05
AVG. MAXIMUM     80.7              81.0    -0.3     78.5
AVG. MINIMUM     61.0              60.7     0.3     60.0
MEAN             70.9              70.8     0.1     69.3
DAYS MAX >= 90      1               2.3    -1.3        0
DAYS MAX <= 32      0               0.0     0.0        0
DAYS MIN <= 32      0               0.0     0.0        0
DAYS MIN <= 0       0               0.0     0.0        0

PRECIPITATION (INCHES)
RECORD
 MAXIMUM         9.70   1947
 MINIMUM         0.43   1933
TOTALS           3.56              3.33    0.23     7.70
DAYS >= .01        12                                 13
DAYS >= .10         8                                 10
DAYS >= .50         2                                  4
DAYS >= 1.00        1                                  3
GREATEST
 24 HR. TOTAL    1.56   07/17 TO 07/18

SNOWFALL (INCHES)
RECORDS
 TOTAL             MM   MM
TOTALS            0.0               0.0     0.0      0.0
SINCE 7/1         0.0               0.0     0.0      0.0
SNOWDEPTH AVG.      0                MM      MM        0
DAYS >= 1.0         0               0.0     0.0        0
GREATEST
 SNOW DEPTH         0   MM                             0  MM
 24 HR TOTAL      0.0   MM

DEGREE_DAYS
HEATING TOTAL      11                12      -1        7
 SINCE 7/1         11                12      -1        7
COOLING TOTAL     200               193       7      150
 SINCE 1/1        397               329      68      339
..................................................

WIND (MPH)
AVERAGE WIND SPEED              6.9
HIGHEST WIND SPEED/DIRECTION    33/300
HIGHEST GUST SPEED/DIRECTION    44/290    DATE  07/31

SKY COVER
POSSIBLE SUNSHINE (PERCENT)   MM
AVERAGE SKY COVER           0.50
NUMBER OF DAYS FAIR            6
NUMBER OF DAYS PC             20
NUMBER OF DAYS CLOUDY          5

AVERAGE RH (PERCENT)     68

WEATHER CONDITIONS. NUMBER OF DAYS WITH
THUNDERSTORM              2     MIXED PRECIP               0
HEAVY RAIN                5     RAIN                       4
LIGHT RAIN               14     FREEZING RAIN              0
LT FREEZING RAIN          0     HAIL                       0
HEAVY SNOW                0     SNOW                       0
LIGHT SNOW                0     SLEET                      0
FOG                      18     FOG W/VIS <= 1/4 MILE      0
HAZE                      0

-  INDICATES NEGATIVE NUMBERS.
R  INDICATES RECORD WAS SET OR TIED.
MM INDICATES DATA IS MISSING.
T  INDICATES TRACE AMOUNT.

$$
