000
CXUS55 KCYS 082117
CLMRWL


CLIMATE REPORT
NATIONAL WEATHER SERVICE CHEYENNE WY
216 PM MST MON DEC 8 2014

...................................

...THE RAWLINS WY AIRPORT CLIMATE SUMMARY FOR THE MONTH OF NOVEMBER 2014...

CLIMATE NORMAL PERIOD 1981 TO 2010
CLIMATE RECORD PERIOD 1951 TO 2014

WEATHER         OBSERVED          NORMAL  DEPART  LAST YEAR`S
                 VALUE   DATE(S)  VALUE   FROM    VALUE
                                          NORMAL
.............................................................
TEMPERATURE (F)
RECORD
 HIGH              70   11/14/1999
                        11/06/1999
 LOW              -24   11/13/2014
HIGHEST            66   11/01        MM      MM       57
LOWEST            -24R  11/13        MM      MM      -13
AVG. MAXIMUM     40.2              40.6    -0.4     42.9
AVG. MINIMUM     19.1              19.6    -0.5     20.3
MEAN             29.7              30.1    -0.4     31.6
DAYS MAX >= 90      0               0.0                0
DAYS MAX <= 32      8               7.5                6
DAYS MIN <= 32     24              26.2               26
DAYS MIN <= 0       5               1.6                2

PRECIPITATION (INCHES)
RECORD
 MAXIMUM         2.04   1983
 MINIMUM         0.03   1976
TOTALS           0.70              0.55    0.15     0.17
DAYS >= .01        10               6.9     3.1        4
DAYS >= .10         2               2.1    -0.1        1
DAYS >= .50         0               0.0     0.0        0
DAYS >= 1.00        0               0.0     0.0        0
GREATEST
 24 HR. TOTAL    0.29   11/02 TO 11/03

DEGREE_DAYS
HEATING TOTAL    1053              1047       6      995
 SINCE 7/1       1891              2106    -215     1984
COOLING TOTAL       0                 0       0        0
 SINCE 1/1        211               186      25      371
..............................................................

WIND (MPH)
AVERAGE WIND SPEED              16.0
HIGHEST WIND SPEED/DIRECTION    45/250    DATE  11/25
HIGHEST GUST SPEED/DIRECTION    60/240    DATE  11/25

SKY COVER
POSSIBLE SUNSHINE (PERCENT)   MM
AVERAGE SKY COVER           0.30
NUMBER OF DAYS FAIR           15
NUMBER OF DAYS PC             11
NUMBER OF DAYS CLOUDY          3

AVERAGE RH (PERCENT)     60

WEATHER CONDITIONS. NUMBER OF DAYS WITH
THUNDERSTORM              0     MIXED PRECIP               0
HEAVY RAIN                1     RAIN                       2
LIGHT RAIN                7     FREEZING RAIN              0
LT FREEZING RAIN          0     HAIL                       0
HEAVY SNOW                1     SNOW                       3
LIGHT SNOW               11     SLEET                      0
FOG                      11     FOG W/VIS <= 1/4 MILE      1
HAZE                      4

-  INDICATES NEGATIVE NUMBERS.
R  INDICATES RECORD WAS SET OR TIED.
MM INDICATES DATA IS MISSING.
T  INDICATES TRACE AMOUNT.

$$
