000
CXUS56 KSTO 020146
CLMSAC


CLIMATE REPORT
NATIONAL WEATHER SERVICE SACRAMENTO, CA
546 PM PST SUN JAN 1 2017

...................................

...THE SACRAMENTO EXEC. AIRPORT CA CLIMATE SUMMARY FOR THE MONTH OF DECEMBER 2016...

CLIMATE NORMAL PERIOD 1981 TO 2010
CLIMATE RECORD PERIOD 1930 TO 2016

WEATHER         OBSERVED          NORMAL  DEPART  LAST YEAR`S
                 VALUE   DATE(S)  VALUE   FROM    VALUE
                                          NORMAL
.............................................................
TEMPERATURE (F)
RECORD
 HIGH              73   12/02/2011
 LOW               18   12/22/1990
HIGHEST            62   12/14        MM      MM
LOWEST             27   12/25        MM      MM
AVG. MAXIMUM     54.7              53.9     0.8
AVG. MINIMUM     36.2              38.4    -2.2
MEAN             45.4              46.2    -0.8
DAYS MAX >= 90      0               0.0     0.0
DAYS MAX <= 32      0               0.0     0.0
DAYS MIN <= 32     12               5.4     6.6
DAYS MIN <= 0       0               0.0     0.0

PRECIPITATION (INCHES)
RECORD
 MAXIMUM        12.64   1955
 MINIMUM         0.00   1989
TOTALS           3.61              3.25    0.36     1.75
DAYS >= .01         8
DAYS >= .10         5
DAYS >= .50         2
DAYS >= 1.00        1

SNOWFALL (INCHES)
RECORDS
 TOTAL             MM   MM
 24 HR TOTAL       MM
TOTALS            0.0               0.0     0.0
 LIQUID EQUIV    0.00              0.00    0.00
SINCE 7/1         0.0               0.0     0.0
 LIQUID 7/1      0.00
DAYS >= TRACE       0               0.0     0.0
DAYS >= 1.0         0               0.0     0.0
GREATEST
 SNOW DEPTH         0   MM
 24 HR TOTAL      0.0   12/31 TO 12/31
 STORM TOTAL       MM
 (MM/DD(HH))            MM

DEGREE_DAYS
HEATING TOTAL     603               584      19
 SINCE 7/1        983              1034     -51
COOLING TOTAL       0                 0       0
 SINCE 1/1       1295              1178     117

FREEZE DATES
RECORD
 EARLIEST     MM
 LATEST       MM
EARLIEST      12/17             MM
LATEST                          MM
..............................................................

WIND (MPH)
AVERAGE WIND SPEED              4.2
HIGHEST WIND SPEED/DIRECTION    28/330    DATE  12/02
HIGHEST GUST SPEED/DIRECTION    38/130    DATE  12/23

SKY COVER
POSSIBLE SUNSHINE (PERCENT)   MM
AVERAGE SKY COVER           0.30
NUMBER OF DAYS FAIR           21
NUMBER OF DAYS PC              4
NUMBER OF DAYS CLOUDY          6

AVERAGE RH (PERCENT)     81

WEATHER CONDITIONS. NUMBER OF DAYS WITH
THUNDERSTORM              0     MIXED PRECIP               0
HEAVY RAIN                1     RAIN                       4
LIGHT RAIN                9     FREEZING RAIN              0
LT FREEZING RAIN          0     HAIL                       0
HEAVY SNOW                0     SNOW                       0
LIGHT SNOW                0     SLEET                      0
FOG                      27     FOG W/VIS <= 1/4 MILE      6
HAZE                      9

-  INDICATES NEGATIVE NUMBERS.
R  INDICATES RECORD WAS SET OR TIED.
MM INDICATES DATA IS MISSING.
T  INDICATES TRACE AMOUNT.

$$
