000
CXUS56 KSEW 011032
CLMSEW


CLIMATE REPORT
NATIONAL WEATHER SERVICE SEATTLE WA
331 AM PDT MON JUN 1 2015

...................................

...THE SEATTLE WA WFO CLIMATE SUMMARY FOR THE MONTH OF MAY 2015...

CLIMATE NORMAL PERIOD 1981 TO 2010
CLIMATE RECORD PERIOD 1986 TO 2015

WEATHER         OBSERVED          NORMAL  DEPART  LAST YEAR`S
                 VALUE   DATE(S)  VALUE   FROM    VALUE  DATE(S)
                                          NORMAL
................................................................
TEMPERATURE (F)
RECORD
 HIGH              90   05/17/2008
 LOW               35   05/07/2002
                        05/06/2002
HIGHEST            81   05/29        MM      MM       86  05/01
LOWEST             41   05/07        MM      MM       43  05/11
                                                          05/07
AVG. MAXIMUM     67.8              64.3     3.5     68.4
AVG. MINIMUM     50.3              47.8     2.5     50.8
MEAN             59.1              56.0     3.1     59.6
DAYS MAX >= 90      0               0.0     0.0        0
DAYS MAX <= 32      0               0.0     0.0        0
DAYS MIN <= 32      0               0.0     0.0        0
DAYS MIN <= 0       0               0.0     0.0        0

PRECIPITATION (INCHES)
RECORD
 MAXIMUM         3.79   2009
 MINIMUM         0.64   1992
TOTALS           0.91              2.16   -1.25     2.30
DAILY AVG.       0.03              0.07   -0.04     0.07
DAYS >= .01         5              12.5    -7.5       10
DAYS >= .10         3               6.5    -3.5        5
DAYS >= .50         1               1.0     0.0        1
DAYS >= 1.00        0               0.1    -0.1        0

DEGREE_DAYS
HEATING TOTAL     184               281     -97      173
 SINCE 7/1       3489              4454    -965     4328
COOLING TOTAL       7                 3       4       13
 SINCE 1/1          7                 3       4       14
.................................................................

WIND (MPH)
HIGHEST GUST SPEED/DIRECTION    MM        DATE   MM


WEATHER CONDITIONS. NUMBER OF DAYS WITH
THUNDERSTORM              0     MIXED PRECIP               0
HEAVY RAIN                0     RAIN                       1
LIGHT RAIN                6     FREEZING RAIN              0
LT FREEZING RAIN          0     HAIL                       0
HEAVY SNOW                0     SNOW                       0
LIGHT SNOW                0     SLEET                      0
FOG                       1     FOG W/VIS <= 1/4 MILE      0
HAZE                      0

-  INDICATES NEGATIVE NUMBERS.
R  INDICATES RECORD WAS SET OR TIED.
MM INDICATES DATA IS MISSING.
T  INDICATES TRACE AMOUNT.

$$
