000
CXUS53 KSGF 010644
CLMSGF


CLIMATE REPORT
NATIONAL WEATHER SERVICE SPRINGFIELD MO
144 AM CDT MON JUN 1 2015

...................................

...THE SPRINGFIELD MO CLIMATE SUMMARY FOR THE MONTH OF MAY 2015...

CLIMATE NORMAL PERIOD 1981 TO 2010
CLIMATE RECORD PERIOD 1888 TO 2015

WEATHER         OBSERVED          NORMAL  DEPART
                 VALUE   DATE(S)  VALUE   FROM
                                          NORMAL
................................................
TEMPERATURE (F)
RECORD
 HIGH              95   05/31/1934
 LOW               29   05/06/1944
HIGHEST            85   05/27        76       9
LOWEST             42   05/22        53     -11
AVG. MAXIMUM     75.8              75.3     0.5
AVG. MINIMUM     57.2              54.4     2.8
MEAN             66.5              64.8     1.7
DAYS MAX >= 90      0               0.2    -0.2
DAYS MAX <= 32      0               0.0     0.0
DAYS MIN <= 32      0               0.1    -0.1
DAYS MIN <= 0       0               0.0     0.0

PRECIPITATION (INCHES)
RECORD
 MAXIMUM        16.15   1943
 MINIMUM         0.34   1911
TOTALS           6.23              5.10    1.13
DAILY AVG.       0.20              0.16    0.04
DAYS >= .01        18              12.0     6.0
DAYS >= .10        13               7.9     5.1
DAYS >= .50         6               3.5     2.5
DAYS >= 1.00        1               1.1    -0.1
GREATEST
 24 HR. TOTAL    1.54   05/29 TO 05/30

SNOWFALL (INCHES)
TOTALS            0.0
SINCE 7/1        15.8
DAYS >= TRACE       0

DEGREE_DAYS
HEATING TOTAL      63                95     -32
 SINCE 7/1       4535              4569     -34
COOLING TOTAL     120                90      30
 SINCE 1/1        142               115      27
.................................................

WIND (MPH)
AVERAGE WIND SPEED              10.7
HIGHEST WIND SPEED/DIRECTION    38/210    DATE  05/17
HIGHEST GUST SPEED/DIRECTION    48/220    DATE  05/17

SKY COVER
POSSIBLE SUNSHINE (PERCENT)   MM
AVERAGE SKY COVER           0.40
NUMBER OF DAYS FAIR           12
NUMBER OF DAYS PC             14
NUMBER OF DAYS CLOUDY          5

AVERAGE RH (PERCENT)     71

WEATHER CONDITIONS. NUMBER OF DAYS WITH
THUNDERSTORM              0     MIXED PRECIP               0
HEAVY RAIN               10     RAIN                       9
LIGHT RAIN               23     FREEZING RAIN              0
LT FREEZING RAIN          0     HAIL                       0
HEAVY SNOW                0     SNOW                       0
LIGHT SNOW                0     SLEET                      0
FOG                      18     FOG W/VIS <= 1/4 MILE      0
HAZE                      2

-  INDICATES NEGATIVE NUMBERS.
R  INDICATES RECORD WAS SET OR TIED.
MM INDICATES DATA IS MISSING.
T  INDICATES TRACE AMOUNT.

$$
