000
CXUS45 KSLC 021931 CCA
CLMSLC

SLCCLMSLC 000
TTAA00 KSLC 020101

CLIMATE REPORT
NATIONAL WEATHER SERVICE SALT LAKE CITY UT
132 PM MDT THU NOV 2 2017

...................................

...THE SALT LAKE CITY UT CLIMATE SUMMARY FOR THE MONTH OF OCTOBER 2017...

CLIMATE NORMAL PERIOD 1981 TO 2010
CLIMATE RECORD PERIOD 1874 TO 2017

WEATHER         OBSERVED          NORMAL  DEPART  LAST YEAR`S
                 VALUE   DATE(S)  VALUE   FROM    VALUE  DATE(S)
                                          NORMAL
................................................................
TEMPERATURE (F)
RECORD
 HIGH              89   10/03/1963
 LOW               16   10/30/1971
HIGHEST            76   10/19                         81  10/02
                        10/07                             10/01
LOWEST             32   10/15                         36  10/20
AVG. MAXIMUM     64.4              64.7    -0.3     69.6
AVG. MINIMUM     40.5              41.3    -0.8     46.9
MEAN             52.5              53.0    -0.5     58.3
DAYS MAX >= 90      0               0.0     0.0        0
DAYS MAX <= 32      0               0.0     0.0        0
DAYS MIN <= 32      1               2.5    -1.5        0
DAYS MIN <= 0       0               0.0     0.0        0

PRECIPITATION (INCHES)
TOTALS           0.18              1.52   -1.34     0.90
DAYS >= .01         5               7.1    -2.1        9
DAYS >= .10         0               4.5    -4.5        4
DAYS >= .50         0               0.8    -0.8        0
DAYS >= 1.00        0               0.1    -0.1        0

SNOWFALL (INCHES)
TOTALS              T               1.4    -1.4      0.0
SINCE 7/1           T               1.4              0.0

DEGREE_DAYS
HEATING TOTAL     380               379       1      217
 SINCE 7/1        511               468      43      269
COOLING TOTAL       0                 7      -7       15
 SINCE 1/1       1758              1160     598     1619
.................................................................

WIND (MPH)
AVERAGE WIND SPEED              7.0
HIGHEST WIND SPEED/DIRECTION    39/300    DATE  10/20
HIGHEST GUST SPEED/DIRECTION    54/310    DATE  10/20


WEATHER CONDITIONS. NUMBER OF DAYS WITH
THUNDERSTORM              1     RAIN                       4
HAIL                      1     SNOW                       2
FOG                       2     FOG W/VIS <= 1/4 MILE      0
HAZE                      9

-  INDICATES NEGATIVE NUMBERS.
R  INDICATES RECORD WAS SET OR TIED.
MM INDICATES DATA IS MISSING.
T  INDICATES TRACE AMOUNT.

$$
