000
CXUS56 KPQR 011529
CLMSLE


CLIMATE REPORT
NATIONAL WEATHER SERVICE PORTLAND OREGON
729 AM PST FRI DEC 1 2017

...................................

...THE SALEM OR CLIMATE SUMMARY FOR THE MONTH OF NOVEMBER 2017...

CLIMATE NORMAL PERIOD 1981 TO 2010
CLIMATE RECORD PERIOD 1892 TO 2017

WEATHER         OBSERVED          NORMAL  DEPART  LAST YEAR`S
                 VALUE   DATE(S)  VALUE   FROM    VALUE  DATE(S)
                                          NORMAL
................................................................
TEMPERATURE (F)
HIGHEST            64                                 70  11/04
LOWEST             30                                 37  11/29
                                                          11/18
                                                          11/17
AVG. MAXIMUM     54.2              52.6     1.6     57.8
AVG. MINIMUM     41.3              38.4     2.9     44.5
MEAN             47.7              45.5     2.2     51.1
DAYS MAX >= 90      0               0.0     0.0        0
DAYS MAX <= 32      0               0.1    -0.1        0
DAYS MIN <= 32      1               5.9    -4.9        0
DAYS MIN <= 0       0               0.0     0.0        0

PRECIPITATION (INCHES)
RECORD
 MAXIMUM        16.99   1896
 MINIMUM         0.48   1936
TOTALS           6.57              6.50    0.07     6.90
DAYS >= .01        24              18.1     5.9       21
DAYS >= .10        17              13.1     3.9       12
DAYS >= .50         2               4.3    -2.3        5
DAYS >= 1.00        1               1.5    -0.5        1
GREATEST
 24 HR. TOTAL    1.10   11/15 TO 11/15

DEGREE_DAYS
HEATING TOTAL     513               585     -72      410
 SINCE 7/1        932              1117    -185      804
COOLING TOTAL       0                 0       0        0
 SINCE 1/1        647               290     357      465
.................................................................

WIND (MPH)
AVERAGE WIND SPEED              7.7
RESULTANT WIND SPEED/DIRECTION   6/183
HIGHEST WIND SPEED/DIRECTION    31/180    DATE  11/20
HIGHEST GUST SPEED/DIRECTION    47/210    DATE  11/26

SKY COVER
POSSIBLE SUNSHINE (PERCENT)   MM
AVERAGE SKY COVER           0.70
NUMBER OF DAYS FAIR            3
NUMBER OF DAYS PC             13
NUMBER OF DAYS CLOUDY         14

AVERAGE RH (PERCENT)     79

WEATHER CONDITIONS. NUMBER OF DAYS WITH
THUNDERSTORM              0     MIXED PRECIP               0
HEAVY RAIN                3     RAIN                      12
LIGHT RAIN               23     FREEZING RAIN              0
LT FREEZING RAIN          0     HAIL                       0
HEAVY SNOW                0     SNOW                       0
LIGHT SNOW                0     SLEET                      0
FOG                      22     FOG W/VIS <= 1/4 MILE      4
HAZE                      1

-  INDICATES NEGATIVE NUMBERS.
R  INDICATES RECORD WAS SET OR TIED.
MM INDICATES DATA IS MISSING.
T  INDICATES TRACE AMOUNT.

$$
