000
CXAK58 PASN 011033
CLMSNP

CLIMATE REPORT
NATIONAL WEATHER SERVICE ST PAUL, AK
233 AM AKDT FRI APR 1 2016

...................................

...THE ST PAUL AIRPORT CLIMATE SUMMARY FOR THE MONTH OF MARCH 2016...

CLIMATE NORMAL PERIOD 1981 TO 2010
CLIMATE RECORD PERIOD 1949 TO 2016

WEATHER         OBSERVED          NORMAL  DEPART  LAST YEAR`S
                 VALUE   DATE(S)  VALUE   FROM    VALUE  DATE(S)
                                          NORMAL
................................................................
TEMPERATURE (F)
RECORD
 HIGH              50   3/18/1980
 LOW              -19   3/14/1971
HIGHEST            41   3/02         32       9      42  3/06
LOWEST             11                 2       9       6  3/31
AVG. MAXIMUM       31.6              29.3     2.3    30.2
AVG. MINIMUM       25.4              20.4     5.0    23.4
MEAN               28.5              24.8     3.7    26.8
DAYS MAX >= 90      0                 0.0     0.0     0
DAYS MAX <= 32     17                14.0     3.0    21
DAYS MAX >= 80      0                 0.0     0.0     0
DAYS MAX >= 70      0                 0.0     0.0     0
DAYS MIN <= 32     28                24.3     3.7    27
DAYS MIN <= 0       0                 1.6    -1.6     0

PRECIPITATION (INCHES)
RECORD
 MAXIMUM            3.28   1973
 MINIMUM            0.08   1960
TOTALS              1.11              1.07    0.04    0.68
DAILY AVG.          0.04              0.04    0.00    0.02
DAYS >= .01        17                12.2     4.8    16
DAYS >= .10         3                 2.8     0.2     2
DAYS >= .50         0                 0.1    -0.1     0
DAYS >= 1.0         0                 0.0     0.0     0
GREATEST
 24 HR TOTAL        0.26   3/06                       0.17  3/02

SNOWFALL (INCHES)
RECORDS
 TOTAL             31.4   1973
 24 HR TOTAL       10.4   3-10-1973
 SNOW DEPTH        50     3-07-1949
TOTALS             10.9               7.9     3.0     9.4
SINCE 7/1          51.7              46.1     5.6    39.1
SNOWDEPTH AVG.      1                 4      -3       2
DAYS >= TRACE      24                20.9     3.1    27
DAYS >= 1.0         4                 2.1     1.9     3
DAYS >= 6.0         0                 0.1    -0.1     0
GREATEST
 SNOW DEPTH         7   3/09                          4  3/31
 24 HR TOTAL      3.8   3/06                        1.7  3/13

DEGREE_DAYS
HEATING TOTAL    1125              1237    -112    1175
 SINCE 7/1       7150              8156   -1006    7132
COOLING TOTAL       0                 0       0       0
 SINCE 1/1          0                 0       0       0
................................................................

WIND (MPH)
AVERAGE WIND SPEED               19.6
HIGHEST WIND SPEED/DIRECTION     45/060    DATE   03/27
HIGHEST GUST SPEED/DIRECTION     55/110    DATE    03/9

SKY COVER
POSSIBLE SUNSHINE (PERCENT)   MM
AVERAGE SKY COVER             MM
NUMBER OF DAYS FAIR           MM
NUMBER OF DAYS PC             MM
NUMBER OF DAYS CLOUDY         MM

AVERAGE RH (PERCENT)     MM

WEATHER CONDITIONS. NUMBER OF DAYS WITH
THUNDERSTORM              0     ICE PELLETS                 0
RAIN                      5     GLAZE                       0
DRIZZLE                   1     HAIL                        1
SNOW                     24     HAZE                        0
FOG                      18     FOG W/VIS <= 1/4 MILE       0
BLOWING SNOW              1


-  INDICATES NEGATIVE NUMBERS.
R  INDICATES RECORD WAS SET OR TIED.
MM INDICATES DATA IS MISSING.
T  INDICATES TRACE AMOUNT.

&&

...MARCH WARMER AND SLIGHTLY MORE PRECIPITATION THAN NORMAL...

THE AVERAGE TEMPERATURE OF 28.5 DEGREES WAS 3.4 DEGREES ABOVE NORMAL. THERE WAS
TWO TEMPERATURE RECORDS BROKE IN THE MONTH OF MARCH. THE FIRST ONE WAS THE RECORD
HIGH MINIMUM TEMPERATURE ON THE 1ST OF THE MONTH BREAKING THE OLD RECORD OF 35
DEGREES SET BACK IN 1996 WITH A NEW RECORD OF 36 DEGREES. THE SECOND RECORD BROKE
THIS MONTH WAS A RECORD MAXIMUM TEMPERATURE ON THE 2ND OF 41 DEGREES. THIS RECORD
BROKE THE OLD RECORD SET ONE YEAR AGO IN 2015 OF 40 DEGREES.

THE TOTAL PRECIPITATION FOR THE MONTH WAS 1.11 INCHES...JUST 0.04 INCHES GREATER
THAN NORMAL. SNOWFALL FOR THE MONTH WAS 10.7 INCHES...2.8 INCHES ABOVE NORMAL. A
DAILY SNOWFALL RECORD WAS BROKEN ON THE 6TH OF MARCH...WITH 3.8 INCHES OF SNOW
FALLING. THIS BROKE THE OLD RECORD OF 2.4 INCHES SET BACK IN 1990.

$$
JAS APR 16
