000
CXUS54 KOUN 011202
CLMSPS

CLIMATE REPORT
NATIONAL WEATHER SERVICE NORMAN OK
651 AM CDT THU JUN 1 2017

...................................

...THE WICHITA FALLS CLIMATE SUMMARY FOR THE MONTH OF MAY 2017...

CLIMATE NORMAL PERIOD 1981 TO 2010
CLIMATE RECORD PERIOD 1897 TO 2017

WEATHER         OBSERVED          NORMAL  DEPART  LAST YEAR`S
                 VALUE   DATE(S)  VALUE   FROM    VALUE  DATE(S)
                                          NORMAL
................................................................
TEMPERATURE (F)
RECORD
 HIGH             110   05/28/2011
                        05/24/2000
                        05/23/2000
 LOW               35   05/01/2014
HIGHEST            99                98       1       95  05/10
LOWEST             38                46      -8       45  05/03
AVG. MAXIMUM     84.5              83.6     0.9     80.6
AVG. MINIMUM     57.1              59.6    -2.5     58.2
MEAN             70.8              71.6    -0.8     69.4
DAYS MAX >= 90      9               7.5     1.5        2
DAYS MAX <= 32      0               0.0     0.0        0
DAYS MIN <= 32      0               0.0     0.0        0
DAYS MIN <= 0       0               0.0     0.0        0

PRECIPITATION (INCHES)
RECORD
 MAXIMUM        17.00   2015
 MINIMUM         0.01   1966
TOTALS           4.56              3.79    0.77     6.13
DAILY AVG.       0.15              0.12    0.03     0.20
DAYS >= .01         8               8.7    -0.7       16
DAYS >= .10         4               5.3    -1.3        9
DAYS >= .50         2               2.5    -0.5        2
DAYS >= 1.00        2               1.2     0.8        2
GREATEST
 24 HR. TOTAL    3.61   05/18 TO 05/19

DEGREE_DAYS
COOLING TOTAL     200               227     -27
 SINCE 1/1        349               319      30
.................................................................

WIND (MPH)
AVERAGE WIND SPEED              11.9
HIGHEST WIND SPEED/DIRECTION    43/200    DATE  05/19
HIGHEST GUST SPEED/DIRECTION    54/200    DATE  05/19


WEATHER CONDITIONS. NUMBER OF DAYS WITH
THUNDERSTORM              0     MIXED PRECIP               0
HEAVY RAIN                4     RAIN                       4
LIGHT RAIN               12     FREEZING RAIN              0
LT FREEZING RAIN          0     HAIL                       0
HEAVY SNOW                0     SNOW                       0
LIGHT SNOW                0     SLEET                      0
FOG                       5     FOG W/VIS <= 1/4 MILE      0
HAZE                      0

-  INDICATES NEGATIVE NUMBERS.
R  INDICATES RECORD WAS SET OR TIED.
MM INDICATES DATA IS MISSING.
T  INDICATES TRACE AMOUNT.
................................................................
RECORD EVENTS/REMARKS
THE JANUARY THROUGH MAY 2017 TOTAL PRECIPITATION IS 10.32 INCHES.
$$
