000
CXUS53 KEAX 010811
CLMSTJ

CLIMATE REPORT
NATIONAL WEATHER SERVICE KANSAS CITY/PLEASANT HILL MO
305 AM CDT WED NOV 1 2017

...................................

...THE ST. JOSEPH MO CLIMATE SUMMARY FOR THE MONTH OF OCTOBER 2017...

CLIMATE NORMAL PERIOD 1981 TO 2010
CLIMATE RECORD PERIOD 1892 TO 2017

WEATHER         OBSERVED          NORMAL  DEPART  LAST YEAR`S
                 VALUE   DATE(S)  VALUE   FROM    VALUE  DATE(S)
                                          NORMAL
................................................................
TEMPERATURE (F)
RECORD
 HIGH              97   10/10/1963
 LOW               11   10/30/1925
HIGHEST            87   10/02        86       1       89  10/17
LOWEST             23   10/31        26      -3       31  10/13
AVG. MAXIMUM     69.0              67.0     2.0     72.9
AVG. MINIMUM     44.6              42.5     2.1     48.7
MEAN             56.8              54.7     2.1     60.8
DAYS MAX >= 90      0               0.4    -0.4        0
DAYS MAX <= 32      0               0.0     0.0        0
DAYS MIN <= 32      4               5.8    -1.8        1
DAYS MIN <= 0       0               0.0     0.0        0

PRECIPITATION (INCHES)
RECORD
 MAXIMUM         8.22   1977
 MINIMUM         0.00   1952
                        1975
TOTALS           4.12              2.81    1.31     1.66
DAILY AVG.       0.13              0.09    0.04     0.05
DAYS >= .01         9               7.1     1.9        6
DAYS >= .10         6               4.7     1.3        3
DAYS >= .50         2               2.2    -0.2        1
DAYS >= 1.00        1               1.0     0.0        1
GREATEST
 24 HR. TOTAL    1.88   10/21 TO 10/21

DEGREE_DAYS
HEATING TOTAL     285               339     -54      169
 SINCE 7/1        314               419    -105      196
COOLING TOTAL      37                21      16       44
 SINCE 1/1       1271              1220      51     1538
.................................................................

WIND (MPH)
AVERAGE WIND SPEED              9.7
HIGHEST WIND SPEED/DIRECTION    32/330    DATE  10/23
HIGHEST GUST SPEED/DIRECTION    44/320    DATE  10/23

SKY COVER
POSSIBLE SUNSHINE (PERCENT)   MM
AVERAGE SKY COVER           0.40
NUMBER OF DAYS FAIR           15
NUMBER OF DAYS PC             10
NUMBER OF DAYS CLOUDY          6

AVERAGE RH (PERCENT)     70

WEATHER CONDITIONS. NUMBER OF DAYS WITH
THUNDERSTORM              6     MIXED PRECIP               0
HEAVY RAIN                4     RAIN                       7
LIGHT RAIN               13     FREEZING RAIN              0
LT FREEZING RAIN          0     HAIL                       0
HEAVY SNOW                0     SNOW                       0
LIGHT SNOW                1     SLEET                      0
FOG                      14     FOG W/VIS <= 1/4 MILE      3
HAZE                      3

-  INDICATES NEGATIVE NUMBERS.
R  INDICATES RECORD WAS SET OR TIED.
MM INDICATES DATA IS MISSING.
T  INDICATES TRACE AMOUNT.

$$
