000
CXUS53 KEAX 010854
CLMSTJ

CLIMATE REPORT
NATIONAL WEATHER SERVICE KANSAS CITY/PLEASANT HILL MO
351 AM CDT MON JUN 1 2015

...................................

...THE ST. JOSEPH MO CLIMATE SUMMARY FOR THE MONTH OF MAY 2015...

CLIMATE NORMAL PERIOD 1981 TO 2010
CLIMATE RECORD PERIOD 1892 TO 2015

WEATHER         OBSERVED          NORMAL  DEPART  LAST YEAR`S
                 VALUE   DATE(S)  VALUE   FROM    VALUE  DATE(S)
                                          NORMAL
................................................................
TEMPERATURE (F)
RECORD
 HIGH             103   05/30/1934
 LOW               29   05/03/2005
HIGHEST            85   05/03        90      -5       92  05/07
LOWEST             41   05/12        38       3       33  05/16
AVG. MAXIMUM     72.8              75.4    -2.6     77.9
AVG. MINIMUM     54.5              53.3     1.2     53.7
MEAN             63.7              64.4    -0.7     65.8
DAYS MAX >= 90      0               1.3    -1.3        2
DAYS MAX <= 32      0               0.0     0.0        0
DAYS MIN <= 32      0               0.2    -0.2        0
DAYS MIN <= 0       0               0.0     0.0        0

PRECIPITATION (INCHES)
RECORD
 MAXIMUM        11.65   1995
 MINIMUM         0.55   1914
TOTALS           9.76              5.42    4.34     2.56
DAILY AVG.       0.31              0.17    0.14     0.08
DAYS >= .01        21              10.6    10.4        8
DAYS >= .10        15               7.0     8.0        3
DAYS >= .50         6               3.5     2.5        2
DAYS >= 1.00        4               1.4     2.6        2
GREATEST
 24 HR. TOTAL    1.90   05/16 TO 05/17

DEGREE_DAYS
HEATING TOTAL      97               112     -15      122
 SINCE 7/1       5500              5450      50     6269
COOLING TOTAL      63                92     -29      153
 SINCE 1/1         68               113     -45      161
.................................................................

WIND (MPH)
AVERAGE WIND SPEED              9.5
HIGHEST WIND SPEED/DIRECTION    31/220    DATE  05/17
HIGHEST GUST SPEED/DIRECTION    40/300    DATE  05/04

SKY COVER
POSSIBLE SUNSHINE (PERCENT)   MM
AVERAGE SKY COVER           0.50
NUMBER OF DAYS FAIR            8
NUMBER OF DAYS PC             17
NUMBER OF DAYS CLOUDY          6

AVERAGE RH (PERCENT)     73

WEATHER CONDITIONS. NUMBER OF DAYS WITH
THUNDERSTORM              0     MIXED PRECIP               0
HEAVY RAIN               10     RAIN                      16
LIGHT RAIN               23     FREEZING RAIN              0
LT FREEZING RAIN          0     HAIL                       0
HEAVY SNOW                0     SNOW                       0
LIGHT SNOW                0     SLEET                      0
FOG                      20     FOG W/VIS <= 1/4 MILE      3
HAZE                      5

-  INDICATES NEGATIVE NUMBERS.
R  INDICATES RECORD WAS SET OR TIED.
MM INDICATES DATA IS MISSING.
T  INDICATES TRACE AMOUNT.

$$
