000
CXUS54 KBMX 041405
CLMTCL


CLIMATE REPORT
NATIONAL WEATHER SERVICE BIRMINGHAM, AL
903 AM CDT TUE JUL 4 2017

...................................

...THE TUSCALOOSA CLIMATE SUMMARY FOR THE MONTH OF JUNE 2017...

CLIMATE NORMAL PERIOD 1981 TO 2010
CLIMATE RECORD PERIOD 1948 TO 2017

WEATHER         OBSERVED          NORMAL  DEPART  LAST YEAR`S
                 VALUE   DATE(S)  VALUE   FROM    VALUE  DATE(S)
                                          NORMAL
................................................................
TEMPERATURE (F)
RECORD
 HIGH             105   06/29/2012
                        06/27/1954
                        06/28/1952
 LOW               45   06/01/1984
                        06/03/1956
HIGHEST            92   06/11        MM      MM       96  06/25
                                                          06/13
                                                          06/11
LOWEST             58   06/09        MM      MM       60  06/09
AVG. MAXIMUM     85.7              89.3    -3.6     91.1
AVG. MINIMUM     68.2              67.5     0.7     68.8
MEAN             76.9                               80.0
DAYS MAX >= 90      4              14.3   -10.3       20
DAYS MAX <= 32      0               0.0     0.0        0
DAYS MIN <= 32      0               0.0     0.0        0
DAYS MIN <= 0       0               0.0     0.0        0

PRECIPITATION (INCHES)
RECORD
 MAXIMUM        11.98   1989
 MINIMUM         0.48   2012
TOTALS          12.42R             4.77    7.65     4.30
DAILY AVG.       0.41              0.16    0.25
DAYS >= .01        15               9.5     5.5
DAYS >= .10        12               6.9     5.1
DAYS >= .50         6               3.3     2.7
DAYS >= 1.00        5               1.6     3.4

DEGREE_DAYS
COOLING TOTAL     364               403     -39      456
 SINCE 1/1        761               714      47      740
.................................................................

WIND (MPH)
AVERAGE WIND SPEED              4.9
HIGHEST WIND SPEED/DIRECTION    36/260    DATE  06/15
HIGHEST GUST SPEED/DIRECTION    56/260    DATE  06/15

AVERAGE RH (PERCENT)     80

WEATHER CONDITIONS. NUMBER OF DAYS WITH
THUNDERSTORM              0     MIXED PRECIP               0
HEAVY RAIN               11     RAIN                       9
LIGHT RAIN               15     FREEZING RAIN              0
LT FREEZING RAIN          0     HAIL                       0
HEAVY SNOW                0     SNOW                       0
LIGHT SNOW                0     SLEET                      0
FOG                      20     FOG W/VIS <= 1/4 MILE      2
HAZE                      2

-  INDICATES NEGATIVE NUMBERS.
R  INDICATES RECORD WAS SET OR TIED.
MM INDICATES DATA IS MISSING.
T  INDICATES TRACE AMOUNT.

$$
