000
CXUS54 KBMX 011350
CLMTCL


CLIMATE REPORT
NATIONAL WEATHER SERVICE BIRMINGHAM, AL
849 AM CDT WED OCT 1 2014

...................................

...THE TUSCALOOSA CLIMATE SUMMARY FOR THE MONTH OF SEPTEMBER 2014...

CLIMATE NORMAL PERIOD 1981 TO 2010
CLIMATE RECORD PERIOD 1948 TO 2014

WEATHER         OBSERVED          NORMAL  DEPART  LAST YEAR`S
                 VALUE   DATE(S)  VALUE   FROM    VALUE  DATE(S)
                                          NORMAL
................................................................
TEMPERATURE (F)
RECORD
 HIGH             104   09/04/1954
                        09/01/1951
 LOW               37   09/30/1967
HIGHEST            97   09/01        MM      MM       94  09/16
                                                          09/12
                                                          09/11
LOWEST             52   09/23        MM      MM       56  09/15
AVG. MAXIMUM     90.3              87.0     3.3     88.6
AVG. MINIMUM     67.3              63.9     3.4     65.6
MEAN             78.8                               77.1
DAYS MAX >= 90     20               9.9    10.1       18
DAYS MAX <= 32      0               0.0     0.0        0
DAYS MIN <= 32      0               0.0     0.0        0
DAYS MIN <= 0       0               0.0     0.0        0

PRECIPITATION (INCHES)
RECORD
 MAXIMUM         9.74   2011
 MINIMUM         0.00   1955
TOTALS           1.42              3.52   -2.10     1.20
DAILY AVG.       0.05              0.12   -0.07
DAYS >= .01         6               7.9    -1.9
DAYS >= .10         5               5.0     0.0
DAYS >= .50         0               2.3    -2.3
DAYS >= 1.00        0               1.2    -1.2

DEGREE_DAYS
HEATING TOTAL       0                 7      -7        0
 SINCE 7/1          0                 7      -7        0
COOLING TOTAL     421               320     101      371
 SINCE 1/1       2111              2057      54     2079
.................................................................

WIND (MPH)
AVERAGE WIND SPEED              4.4
HIGHEST WIND SPEED/DIRECTION    28/040    DATE  09/18
HIGHEST GUST SPEED/DIRECTION    32/040    DATE  09/18

AVERAGE RH (PERCENT)     67

WEATHER CONDITIONS. NUMBER OF DAYS WITH
THUNDERSTORM              0     MIXED PRECIP               0
HEAVY RAIN                5     RAIN                       3
LIGHT RAIN               10     FREEZING RAIN              0
LT FREEZING RAIN          0     HAIL                       0
HEAVY SNOW                0     SNOW                       0
LIGHT SNOW                0     SLEET                      0
FOG                      12     FOG W/VIS <= 1/4 MILE      0
HAZE                      1

-  INDICATES NEGATIVE NUMBERS.
R  INDICATES RECORD WAS SET OR TIED.
MM INDICATES DATA IS MISSING.
T  INDICATES TRACE AMOUNT.

$$
