000
CXUS54 KBMX 011345
CLMTCL


CLIMATE REPORT
NATIONAL WEATHER SERVICE BIRMINGHAM, AL
844 AM CDT TUE SEP 1 2015

...................................

...THE TUSCALOOSA CLIMATE SUMMARY FOR THE MONTH OF AUGUST 2015...

CLIMATE NORMAL PERIOD 1994 TO 1994
CLIMATE RECORD PERIOD 1994 TO 2015

WEATHER         OBSERVED          NORMAL  DEPART  LAST YEAR`S
                 VALUE   DATE(S)  VALUE   FROM    VALUE  DATE(S)
                                          NORMAL
................................................................
TEMPERATURE (F)
RECORD
 HIGH             107   08/10/2007
                        08/29/2000
 LOW               53   08/22/1956
HIGHEST           100   08/04        MM      MM       99  08/24
                                                          08/23
LOWEST             59   08/26        MM      MM       62  08/15
                                                          08/14
AVG. MAXIMUM     91.6              91.9    -0.3     93.6
AVG. MINIMUM     69.7              70.7    -1.0     69.8
MEAN             80.7                               81.7
DAYS MAX >= 90     20              21.1    -1.1       28
DAYS MAX <= 32      0               0.0     0.0        0
DAYS MIN <= 32      0               0.0     0.0        0
DAYS MIN <= 0       0               0.0     0.0        0

PRECIPITATION (INCHES)
RECORD
 MAXIMUM         8.84   1970
 MINIMUM         0.41   2006
TOTALS           4.43              3.30    1.13     2.55
DAILY AVG.       0.14              0.11    0.03
DAYS >= .01        16               9.3     6.7
DAYS >= .10        10               6.0     4.0
DAYS >= .50         3               2.8     0.2
DAYS >= 1.00        2               1.2     0.8

DEGREE_DAYS
COOLING TOTAL     493               505     -12      525
 SINCE 1/1       1920              1737     183     1690
.................................................................

WIND (MPH)
AVERAGE WIND SPEED              4.5
HIGHEST WIND SPEED/DIRECTION    30/360    DATE  08/10
HIGHEST GUST SPEED/DIRECTION    37/360    DATE  08/10

AVERAGE RH (PERCENT)     70

WEATHER CONDITIONS. NUMBER OF DAYS WITH
THUNDERSTORM              0     MIXED PRECIP               0
HEAVY RAIN                7     RAIN                       4
LIGHT RAIN               16     FREEZING RAIN              0
LT FREEZING RAIN          0     HAIL                       0
HEAVY SNOW                0     SNOW                       0
LIGHT SNOW                0     SLEET                      0
FOG                      19     FOG W/VIS <= 1/4 MILE      0
HAZE                      6

-  INDICATES NEGATIVE NUMBERS.
R  INDICATES RECORD WAS SET OR TIED.
MM INDICATES DATA IS MISSING.
T  INDICATES TRACE AMOUNT.

$$
