000
CXUS53 KTOP 011428 CCA
CLMTOP

CLIMATE REPORT
NATIONAL WEATHER SERVICE TOPEKA KS...CORRECTED
923 AM CDT MON SEP 1 2014

...................................

...THE TOPEKA KS CLIMATE SUMMARY FOR THE MONTH OF AUGUST 2014...

CLIMATE NORMAL PERIOD 1981 TO 2010
CLIMATE RECORD PERIOD 1887 TO 2014

WEATHER         OBSERVED          NORMAL  DEPART  LAST YEAR`S
                 VALUE   DATE(S)  VALUE   FROM    VALUE  DATE(S)
                                          NORMAL
................................................................
TEMPERATURE (F)
RECORD
 HIGH             113   08/14/1936
                        08/13/1936
 LOW               40   08/24/1891
HIGHEST           100   08/24        90      10      100
                        08/23
LOWEST             55   08/13        62      -7       56
AVG. MAXIMUM     91.7              88.6     3.1     87.4
AVG. MINIMUM     69.3              66.2     3.1     67.3
MEAN             80.5              77.4     3.1     77.3
DAYS MAX >= 90     18              13.7     4.3       14
DAYS MAX <= 32      0               0.0     0.0        0
DAYS MIN <= 32      0               0.0     0.0        0
DAYS MIN <= 0       0               0.0     0.0        0

PRECIPITATION (INCHES)
RECORD
 MAXIMUM        12.69   1903
 MINIMUM         0.26   1971
TOTALS           5.19              4.24    0.95     5.21
DAILY AVG.       0.17              0.14    0.03     0.17
DAYS >= .01         9               8.6     0.4       10
DAYS >= .10         6               5.9     0.1        6
DAYS >= .50         4               2.6     1.4        4
DAYS >= 1.00        2               1.4     0.6        2
GREATEST
 24 HR. TOTAL    1.68   08/06 TO 08/06              2.22
                        08/05 TO 08/06
                        08/06 TO 08/06

SNOWFALL (INCHES)
RECORDS
 TOTAL              T   1994
TOTALS              TR              0.0     0.0      0.0
SINCE 7/1           T               0.0     0.0      0.0
SNOWDEPTH AVG.      0                                  0
DAYS >= 1.0         0               0.0     0.0        0
GREATEST
 SNOW DEPTH         0   MM                             0  MM
 24 HR TOTAL        TR  08/25 TO 08/25               0.0

DEGREE_DAYS
HEATING TOTAL       0                 2      -2        0
 SINCE 7/1          0                 2      -2        0
COOLING TOTAL     487               386     101      388
 SINCE 1/1       1410              1228     182     1294
.................................................................

WIND (MPH)
AVERAGE WIND SPEED              6.6
HIGHEST WIND SPEED/DIRECTION    33/150    DATE  08/06
HIGHEST GUST SPEED/DIRECTION    44/140    DATE  08/06

SKY COVER
POSSIBLE SUNSHINE (PERCENT)   MM
AVERAGE SKY COVER           0.20
NUMBER OF DAYS FAIR           24
NUMBER OF DAYS PC              7
NUMBER OF DAYS CLOUDY          0

AVERAGE RH (PERCENT)     67

WEATHER CONDITIONS. NUMBER OF DAYS WITH
THUNDERSTORM              8     MIXED PRECIP               0
HEAVY RAIN                5     RAIN                       5
LIGHT RAIN               14     FREEZING RAIN              0
LT FREEZING RAIN          0     HAIL                       2
HEAVY SNOW                0     SNOW                       0
LIGHT SNOW                0     SLEET                      0
FOG                      15     FOG W/VIS <= 1/4 MILE      1
HAZE                      3

-  INDICATES NEGATIVE NUMBERS.
R  INDICATES RECORD WAS SET OR TIED.
MM INDICATES DATA IS MISSING.
T  INDICATES TRACE AMOUNT.

-----------------------------------------------------------------------

REMARKS...

ALTHOUGH TEMPERATURES WERE NEAR THEIR NORMAL VALUES FOR MUCH OF THE
FIRST HALF OF THE MONTH...FAIRLY PERSISTENT HEAT BROUGHT THE AVERAGE
TEMPERATURE UP TO THE 19TH WARMEST AUGUST ON RECORD. THE MOST
OPPRESSIVE HEAT CAME FROM AUGUST 19 THROUGH AUGUST 26 WHEN THE
AVERAGE MAXIMUM AIR TEMPERATURES WAS IN THE UPPER 90S AND HEAT INDEX
VALUES PEAKED IN THE TRIPLE DIGITS EACH DAY. ONE RECORD FOR HIGHEST
DAILY MINIMUM WAS SET AND ANOTHER WAS TIED DURING THIS STRETCH. THE
LOW TEMPERATURE OF 79 ON AUGUST 21 TIED THE RECORD FOR THAT
DAY...WHILE THE LOW OF 80 ON AUGUST 24 BROKE THAT DAYS RECORD. A
SEVERE THUNDERSTORM PRODUCED WINDS AROUND 60 MPH IN SOUTHEAST
PORTIONS OF TOPEKA ON AUGUST 6.

$$
