000
CXUS55 KCYS 101856
CLMTOR


CLIMATE REPORT
NATIONAL WEATHER SERVICE CHEYENNE WY
1256 PM MDT TUE MAY 10 2016

...................................

...THE TORRINGTON WY AIRPORT CLIMATE SUMMARY FOR THE MONTH OF APRIL 2016...

CLIMATE NORMAL PERIOD 1981 TO 2010
CLIMATE RECORD PERIOD 1998 TO 2016

WEATHER         OBSERVED          NORMAL  DEPART  LAST YEAR`S
                 VALUE   DATE(S)  VALUE   FROM    VALUE
                                          NORMAL
.............................................................
TEMPERATURE (F)
RECORD
 HIGH              90   04/24/2012
 LOW                2   04/11/2013
                        04/04/1999
                        02/06/1989
HIGHEST            81   04/14        MM      MM       80
LOWEST             27   04/08        MM      MM       22
AVG. MAXIMUM     60.6              61.2    -0.6     63.1
AVG. MINIMUM     34.2              32.3     1.9     32.3
MEAN             47.4              46.7     0.7     47.7
DAYS MAX >= 90      0               0.0                0
DAYS MAX <= 32      0               0.5                0
DAYS MIN <= 32     12              13.9               15
DAYS MIN <= 0       0               0.0                0

PRECIPITATION (INCHES)
RECORD
 MAXIMUM         3.19   2015
 MINIMUM         0.00   2011
TOTALS           2.93              1.66    1.27     3.19
DAYS >= .01        12                MM      MM       11
DAYS >= .10         7                MM      MM        7
DAYS >= .50         2                MM      MM        3
DAYS >= 1.00        0                MM      MM        0
GREATEST
 24 HR. TOTAL    1.24   04/25 TO 04/26

DEGREE_DAYS
HEATING TOTAL     521               548     -27      512
 SINCE 7/1       5561              6232    -671     5872
COOLING TOTAL       0                 1      -1        0
 SINCE 1/1          0                 1      -1        0
..............................................................

WIND (MPH)
AVERAGE WIND SPEED              10.3
HIGHEST WIND SPEED/DIRECTION    39/310    DATE  04/06
HIGHEST GUST SPEED/DIRECTION    53/320    DATE  04/06

SKY COVER
POSSIBLE SUNSHINE (PERCENT)   MM
AVERAGE SKY COVER           0.40
NUMBER OF DAYS FAIR           14
NUMBER OF DAYS PC              9
NUMBER OF DAYS CLOUDY          7

AVERAGE RH (PERCENT)     61

WEATHER CONDITIONS. NUMBER OF DAYS WITH
THUNDERSTORM              0     MIXED PRECIP               0
HEAVY RAIN                1     RAIN                       3
LIGHT RAIN               15     FREEZING RAIN              0
LT FREEZING RAIN          0     HAIL                       0
HEAVY SNOW                0     SNOW                       0
LIGHT SNOW                6     SLEET                      0
FOG                       9     FOG W/VIS <= 1/4 MILE      0
HAZE                      1

-  INDICATES NEGATIVE NUMBERS.
R  INDICATES RECORD WAS SET OR TIED.
MM INDICATES DATA IS MISSING.
T  INDICATES TRACE AMOUNT.

$$
