000
CXUS55 KLKN 030504
CLMTPH


CLIMATE REPORT
NATIONAL WEATHER SERVICE ELKO NV
846 PM PST TUE DEC 2 2014

...................................

...THE TONOPAH AIRPORT NV CLIMATE SUMMARY FOR THE MONTH OF NOVEMBER 2014...

CLIMATE NORMAL PERIOD 1981 TO 2010
CLIMATE RECORD PERIOD 1954 TO 2014

WEATHER         OBSERVED          NORMAL  DEPART  LAST YEAR`S
                 VALUE   DATE(S)  VALUE   FROM    VALUE  DATE(S)
                                          NORMAL
................................................................
TEMPERATURE (F)
RECORD
 HIGH              77   11/03/1988
 LOW                4   11/15/1985
HIGHEST            72   11/09        69       3       68  11/11
LOWEST             16   11/17        13       3       21  11/16
AVG. MAXIMUM     58.5              53.8     4.7     55.5
AVG. MINIMUM     28.5              26.5     2.0     29.6
MEAN             43.5              40.1     3.4     42.6
DAYS MAX >= 90      0               0.0     0.0        0
DAYS MAX <= 32      0               0.4    -0.4        0
DAYS MIN <= 32     21              23.6    -2.6       23
DAYS MIN <= 0       0               0.0     0.0        0

PRECIPITATION (INCHES)
RECORD
 MAXIMUM         2.68   1981
 MINIMUM         0.00   2006
                        2005
                        1999
TOTALS           0.13              0.44   -0.31     0.27
DAILY AVG.       0.00              0.01   -0.01     0.01
DAYS >= .01         1               2.5    -1.5        2
DAYS >= .10         1               1.2    -0.2        2
DAYS >= .50         0               0.1    -0.1        0
DAYS >= 1.00        0               0.1    -0.1        0
GREATEST
 24 HR. TOTAL    0.13   11/01 TO 11/01              0.27

DEGREE_DAYS
HEATING TOTAL     637               745    -108      665
 SINCE 7/1        913              1217    -304     1227
COOLING TOTAL       0                 0       0        0
 SINCE 1/1       1004               783     221     1042
.................................................................

WIND (MPH)
AVERAGE WIND SPEED              8.8
HIGHEST WIND SPEED/DIRECTION    39/360    DATE  11/15
HIGHEST GUST SPEED/DIRECTION    46/350    DATE  11/22

AVERAGE RH (PERCENT)     40

WEATHER CONDITIONS. NUMBER OF DAYS WITH
THUNDERSTORM              0     MIXED PRECIP               0
HEAVY RAIN                0     RAIN                       1
LIGHT RAIN                2     FREEZING RAIN              0
LT FREEZING RAIN          0     HAIL                       0
HEAVY SNOW                0     SNOW                       0
LIGHT SNOW                0     SLEET                      0
FOG                       1     FOG W/VIS <= 1/4 MILE      0
HAZE                      0

-  INDICATES NEGATIVE NUMBERS.
R  INDICATES RECORD WAS SET OR TIED.
MM INDICATES DATA IS MISSING.
T  INDICATES TRACE AMOUNT.

&&

=================================================================

...9TH WARMEST NOVEMBER ON RECORD AT TONOPAH AIRPORT...
...25TH DRIEST NOVEMBER ON RECORD AT TONOPAH AIRPORT...

THE AVERAGE TEMPERATURE AT TONOPAH AIRPORT DURING NOVEMBER 2014
WAS 43.5 DEGREES...WHICH IS 3.4 DEGREES ABOVE THE 1981-2010
CLIMATOLOGICAL NORMAL OF 40.1 DEGREES. THIS MAKES NOVEMBER 2014
THE 9TH WARMEST ON RECORD. THE TOTAL PRECIPITATION WAS 0.13
INCHES...WHICH IS 0.31 INCHES OR 70 PERCENT BELOW THE 1981-2010
CLIMATOLOGICAL NORMAL OF 0.44 INCHES. THIS MAKES NOVEMBER 2014
THE 25TH DRIEST ON RECORD.

A DAILY RECORD HIGH TEMPERATURE OF 72 DEGREES WAS SET ON NOVEMBER 9TH.
A DAILY RECORD HIGH TEMPERATURE OF 67 DEGREES WAS SET ON NOVEMBER 26TH.

$$

RCM
