000
CXUS56 KSGX 011754
CLMTRM


CLIMATE REPORT
NATIONAL WEATHER SERVICE SAN DIEGO, CA
1054 AM PDT TUE JUL 1 2014

...................................

...THE THERMAL AIRPORT CA CLIMATE SUMMARY FOR THE MONTH OF JUNE 2014...

CLIMATE NORMAL PERIOD 1981 TO 2010
CLIMATE RECORD PERIOD 1950 TO 2014

WEATHER         OBSERVED          NORMAL  DEPART  LAST YEAR`S
                 VALUE   DATE(S)  VALUE   FROM    VALUE  DATE(S)
                                          NORMAL
................................................................
TEMPERATURE (F)
RECORD
 HIGH             122   06/29/2013
                        06/26/1990
                        06/25/1970
 LOW               50   06/05/2011
HIGHEST           110   06/06       104       6      122  06/29
                        06/05
LOWEST             59   06/17        69     -10       60  06/16
                        06/01
AVG. MAXIMUM    106.0             103.1     2.9    106.1
AVG. MINIMUM     70.5              67.4     3.1     71.6
MEAN             88.2              85.2     3.0     88.9
DAYS MAX >= 90     29              28.9     0.1       30
DAYS MAX <= 32      0               0.0     0.0        0
DAYS MAX >= 100    29                                 29
DAYS MAX >= 110     2                                  5
DAYS MIN <= 32      0               0.0     0.0        0

PRECIPITATION (INCHES)
RECORD
 MAXIMUM         0.41   1972
 MINIMUM         0.00   2013
                        2012
                        2011
TOTALS           0.00R             0.02   -0.02     0.00
DAILY AVG.       0.00              0.00    0.00     0.00
DAYS >= .01         0               0.1    -0.1        0
DAYS >= .10         0               0.0     0.0        0
DAYS >= .50         0               0.0     0.0        0
DAYS >= 1.00        0               0.0     0.0        0
DAYS >= 1.50        0                                  0
DAYS >= 2.00        0                                  0
GREATEST
 24 HR. TOTAL    0.00   06/30 TO 06/30           06/30 TO 06/30
                                                          06/30 TO 06/30
                                                          06/30 TO 06/30
 STORM TOTAL       MM                                 MM
 (MM/DD(HH))            MM                    06/30(00) TO 06/30(00)
                                                 06/30(00) TO 06/30(00)0
                                                 06/30(00) TO 06/30(00)0

SNOWFALL (INCHES)
TOTALS            0.0
SINCE 7/1         0.0

DEGREE_DAYS
HEATING TOTAL       0                 0       0        0
 SINCE 7/1        821              1181    -360     1124
COOLING TOTAL     684               608      76      723
 SINCE 1/1       1506              1281     225     1630

FREEZE DATES
RECORD
 EARLIEST     10/30/1971
 LATEST       04/10/1999
EARLIEST      12/05             12/02
LATEST        02/02             02/06
.................................................

WIND (MPH)
AVERAGE WIND SPEED              8.5
RESULTANT WIND SPEED/DIRECTION   4/325
HIGHEST WIND SPEED/DIRECTION    32/260    DATE  06/17
HIGHEST GUST SPEED/DIRECTION    43/260    DATE  06/17

SKY COVER
POSSIBLE SUNSHINE (PERCENT)   MM
AVERAGE SKY COVER           0.00
NUMBER OF DAYS FAIR           29
NUMBER OF DAYS PC              0
NUMBER OF DAYS CLOUDY          0

AVERAGE RH (PERCENT)     25

WEATHER CONDITIONS. NUMBER OF DAYS WITH
THUNDERSTORM              0     MIXED PRECIP               0
HEAVY RAIN                0     RAIN                       0
LIGHT RAIN                0     FREEZING RAIN              0
LT FREEZING RAIN          0     HAIL                       0
HEAVY SNOW                0     SNOW                       0
LIGHT SNOW                0     SLEET                      0
FOG                       0     FOG W/VIS <= 1/4 MILE      0
HAZE                     13

-  INDICATES NEGATIVE NUMBERS.
R  INDICATES RECORD WAS SET OR TIED.
MM INDICATES DATA IS MISSING.
T  INDICATES TRACE AMOUNT.

$$
