000
CXUS56 KSGX 011730
CLMTRM


CLIMATE REPORT
NATIONAL WEATHER SERVICE SAN DIEGO, CA
1030 AM PDT SAT JUL 1 2017

...................................

...THE THERMAL AIRPORT CA CLIMATE SUMMARY FOR THE MONTH OF JUNE 2017...

CLIMATE NORMAL PERIOD 1981 TO 2010
CLIMATE RECORD PERIOD 1950 TO 2017

WEATHER         OBSERVED          NORMAL  DEPART  LAST YEAR`S
                 VALUE   DATE(S)  VALUE   FROM    VALUE  DATE(S)
                                          NORMAL
................................................................
TEMPERATURE (F)
RECORD
 HIGH             124   06/20/2017
 LOW               50   06/05/2011
HIGHEST           123   06/20       104      19      121  06/20
LOWEST             60   06/03        69      -9       63  06/01
                        06/02
AVG. MAXIMUM    107.2             103.1     4.1    107.0
AVG. MINIMUM     70.3              67.4     2.9     73.2
MEAN             88.8              85.2     3.6     90.1
DAYS MAX >= 90     30              28.9     1.1       30
DAYS MAX <= 32      0               0.0     0.0        0
DAYS MAX >= 100    25                                 27
DAYS MAX >= 110    12                                  8
DAYS MIN <= 32      0               0.0     0.0        0

PRECIPITATION (INCHES)
RECORD
 MAXIMUM         0.41   1972
 MINIMUM         0.00   2016
                        2014
                        2013
TOTALS           0.00R             0.02   -0.02     0.00
DAILY AVG.       0.00              0.00    0.00     0.00
DAYS >= .01         0               0.1    -0.1        0
DAYS >= .10         0               0.0     0.0        0
DAYS >= .50         0               0.0     0.0        0
DAYS >= 1.00        0               0.0     0.0        0
DAYS >= 1.50        0                                  0
DAYS >= 2.00        0                                  0
GREATEST
 24 HR. TOTAL    0.00   06/30 TO 06/30           06/30 TO 06/30
                                                          06/30 TO 06/30
                                                          06/30 TO 06/30
 STORM TOTAL       MM                                 MM
 (MM/DD(HH))            MM                    06/30(00) TO 06/30(00)
                                                 06/30(00) TO 06/30(00)0
                                                 06/30(00) TO 06/30(00)0

DEGREE_DAYS
HEATING TOTAL       0                 0       0        0
 SINCE 7/1        904              1181    -277     1047
COOLING TOTAL     722               608     114      761
 SINCE 1/1       1696              1281     415     1638

FREEZE DATES
RECORD
 EARLIEST     10/30/1971
 LATEST       04/10/1999
EARLIEST      11/25             12/02
LATEST        12/18             02/06
.................................................

WIND (MPH)
AVERAGE WIND SPEED              7.7
RESULTANT WIND SPEED/DIRECTION   2/348
HIGHEST WIND SPEED/DIRECTION    28/340    DATE  06/10
HIGHEST GUST SPEED/DIRECTION    36/330    DATE  06/10

SKY COVER
POSSIBLE SUNSHINE (PERCENT)   MM
AVERAGE SKY COVER           0.00
NUMBER OF DAYS FAIR           30
NUMBER OF DAYS PC              0
NUMBER OF DAYS CLOUDY          0

AVERAGE RH (PERCENT)     30

WEATHER CONDITIONS. NUMBER OF DAYS WITH
THUNDERSTORM              0     MIXED PRECIP               0
HEAVY RAIN                0     RAIN                       0
LIGHT RAIN                0     FREEZING RAIN              0
LT FREEZING RAIN          0     HAIL                       0
HEAVY SNOW                0     SNOW                       0
LIGHT SNOW                0     SLEET                      0
FOG                       0     FOG W/VIS <= 1/4 MILE      0
HAZE                      3

-  INDICATES NEGATIVE NUMBERS.
R  INDICATES RECORD WAS SET OR TIED.
MM INDICATES DATA IS MISSING.
T  INDICATES TRACE AMOUNT.

$$
