000
CXUS56 KPQR 011650
CLMTTD


CLIMATE REPORT
NATIONAL WEATHER SERVICE PORTLAND OREGON
850 AM PST THU DEC 1 2016

...................................

...THE TROUTDALE OR CLIMATE SUMMARY FOR THE MONTH OF NOVEMBER 2016...

CLIMATE NORMAL PERIOD 1981 TO 2010
CLIMATE RECORD PERIOD 1948 TO 2016

WEATHER         OBSERVED          NORMAL  DEPART  LAST YEAR`S
                 VALUE   DATE(S)  VALUE   FROM    VALUE  DATE(S)
                                          NORMAL
................................................................
TEMPERATURE (F)
HIGHEST            67                                 65  11/06
LOWEST             40                                 27  11/26
AVG. MAXIMUM     57.4              52.5     4.9     51.5
AVG. MINIMUM     47.7              38.7     9.0     40.5
MEAN             52.6              45.6     7.0     46.0
DAYS MAX >= 90      0               0.0     0.0        0
DAYS MAX <= 32      0               0.1    -0.1        0
DAYS MIN <= 32      0               4.2    -4.2        4
DAYS MIN <= 0       0               0.0     0.0        0

PRECIPITATION (INCHES)
RECORD
 MAXIMUM           MM   MM
 MINIMUM           MM   MM
TOTALS           6.66              7.28   -0.62     4.60
DAYS >= .01        21              19.1     1.9       16
DAYS >= .10        14              15.0    -1.0       12
DAYS >= .50         4               4.4    -0.4        3
DAYS >= 1.00        3               1.2     1.8        0
GREATEST
 24 HR. TOTAL    1.45   11/24 TO 11/25

DEGREE_DAYS
HEATING TOTAL     367               582    -215      560
 SINCE 7/1        725              1102    -377      817
COOLING TOTAL       0                 0       0        0
 SINCE 1/1        505               340              723
.................................................................

WIND (MPH)
AVERAGE WIND SPEED              10.0
RESULTANT WIND SPEED/DIRECTION   8/101
HIGHEST WIND SPEED/DIRECTION    28/090    DATE  11/20
HIGHEST GUST SPEED/DIRECTION    37/090    DATE  11/18

SKY COVER
POSSIBLE SUNSHINE (PERCENT)   MM
AVERAGE SKY COVER           0.60
NUMBER OF DAYS FAIR            6
NUMBER OF DAYS PC             12
NUMBER OF DAYS CLOUDY         12

AVERAGE RH (PERCENT)     78

WEATHER CONDITIONS. NUMBER OF DAYS WITH
THUNDERSTORM              0     MIXED PRECIP               0
HEAVY RAIN                1     RAIN                       9
LIGHT RAIN               23     FREEZING RAIN              0
LT FREEZING RAIN          0     HAIL                       0
HEAVY SNOW                0     SNOW                       0
LIGHT SNOW                0     SLEET                      0
FOG                      18     FOG W/VIS <= 1/4 MILE      0
HAZE                      0

-  INDICATES NEGATIVE NUMBERS.
R  INDICATES RECORD WAS SET OR TIED.
MM INDICATES DATA IS MISSING.
T  INDICATES TRACE AMOUNT.

$$
