679
CXUS51 KPHI 010846
CLMTTN


CLIMATE REPORT
NATIONAL WEATHER SERVICE MOUNT HOLLY NJ
443 AM EDT TUE AUG 1 2017

...................................

...THE TRENTON NJ CLIMATE SUMMARY FOR THE MONTH OF JULY 2017...

CLIMATE NORMAL PERIOD 1981 TO 2010
CLIMATE RECORD PERIOD 1865 TO 2017

WEATHER         OBSERVED          NORMAL  DEPART  LAST YEAR`S
                 VALUE   DATE(S)  VALUE   FROM    VALUE
                                          NORMAL
.............................................................
TEMPERATURE (F)
RECORD
 HIGH             106   07/22/2011
                        07/09/1936
                        08/07/1918
 LOW               48   07/01/1988
HIGHEST            95                MM      MM       96
LOWEST             58                MM      MM       60
AVG. MAXIMUM     85.2              85.3    -0.1     87.7
AVG. MINIMUM     67.6              66.0     1.6     69.1
MEAN             76.4              75.7     0.7     78.4
DAYS MAX >= 90      6               6.9    -0.9       13
DAYS MAX <= 32      0               0.0     0.0        0
DAYS MIN <= 32      0               0.0     0.0        0
DAYS MIN <= 0       0               0.0     0.0        0

PRECIPITATION (INCHES)
RECORD
 MAXIMUM        15.22   1880
 MINIMUM         0.37   1944
TOTALS           5.63              4.95    0.68     7.46
DAILY AVG.       0.18              0.16    0.02     0.24
DAYS >= .01        12                MM      MM       14
DAYS >= .10         9                MM      MM       12
DAYS >= .50         3                MM      MM        6
DAYS >= 1.00        3                MM      MM        1
GREATEST
 24 HR. TOTAL    1.70   07/13 TO 07/13              1.87

DEGREE_DAYS
HEATING TOTAL       0                 0       0        0
 SINCE 7/1          0                 0       0        0
COOLING TOTAL     361               330      31      425
 SINCE 1/1        673               577      96      740
..............................................................

WIND (MPH)
AVERAGE WIND SPEED              5.4
HIGHEST WIND SPEED/DIRECTION    24/330    DATE  07/20
HIGHEST GUST SPEED/DIRECTION    36/260    DATE  07/01

SKY COVER
POSSIBLE SUNSHINE (PERCENT)   MM
AVERAGE SKY COVER           0.40
NUMBER OF DAYS FAIR           13
NUMBER OF DAYS PC             12
NUMBER OF DAYS CLOUDY          6

AVERAGE RH (PERCENT)     73

WEATHER CONDITIONS. NUMBER OF DAYS WITH
THUNDERSTORM              0     MIXED PRECIP               0
HEAVY RAIN                7     RAIN                       9
LIGHT RAIN               14     FREEZING RAIN              0
LT FREEZING RAIN          0     HEAVY SNOW                 0
SNOW                      0     LIGHT SNOW                 0
SLEET                     0     FOG                       16
FOG W/VIS <= 1/4 MILE     2     HAZE                       3

-  INDICATES NEGATIVE NUMBERS.
R  INDICATES RECORD WAS SET OR TIED.
MM INDICATES DATA IS MISSING.
T  INDICATES TRACE AMOUNT.

$$
