000
CXUS51 KPHI 011221
CLMTTN


CLIMATE REPORT
NATIONAL WEATHER SERVICE MOUNT HOLLY NJ
821 AM EDT MON AUG 1 2016

...................................

...THE TRENTON CLIMATE SUMMARY FOR THE MONTH OF JULY 2016...

CLIMATE NORMAL PERIOD 1981 TO 2010
CLIMATE RECORD PERIOD 1865 TO 2016

WEATHER         OBSERVED          NORMAL  DEPART  LAST YEAR`S
                 VALUE   DATE(S)  VALUE   FROM    VALUE  DATE(S)
                                          NORMAL
................................................................
TEMPERATURE (F)
RECORD
 HIGH             106   07/22/2011
                        07/09/1936
                        08/07/1918
 LOW               48   07/01/1988
HIGHEST            96                MM      MM       94
LOWEST             60                MM      MM       60
AVG. MAXIMUM     87.7              85.3     2.4     85.6
AVG. MINIMUM     69.1              66.0     3.1     67.4
MEAN             78.4              75.7     2.7     76.5
DAYS MAX >= 90     13               6.9     6.1        6
DAYS MAX <= 32      0               0.0     0.0        0
DAYS MIN <= 32      0               0.0     0.0        0
DAYS MIN <= 0       0               0.0     0.0        0

PRECIPITATION (INCHES)
RECORD
 MAXIMUM        15.22   1880
 MINIMUM         0.37   1944
TOTALS           7.46              4.95    2.51     3.11
DAILY AVG.       0.24              0.16    0.08     0.10
DAYS >= .01        14                MM      MM       12
DAYS >= .10        12                MM      MM        7
DAYS >= .50         6                MM      MM        3
DAYS >= 1.00        1                MM      MM        0
GREATEST
 24 HR. TOTAL    1.87   07/25 TO 07/25              0.73
                        07/24 TO 07/25
                        07/25 TO 07/25

SNOWFALL (INCHES)
RECORDS
 TOTAL             MM   5
 24 HR TOTAL       MM
TOTALS             MM                MM      MM       MM
SINCE 7/1          MM                MM      MM       MM
SNOWDEPTH AVG.     MM                MM      MM       MM
DAYS >= 1.0         0                MM      MM        0
GREATEST
 SNOW DEPTH        MM                                 MM  MM
 24 HR TOTAL       MM                                 MM

DEGREE_DAYS
HEATING TOTAL       0                 0       0        0
 SINCE 7/1          0                 0       0        0
COOLING TOTAL     425               330      95      364
 SINCE 1/1        740               577     163      727
.................................................................

WIND (MPH)
AVERAGE WIND SPEED              5.6
HIGHEST WIND SPEED/DIRECTION    36/340    DATE  07/25
HIGHEST GUST SPEED/DIRECTION    56/310    DATE  07/25

SKY COVER
POSSIBLE SUNSHINE (PERCENT)   MM
AVERAGE SKY COVER           0.30
NUMBER OF DAYS FAIR           19
NUMBER OF DAYS PC              8
NUMBER OF DAYS CLOUDY          4

AVERAGE RH (PERCENT)     68

WEATHER CONDITIONS. NUMBER OF DAYS WITH
THUNDERSTORM              0     MIXED PRECIP               0
HEAVY RAIN               12     RAIN                      10
LIGHT RAIN               15     FREEZING RAIN              0
LT FREEZING RAIN          0     HEAVY SNOW                 0
SNOW                      0     LIGHT SNOW                 0
SLEET                     0     FOG                       13
FOG W/VIS <= 1/4 MILE     2     HAZE                       7

-  INDICATES NEGATIVE NUMBERS.
R  INDICATES RECORD WAS SET OR TIED.
MM INDICATES DATA IS MISSING.
T  INDICATES TRACE AMOUNT.

$$
