000
CXUS55 KTWC 011726
CLMTUS

CLIMATE REPORT
NATIONAL WEATHER SERVICE TUCSON AZ
1022 AM MST MON FEB 1 2016

...................................

...THE TUCSON AZ CLIMATE SUMMARY FOR THE MONTH OF JANUARY 2016...

CLIMATE NORMAL PERIOD 1981 TO 2010
CLIMATE RECORD PERIOD 1895 TO 2016

WEATHER         OBSERVED          NORMAL  DEPART  LAST YEAR`S
                 VALUE   DATE(S)  VALUE   FROM    VALUE  DATE(S)
                                          NORMAL
................................................................
TEMPERATURE (F)
RECORD
 HIGH              88   01/04/1927
 LOW                6   01/07/1913
HIGHEST            81   01/23        78       3       79  01/07
LOWEST             31   01/13        28       3       29  01/03
AVG. MAXIMUM     66.2              65.5     0.7     67.0
AVG. MINIMUM     38.8              39.8    -1.0     43.8
MEAN             52.5              52.6    -0.1     55.4
DAYS MAX >= 90      0               0.0     0.0        0
DAYS MAX <= 32      0               0.0     0.0        0
DAYS MIN <= 32      2               3.8    -1.8        4
DAYS MIN <= 0       0               0.0     0.0        0

PRECIPITATION (INCHES)
RECORD
 MAXIMUM         4.81   1993
 MINIMUM         0.00   1972
                        1928
                        1924
TOTALS           1.53              0.94    0.59     2.54
DAILY AVG.       0.05              0.03    0.02     0.08
DAYS >= .01         2               4.9    -2.9        6
DAYS >= .10         2               2.5    -0.5        3
DAYS >= .50         2               0.5     1.5        2
DAYS >= 1.00        0               0.1    -0.1        1
GREATEST
 24 HR. TOTAL    0.82   01/07 TO 01/07           01/30 TO 01/31
                                                          01/01 TO 01/01
                                                          01/01 TO 01/01

DEGREE_DAYS
HEATING TOTAL     381               383      -2      290
 SINCE 7/1        986               994      -8      758
..................................................

WIND (MPH)
AVERAGE WIND SPEED              7.3
HIGHEST WIND SPEED/DIRECTION    38/230    DATE  01/31
HIGHEST GUST SPEED/DIRECTION    48/220    DATE  01/31

AVERAGE RH (PERCENT)     46

WEATHER CONDITIONS. NUMBER OF DAYS WITH
THUNDERSTORM              0     MIXED PRECIP               0
HEAVY RAIN                2     RAIN                       2
LIGHT RAIN                4     FREEZING RAIN              0
LT FREEZING RAIN          0     HAIL                       0
HEAVY SNOW                0     SNOW                       0
LIGHT SNOW                0     SLEET                      0
FOG                       2     FOG W/VIS <= 1/4 MILE      0
HAZE                      2

-  INDICATES NEGATIVE NUMBERS.
R  INDICATES RECORD WAS SET OR TIED.
MM INDICATES DATA IS MISSING.
T  INDICATES TRACE AMOUNT.

SHERWOOD
$$
