000
CXUS56 KPQR 011508
CLMUAO


CLIMATE REPORT
NATIONAL WEATHER SERVICE PORTLAND OREGON
808 AM PDT SAT OCT 1 2016

...................................

...THE AURORA STATE OR CLIMATE SUMMARY FOR THE MONTH OF SEPTEMBER 2016...

CLIMATE NORMAL PERIOD 1981 TO 2010
CLIMATE RECORD PERIOD 9999 TO 9999

WEATHER         OBSERVED          NORMAL  DEPART  LAST YEAR`S
                 VALUE   DATE(S)  VALUE   FROM    VALUE  DATE(S)
                                          NORMAL
................................................................
TEMPERATURE (F)
HIGHEST            87                                 94  09/11
LOWEST             42                                 39  09/27
AVG. MAXIMUM     74.0              75.6    -1.6     74.5
AVG. MINIMUM     49.4              50.8    -1.4     49.9
MEAN             61.7              63.2    -1.5     62.2
DAYS MAX >= 90      0               1.5    -1.5        2
DAYS MAX <= 32      0               0.0     0.0        0
DAYS MIN <= 32      0               0.0     0.0        0
DAYS MIN <= 0       0               0.0     0.0        0

PRECIPITATION (INCHES)
RECORD
 MAXIMUM           MM   MM
 MINIMUM           MM   MM
TOTALS           0.77              1.73   -0.96     1.19
DAYS >= .01         8                MM      MM        7
DAYS >= .10         1                MM      MM        2
DAYS >= .50         1                MM      MM        1
DAYS >= 1.00        0                MM      MM        0
GREATEST
 24 HR. TOTAL    0.53   09/17 TO 09/17
                        09/16 TO 09/17
                        09/17 TO 09/17

DEGREE_DAYS
HEATING TOTAL     106                99       7      111
 SINCE 7/1        137               146      -9      117
COOLING TOTAL      13                44     -31       34
 SINCE 1/1        392               334      58      572
.................................................................

WIND (MPH)
AVERAGE WIND SPEED              4.5
RESULTANT WIND SPEED/DIRECTION   1/023
HIGHEST WIND SPEED/DIRECTION    21/030    DATE  09/12
HIGHEST GUST SPEED/DIRECTION    27/180    DATE  09/23

SKY COVER
POSSIBLE SUNSHINE (PERCENT)   MM
AVERAGE SKY COVER           0.40

AVERAGE RH (PERCENT)     66

WEATHER CONDITIONS. NUMBER OF DAYS WITH
THUNDERSTORM              0     MIXED PRECIP               0
HEAVY RAIN                0     RAIN                       1
LIGHT RAIN                9     FREEZING RAIN              0
LT FREEZING RAIN          0     HAIL                       0
HEAVY SNOW                0     SNOW                       0
LIGHT SNOW                0     SLEET                      0
FOG                      10     FOG W/VIS <= 1/4 MILE      3
HAZE                      1

-  INDICATES NEGATIVE NUMBERS.
R  INDICATES RECORD WAS SET OR TIED.
MM INDICATES DATA IS MISSING.
T  INDICATES TRACE AMOUNT.

$$
