000
CXUS53 KLOT 011140
CLMVPZ


CLIMATE REPORT
NATIONAL WEATHER SERVICE CHICAGO IL
608 AM CDT SAT APR 1 2017

...................................

...THE VALPARAISO CLIMATE SUMMARY FOR THE MONTH OF MARCH 2017...

CLIMATE NORMAL PERIOD 1981 TO 2010
CLIMATE RECORD PERIOD 1998 TO 2017

WEATHER         OBSERVED          NORMAL  DEPART  LAST YEAR`S
                 VALUE   DATE(S)  VALUE   FROM    VALUE
                                          NORMAL
.............................................................
TEMPERATURE (F)
RECORD
 HIGH              86   03/21/2012
 LOW              -13   03/08/1943
HIGHEST            81   03/24        MM      MM       72
LOWEST             12   03/14        MM      MM       13
AVG. MAXIMUM     47.9              46.7     1.2     53.6
AVG. MINIMUM     31.0              28.8     2.2     34.3
MEAN             39.5              37.7     1.8     44.0

PRECIPITATION (INCHES)
RECORD
 MAXIMUM         4.62   2009
 MINIMUM         0.54   2001
TOTALS           3.05              2.48    0.57     3.05

DEGREE_DAYS
HEATING TOTAL     782               845     -63      641
 SINCE 7/1       4496              5577   -1081     4499
COOLING TOTAL       0                 0       0        0
 SINCE 1/1          0                 0       0        0
..............................................................

WIND (MPH)
AVERAGE WIND SPEED              10.8
HIGHEST WIND SPEED/DIRECTION    43/270    DATE  03/08
HIGHEST GUST SPEED/DIRECTION    62/220    DATE  03/07

AVERAGE RH (PERCENT)     70


-  INDICATES NEGATIVE NUMBERS.
R  INDICATES RECORD WAS SET OR TIED.
MM INDICATES DATA IS MISSING.
T  INDICATES TRACE AMOUNT.

$$
