000
CXUS52 KMLB 011735 CCA
CLMVRB

CLIMATE REPORT
NATIONAL WEATHER SERVICE MELBOURNE FL
1235 PM EST FRI DEC 1 2017

...................................

...THE VERO BEACH CLIMATE SUMMARY FOR THE MONTH OF NOVEMBER 2017...

CLIMATE NORMAL PERIOD 1981 TO 2010
CLIMATE RECORD PERIOD 1942 TO 2017

WEATHER         OBSERVED          NORMAL  DEPART  LAST YEAR`S
                 VALUE   DATE(S)  VALUE   FROM    VALUE  DATE(S)
                                          NORMAL
................................................................
TEMPERATURE (F)
MONTHLY RECORD
 HOTTEST         77.5   2015
 COLDEST         64.2   1970
DAILY RECORD
 HIGH              92   11/06/2002
                        11/05/1992
 LOW               31   11/25/1970
NOVEMBER 2017
HIGHEST            83   11/23                         84
                        11/19
                        11/09
                        11/07
                        11/06
                        11/05
                        11/04
LOWEST             52   11/27                         42
                        11/26
AVG. MAXIMUM     80.2              78.9     1.3     78.9
AVG. MINIMUM     64.1              61.5     2.6     59.6
MEAN             72.2              70.2     2.0     69.2
DAYS MAX >= 90      0               0.1    -0.1        0
DAYS MAX <= 32      0               0.0     0.0        0
DAYS MIN <= 32      0               0.0     0.0        0
DAYS MIN <= 0       0               0.0     0.0        0

PRECIPITATION (INCHES)
MONTHLY RECORD
 MAXIMUM        11.76   1984
 MINIMUM         0.11   1970
DAILY RECORD
 MAXIMUM         4.98   11/04/1982
NOVEMBER 2017
TOTALS           4.73              3.28    1.45     0.68
DAYS >= .01        14               8.7     5.3        7
DAYS >= .10        11               4.7     6.3        3
DAYS >= .50         3               1.6     1.4        0
DAYS >= 1.00        2               0.9     1.1        0
GREATEST
 24 HR. TOTAL    1.11   11/21 TO 11/21

SNOWFALL (INCHES)
TOTALS            0.0               0.0     0.0      0.0
SINCE 7/1         0.0               0.0     0.0      0.0
DAYS >= TRACE       0                                  0

DEGREE_DAYS
HEATING TOTAL       2                27     -25       19
 SINCE 7/1         20                30     -10       19
COOLING TOTAL     223               183      40      153
 SINCE 1/1       3812              3311     501     3680
.................................................................

WIND (MPH)
AVERAGE WIND SPEED              8.0
HIGHEST WIND SPEED/DIRECTION    32/330    DATE  11/29
HIGHEST GUST SPEED/DIRECTION    45/330    DATE  11/29

SKY COVER
POSSIBLE SUNSHINE (PERCENT)   MM
AVERAGE SKY COVER           0.40
NUMBER OF DAYS FAIR           16
NUMBER OF DAYS PC             11
NUMBER OF DAYS CLOUDY          3

AVERAGE RH (PERCENT)     77

WEATHER CONDITIONS. NUMBER OF DAYS WITH
THUNDERSTORM              2     MIXED PRECIP               0
HEAVY RAIN                8     RAIN                      10
LIGHT RAIN               14     LT FREEZING RAIN           0
HAIL                      0     LIGHT SNOW                 0
SLEET                     0     FOG                       20
FOG W/VIS <= 1/4 MILE     2     HAZE                       5

-  INDICATES NEGATIVE NUMBERS.
R  INDICATES RECORD WAS SET OR TIED.
MM INDICATES DATA IS MISSING.
T  INDICATES TRACE AMOUNT.

==================================================================

...THE VERO BEACH CLIMATE SUMMARY FOR THE FALL SEASON, FROM
9/1/2017 TO 11/30/2017...

CLIMATE NORMAL PERIOD 1981 TO 2010
CLIMATE RECORD PERIOD 1942 TO 2017

WEATHER         OBSERVED          NORMAL  DEPART  LAST YEAR`S
                 VALUE   DATE(S)  VALUE   FROM    VALUE  DATE(S)
                                          NORMAL
................................................................
TEMPERATURE (F)
FALL RECORDS
 WARMEST         79.4   2015
 COOLEST         72.5   2014
DAILY RECORD
 HIGH              97   09/17/1996
                        09/13/1947
 LOW               31   11/25/1970
FALL 2017
HIGHEST            94   09/01                         94
LOWEST             46   10/30                         42
AVG. MAXIMUM     83.8              83.7     0.1     84.4
AVG. MINIMUM     69.4              67.9     1.5     68.6
MEAN             76.6              75.8     0.8     76.5
DAYS MAX >= 90     10               7.3     2.7       18
DAYS MAX <= 32      0               0.0     0.0        0
DAYS MIN <= 32      0               0.0     0.0        0
DAYS MIN <= 0       0               0.0     0.0        0

PRECIPITATION (INCHES)
FALL RECORDS
 MAXIMUM        31.47   2011
 MINIMUM         5.32   2002
FALL 2017
TOTALS          26.77             14.98   11.79     9.73
DAYS >= .01        48              36.3    11.7       33
DAYS >= .10        28              21.8     6.2       18
DAYS >= .50        11               8.9     2.1        6
DAYS >= 1.00       10               4.0     6.0        2
GREATEST
 24 HR. TOTAL    8.11   09/10 TO 09/10              3.46

SNOWFALL (INCHES)
TOTALS            0.0               0.0     0.0      0.0
SINCE 7/1         0.0                                0.0
DAYS >= TRACE       0                                  0

DEGREE_DAYS
HEATING TOTAL      20                30     -10       19
COOLING TOTAL    1100              1014      86     1090
.................................................................

WIND (MPH)
AVERAGE WIND SPEED              8.8
HIGHEST WIND SPEED/DIRECTION    32/330    DATE  11/29
HIGHEST GUST SPEED/DIRECTION    48/060    DATE  10/04

SKY COVER
POSSIBLE SUNSHINE (PERCENT)   MM
AVERAGE SKY COVER           0.40
NUMBER OF DAYS FAIR           50
NUMBER OF DAYS PC             32
NUMBER OF DAYS CLOUDY          9

AVERAGE RH (PERCENT)     79

WEATHER CONDITIONS. NUMBER OF DAYS WITH
THUNDERSTORM             21     MIXED PRECIP               0
HEAVY RAIN               22     RAIN                      24
LIGHT RAIN               50     HAIL                       0
SLEET                     0     FOG                       50
FOG W/VIS <= 1/4 MILE     3     HAZE                      16

-  INDICATES NEGATIVE NUMBERS.
R  INDICATES RECORD WAS SET OR TIED.
MM INDICATES DATA IS MISSING.
T  INDICATES TRACE AMOUNT.

$$

RODRIGUEZ
