000
CXUS52 KMLB 011308
CLMVRB


CLIMATE REPORT
NATIONAL WEATHER SERVICE MELBOURNE FL
828 AM EDT THU JUN 1 2017

...................................

...THE VERO BEACH CLIMATE SUMMARY FOR THE MONTH OF MAY 2017...

CLIMATE NORMAL PERIOD 1981 TO 2010
CLIMATE RECORD PERIOD 1942 TO 2017

WEATHER         OBSERVED          NORMAL  DEPART  LAST YEAR`S
                 VALUE   DATE(S)  VALUE   FROM    VALUE  DATE(S)
                                          NORMAL
................................................................
TEMPERATURE (F)
MONTHLY RECORD
 HOTTEST         79.6   1995
 COLDEST         73.9   1999
DAILY RECORD
 HIGH              99   05/29/2000
 LOW               46   05/05/1971
MAY 2017
HIGHEST            95   05/24                         93
                        05/23
LOWEST             50   05/07                         52
AVG. MAXIMUM     87.6              84.8     2.8     86.1
AVG. MINIMUM     68.0              67.6     0.4     67.4
MEAN             77.8              76.2     1.6     76.7
DAYS MAX >= 90      9               3.0     6.0        5
DAYS MAX <= 32      0               0.0     0.0        0
DAYS MIN <= 32      0               0.0     0.0        0
DAYS MIN <= 0       0               0.0     0.0        0

PRECIPITATION (INCHES)
MONTHLY RECORD
 MAXIMUM        17.98   2016
 MINIMUM         0.09   2004
DAILY RECORD
 MAXIMUM        11.22   05/17/2016
MAY 2017
TOTALS           4.57              3.36    1.21    17.98
DAYS >= .01         9               8.2     0.8        8
DAYS >= .10         7               5.2     1.8        5
DAYS >= .50         3               2.1     0.9        5
DAYS >= 1.00        2               1.0     1.0        4
GREATEST
 24 HR. TOTAL    1.21   05/02 TO 05/02

SNOWFALL (INCHES)
TOTALS            0.0               0.0     0.0      0.0
SINCE 7/1         0.0               0.0     0.0      0.0
DAYS >= TRACE       0                                  0

DEGREE_DAYS
HEATING TOTAL       0                 1      -1        0
 SINCE 7/1        185               456    -271      284
COOLING TOTAL     407               348      59      373
 SINCE 1/1       1065               806     259      929
.................................................................

WIND (MPH)
AVERAGE WIND SPEED              9.2
HIGHEST WIND SPEED/DIRECTION    30/140    DATE  05/01
HIGHEST GUST SPEED/DIRECTION    40/180    DATE  05/24

SKY COVER
POSSIBLE SUNSHINE (PERCENT)   MM
AVERAGE SKY COVER           0.20
NUMBER OF DAYS FAIR           25
NUMBER OF DAYS PC              6
NUMBER OF DAYS CLOUDY          0

AVERAGE RH (PERCENT)     71

WEATHER CONDITIONS. NUMBER OF DAYS WITH
THUNDERSTORM              9     MIXED PRECIP               0
HEAVY RAIN                5     RAIN                       6
LIGHT RAIN                9     LT FREEZING RAIN           0
HAIL                      0     LIGHT SNOW                 0
SLEET                     0     FOG                       17
FOG W/VIS <= 1/4 MILE     1     HAZE                       6

-  INDICATES NEGATIVE NUMBERS.
R  INDICATES RECORD WAS SET OR TIED.
MM INDICATES DATA IS MISSING.
T  INDICATES TRACE AMOUNT.

$$

RODRIGUEZ
