000
CXUS55 KLKN 020208
CLMWMC


CLIMATE REPORT
NATIONAL WEATHER SERVICE ELKO NV
656 PM PDT TUE JUL 1 2014

...................................

...THE WINNEMUCCA AIRPORT NV CLIMATE SUMMARY FOR THE MONTH OF JUNE 2014...

CLIMATE NORMAL PERIOD 1981 TO 2010
CLIMATE RECORD PERIOD 1877 TO 2014

WEATHER         OBSERVED          NORMAL  DEPART  LAST YEAR`S
                 VALUE   DATE(S)  VALUE   FROM    VALUE  DATE(S)
                                          NORMAL
................................................................
TEMPERATURE (F)
RECORD
 HIGH             106   06/30/2013
                        06/24/1988
                        07/18/1998
 LOW               23   06/04/2001
                        06/06/1954
HIGHEST            94   06/09        98      -4      106  06/30
LOWEST             28   06/18        32      -4       28  06/20
AVG. MAXIMUM     84.2              82.9     1.3     87.5
AVG. MINIMUM     45.2              45.4    -0.2     46.0
MEAN             64.7              64.2     0.5     66.8
DAYS MAX >= 90      6               8.6    -2.6       13
DAYS MAX <= 32      0               0.0     0.0        0
DAYS MIN <= 32      1               0.9     0.1        1
DAYS MIN <= 0       0               0.0     0.0        0

PRECIPITATION (INCHES)
RECORD
 MAXIMUM         2.86   1958
 MINIMUM         0.00   1994
                        1974
TOTALS           0.07              0.56   -0.49     0.13
DAILY AVG.       0.00              0.02   -0.02     0.00
DAYS >= .01         2               4.1    -2.1        3
DAYS >= .10         0               1.8    -1.8        0
DAYS >= .50         0               0.1    -0.1        0
DAYS >= 1.00        0               0.0     0.0        0
GREATEST
 24 HR. TOTAL    0.06   06/16 TO 06/16              0.07

SNOWFALL (INCHES)
RECORDS
 TOTAL            3.1   1908
TOTALS            0.0                 T     0.0      0.0
SINCE 7/1        23.4              20.9     2.5     21.9
SNOWDEPTH AVG.      0                                  0
DAYS >= TRACE       0               0.0     0.0        0
DAYS >= 1.0         0               0.0     0.0        0
DAYS >= 5.0         0                                  0
GREATEST
 SNOW DEPTH         0   MM                             0
 24 HR TOTAL      0.0   06/30 TO 06/30               0.0

DEGREE_DAYS
HEATING TOTAL      74               105     -31       70
 SINCE 7/1       6236              6305     -69     6410
COOLING TOTAL      74                79      -5      128
 SINCE 1/1         83                90      -7      129
.................................................................

WIND (MPH)
AVERAGE WIND SPEED              8.1
HIGHEST WIND SPEED/DIRECTION    36/280    DATE  06/25
HIGHEST GUST SPEED/DIRECTION    46/280    DATE  06/25

AVERAGE RH (PERCENT)     30

WEATHER CONDITIONS. NUMBER OF DAYS WITH
THUNDERSTORM              0     MIXED PRECIP               0
HEAVY RAIN                0     RAIN                       0
LIGHT RAIN                2     FREEZING RAIN              0
LT FREEZING RAIN          0     HAIL                       0
HEAVY SNOW                0     SNOW                       0
LIGHT SNOW                0     SLEET                      0
FOG                       0     FOG W/VIS <= 1/4 MILE      0
HAZE                      5

-  INDICATES NEGATIVE NUMBERS.
R  INDICATES RECORD WAS SET OR TIED.
MM INDICATES DATA IS MISSING.
T  INDICATES TRACE AMOUNT.

&&

=================================================================

...46TH WARMEST JUNE ON RECORD IN WINNEMUCCA...
...26TH DRIEST JUNE ON RECORD IN WINNEMUCCA...

THE AVERAGE TEMPERATURE IN WINNEMUCCA DURING JUNE 2014 WAS 64.7
DEGREES...WHICH IS 0.5 DEGREES ABOVE THE 1981-2010 CLIMATOLOGICAL
NORMAL OF 64.2 DEGREES. THIS MAKES JUNE 2014 THE 46TH WARMEST ON
RECORD. THE TOTAL PRECIPITATION OF 0.07 INCHES WAS 0.49 INCHES OR
87 PERCENT BELOW THE 1981-2010 CLIMATOLOGICAL NORMAL OF 0.56
INCHES. THIS MAKES JUNE 2014 THE 26TH DRIEST ON RECORD.

NO DAILY RECORDS WERE SET IN WINNEMUCCA DURING JUNE 2014.

$$

RCM
