000
CXUS55 KRIW 012157
CLMWRL

CLIMATE REPORT
NATIONAL WEATHER SERVICE RIVERTON WY
1243 PM MDT WED JUL 1 2015

...PRELIMINARY MONTHLY CLIMATE SUMMARY FOR WORLAND MUNICIPAL AIRPORT
FOR THE MONTH OF JUNE 2015...

...OFFICIAL CLIMATE DATA FOR THE MONTH OF JUNE 2015 WILL BE
AVAILABLE APPROXIMATELY IN AUGUST 2015 FROM THE NATIONAL CLIMATIC
DATA CENTER (HTTP://WWW.NCDC.NOAA.GOV/OL/CLIMATEDATA.HTML).
UNOFFICIAL ASOS DAILY SUMMARIES ARE AVAILABLE ON THE INTERNET AT
HTTP://WWW.WEATHER.GOV/CLIMATE/INDEX.PHP?WFO=RIW

...WORLAND HAD THE 5TH WARMEST JUNE ON RECORD...

THE AVERAGE TEMPERATURE FOR WORLAND IN JUNE WAS 70.6 DEGREES...WHICH
WAS 5.9 DEGREES ABOVE NORMAL. THIS MAKES IT THE 5TH WARMEST JUNE ON
RECORD. THE WARMEST READING OF THE MONTH WAS 99 DEGREES ON THE 28TH.
THE COLDEST READING OF THE MONTH WAS 46 DEGREES ON THE 2ND. NO
TEMPERATURE RECORDS WERE SET DURING THE MONTH.

TOTAL PRECIPITATION FOR THE MONTH WAS 1.06 INCHES...WHICH WAS 92
PERCENT OF NORMAL. THE WETTEST 24 HOUR PERIOD OF THE MONTH WAS THE
10TH...WHEN 0.71 OF AN INCH OF PRECIPITATION FELL. NO PRECIPITATION
RECORDS WERE SET DURING THE MONTH. THE HIGHEST WIND GUST WAS 56 MPH
ON THE 1ST.


...THE WORLAND WY CLIMATE SUMMARY FOR THE MONTH OF JUNE 2015...

CLIMATE NORMAL PERIOD 1981 TO 2010
CLIMATE RECORD PERIOD 1947 TO 2015

WEATHER         OBSERVED          NORMAL  DEPART
                 VALUE   DATE(S)  VALUE   FROM
                                          NORMAL
................................................
TEMPERATURE (F)
RECORD
 HIGH             107   06/30/1990
                        06/27/1970
 LOW               32   06/12/1969
HIGHEST            99   06/28
LOWEST             47   06/02
AVG. MAXIMUM     86.7              80.3     6.4
AVG. MINIMUM     54.5              49.1     5.4
MEAN             70.6              64.7     5.9
DAYS MAX >= 90     10
DAYS MAX <= 32      0
DAYS MIN <= 32      0
DAYS MIN <= 0       0

PRECIPITATION (INCHES)
RECORD
 MAXIMUM         3.47   MM
 MINIMUM         0.01   2012
TOTALS           1.06              1.15   -0.09
DAILY AVG.       0.04
DAYS >= .01         7
DAYS >= .10         2
DAYS >= .50         1
DAYS >= 1.00        0
GREATEST
 24 HR. TOTAL    0.71   06/10 TO 06/10


DEGREE_DAYS
HEATING TOTAL       4                93     -89
 SINCE 7/1       7519              7869    -350
COOLING TOTAL     179                84      95
 SINCE 1/1        181                96      85
.................................................

WIND (MPH)
AVERAGE WIND SPEED              6.0
RESULTANT WIND SPEED/DIRECTION   1/113
HIGHEST WIND SPEED/DIRECTION    45/280    DATE  06/01
HIGHEST GUST SPEED/DIRECTION    56/280    DATE  06/01

SKY COVER
POSSIBLE SUNSHINE (PERCENT)   MM
AVERAGE SKY COVER           0.10
NUMBER OF DAYS FAIR           24
NUMBER OF DAYS PC              4
NUMBER OF DAYS CLOUDY          0

AVERAGE RH (PERCENT)     53

WEATHER CONDITIONS. NUMBER OF DAYS WITH
THUNDERSTORM              0     MIXED PRECIP               0
HEAVY RAIN                1     RAIN                       3
LIGHT RAIN                8     FREEZING RAIN              0
LT FREEZING RAIN          0     HAIL                       0
HEAVY SNOW                0     SNOW                       0
LIGHT SNOW                0     SLEET                      0
FOG                       2     FOG W/VIS <= 1/4 MILE      0
HAZE                      2

-  INDICATES NEGATIVE NUMBERS.
R  INDICATES RECORD WAS SET OR TIED.
MM INDICATES DATA IS MISSING.
T  INDICATES TRACE AMOUNT.

LOOKING AHEAD TO JULY 2015...THE AVERAGE HIGH TEMPERATURE ON THE
FIRST OF THE MONTH IS 88 DEGREES...AND THE AVERAGE LOW TEMPERATURE
IS 55 DEGREES. THE AVERAGE HIGH BY THE END OF THE MONTH IS 90
DEGREES...AND THE AVERAGE LOW TEMPERATURE IS 58 DEGREES. THE AVERAGE
MONTHLY PRECIPITATION IS 0.56 INCHES.

$$
