000
CXAK57 PAYA 021603
CLMYAK

CLIMATE REPORT
NATIONAL WEATHER SERVICE YAKUTAT, AK
703 AM AKST TUE DEC 2 2014

...................................

...THE YAKUTAT AP CLIMATE SUMMARY FOR THE MONTH OF NOVEMBER 2014...

CLIMATE NORMAL PERIOD 1981 TO 2010
CLIMATE RECORD PERIOD 1948 TO 2014

WEATHER         OBSERVED          NORMAL  DEPART  LAST YEAR`S
                 VALUE   DATE(S)  VALUE   FROM    VALUE  DATE(S)
                                          NORMAL
................................................................
TEMPERATURE (F)
RECORD
 HIGH              55   11/03/2010
 LOW              -10   11/27/1948
HIGHEST            46   11/19        48      -2      46  11/23
LOWEST             13                10       3       6  11/18
AVG. MAXIMUM       40.4              38.4     2.0    36.8
AVG. MINIMUM       27.5              26.3     1.2    25.3
MEAN               34.0              32.3     1.7    31.0
DAYS MAX >= 90      0                 0.0     0.0     0
DAYS MAX <= 32      1                 4.9    -3.9     7
DAYS MAX >= 80      0                 0.0     0.0     0
DAYS MAX >= 70      0                 0.0     0.0     0
DAYS MIN <= 32     22                21.4     0.6    25
DAYS MIN <= 0       0                 0.4    -0.4     0

PRECIPITATION (INCHES)
RECORD
 MAXIMUM           43.88   1956
 MINIMUM            1.76   2006
TOTALS              9.37             14.45   -5.08    7.67
DAILY AVG.          0.31              0.46   -0.15    0.26
DAYS >= .01        21                21.7    -0.7    21
DAYS >= .10        14                17.6    -3.6    13
DAYS >= .50         7                10.1    -3.1     6
DAYS >= 1.0         3                 4.8    -1.8     1
GREATEST
 24 HR TOTAL        1.52   11/18                      1.89  11/22

SNOWFALL (INCHES)
RECORDS
 TOTAL             81.6   2011
 24 HR TOTAL       15.3   11-24-1961
 SNOW DEPTH        62     11-27-2011
TOTALS              5.3              18.2   -12.9     9.2
SINCE 7/1           5.3              23.5   -18.2     9.2
SNOWDEPTH AVG.      0                 3      -2       0
DAYS >= TRACE       6                13.5    -7.5    11
DAYS >= 1.0         1                 5.2    -4.2     4
DAYS >= 6.0         0                 0.6    -0.6     0
GREATEST
 SNOW DEPTH         3   11/30                         4  11/20
 24 HR TOTAL      4.7   11/30                       3.1  11/29

DEGREE_DAYS
HEATING TOTAL     925               979     -54    1009
 SINCE 7/1       2680              2898    -218    2610
COOLING TOTAL       0                 0       0       0
 SINCE 1/1          0                 0       0       0
................................................................

WIND (MPH)
AVERAGE WIND SPEED                3.4
HIGHEST WIND SPEED/DIRECTION     16/100    DATE   11/23
HIGHEST GUST SPEED/DIRECTION     27/130    DATE    11/4

SKY COVER
POSSIBLE SUNSHINE (PERCENT)   MM
AVERAGE SKY COVER             MM
NUMBER OF DAYS FAIR           MM
NUMBER OF DAYS PC             MM
NUMBER OF DAYS CLOUDY         MM

AVERAGE RH (PERCENT)     MM

WEATHER CONDITIONS. NUMBER OF DAYS WITH
THUNDERSTORM              1     ICE PELLETS                 2
RAIN                     22     GLAZE                       0
DRIZZLE                   0     HAIL                        0
SNOW                      4     HAZE                        0
FOG                      22     FOG W/VIS <= 1/4 MILE       3
BLOWING SNOW              0


-  INDICATES NEGATIVE NUMBERS.
R  INDICATES RECORD WAS SET OR TIED.
MM INDICATES DATA IS MISSING.
T  INDICATES TRACE AMOUNT.

&&
THIS WAS A VERY DRY MONTH FOR YAKUTAT WITH ONLY 9.37 INCHES OF PRECIPITATION, WHICH
IS ABOUT 5 INCHES LESS THAN A NOVEMBER AVERAGE. THERE WERE ONLY 2 DAYS OF RAINFALL
EQUIVALENT OF GTE 1 INCH. HIGH PRESSURE WAS PREVALENT THROUGHOUT THE MONTH GIVING
US A PREVALENT E-NE FLOW OF WINDS AVERAGING 3.4 KNOTS. WE DID SEE A PATTERN CHANGE
TOWARD THE END OF THE MONTH AND TEMPERATURES BEGAN TO DIP THE LAST TWO WEEKS
LEADING TO OUR FIRST SNOWFALL ON THE 28TH WITH MORE SIGNIFICANT ACCUMULATION ON THE
30TH.

$$
NJM DEC 14
