014
CXUS55 KPUB 030025
CLSALS

CLIMATE REPORT
NATIONAL WEATHER SERVICE PUEBLO
513 PM MDT THU JUN 2 2016

...................................

...THE ALAMOSA CO CLIMATE SUMMARY FOR THE SEASON, FROM
3/1/2016 TO 5/31/2016...

CLIMATE NORMAL PERIOD 1981 TO 2010
CLIMATE RECORD PERIOD 1932 TO 2016

WEATHER         OBSERVED          NORMAL  DEPART  LAST YEAR`S
                 VALUE   DATE(S)  VALUE   FROM    VALUE  DATE(S)
                                          NORMAL
................................................................
TEMPERATURE (F)
RECORD
 HIGH              90   05/31/2002
 LOW              -20   03/04/1964

HIGHEST            77   05/14                         77  05/31
                        05/06
LOWEST             -3   03/27                          6  03/05
AVG. MAXIMUM     60.0              59.5     0.5     60.8
AVG. MINIMUM     25.0              24.9     0.1     27.7
MEAN             42.5              42.2     0.3     44.2
DAYS MAX >= 90      0               0.0     0.0
DAYS MAX <= 32      1               0.7     0.3
DAYS MIN <= 32     67              68.5    -1.5
DAYS MIN <= 0       2               0.9     1.1

PRECIPITATION (INCHES)
RECORD
 MAXIMUM         3.74   1942
 MINIMUM         0.19   1972

TOTALS           3.39              1.70    1.69     2.60
DAILY AVG.       0.04              0.02    0.02
DAYS >= .01        19              16.2     2.8
DAYS >= .10         8               5.4     2.6
DAYS >= .50         2               0.6     1.4
DAYS >= 1.00        0               0.0     0.0
GREATEST
 24 HR. TOTAL    0.67   04/15 TO 04/16

SNOWFALL (INCHES)
RECORDS
 MAXIMUM         48.3   1973
 MIMIMUM          T     1934

TOTALS           24.2               9.5    14.7      0.7
SINCE 7/1        43.0              27.6    15.4     23.9
SNOWDEPTH AVG.      0
DAYS >= 1.0         6               3.2     2.8
GREATEST
 SNOW DEPTH         7   04/16                          3
                        03/27
                        03/26
 24 HR TOTAL      7.0   03/26 TO 03/26               0.7
                        04/16 TO 04/16

DEGREE_DAYS
HEATING TOTAL    2046              2097     -51     1889
 SINCE 7/1       7812              8426    -614     7381
COOLING TOTAL       0                 0       0        0
 SINCE 1/1          0                 0       0        0
.................................................................

WIND (MPH)
AVERAGE WIND SPEED              8.9
HIGHEST WIND SPEED/DIRECTION    52/330    DATE  04/05
HIGHEST GUST SPEED/DIRECTION    64/330    DATE  04/05

SKY COVER
POSSIBLE SUNSHINE (PERCENT)   MM
AVERAGE SKY COVER           0.30
NUMBER OF DAYS FAIR           63
NUMBER OF DAYS PC             22
NUMBER OF DAYS CLOUDY          7

AVERAGE RH (PERCENT)     53

WEATHER CONDITIONS. NUMBER OF DAYS WITH
THUNDERSTORM              0     MIXED PRECIP               0
HEAVY RAIN                2     RAIN                       8
LIGHT RAIN               26     FREEZING RAIN              0
LT FREEZING RAIN          0     HAIL                       0
HEAVY SNOW                3     SNOW                       7
LIGHT SNOW                9     SLEET                      0
FOG                      21     FOG W/VIS <= 1/4 MILE      8
HAZE                      7

-  INDICATES NEGATIVE NUMBERS.
R  INDICATES RECORD WAS SET OR TIED.
MM INDICATES DATA IS MISSING.
T  INDICATES TRACE AMOUNT.

$$
