000
CXUS55 KPUB 012209 CCA
CLSALS

CLIMATE REPORT
NATIONAL WEATHER SERVICE PUEBLO
1155 AM MST FRI DEC 1 2017

...................................

...THE ALAMOSA CO CLIMATE SUMMARY FOR THE SEASON, FROM
9/1/2017 TO 11/30/2017...

CLIMATE NORMAL PERIOD 1981 TO 2010
CLIMATE RECORD PERIOD 1932 TO 2017

WEATHER         OBSERVED          NORMAL  DEPART  LAST YEAR`S
                 VALUE   DATE(S)  VALUE   FROM    VALUE  DATE(S)
                                          NORMAL
................................................................
TEMPERATURE (F)
RECORD
 HIGH              87   09/03/2017
                        09/04/2013
                        09/13/1990
 LOW              -30   11/27/1952
HIGHEST            87R  09/03                         82  09/08
                                                          09/09
                                                          09/19
LOWEST              4   11/19                         -5  11/30
AVG. MAXIMUM     65.4              60.6     4.8     65.9
AVG. MINIMUM     27.5              24.5     3.0     25.8
MEAN             46.5              42.5     4.0     45.9
DAYS MAX >= 90      0               0.0     0.0
DAYS MAX <= 32      0               3.0    -3.0
DAYS MIN <= 32     55              63.0    -8.0
DAYS MIN <= 0       0               3.3    -3.3

PRECIPITATION (INCHES)
RECORD
 MAXIMUM         4.16   1972
                        1938
 MINIMUM         0.23   1955
TOTALS           1.86              2.01   -0.15     0.74
DAILY AVG.       0.02              0.02    0.00
DAYS >= .01        15              15.4    -0.4
DAYS >= .10         5               6.3    -1.3
DAYS >= .50         1               0.7     0.3
DAYS >= 1.00        0               0.0     0.0
GREATEST
 24 HR. TOTAL    0.87   09/27 TO 09/28

SNOWFALL (INCHES)
RECORDS
 TOTAL           34.1   1972
TOTALS            0.4               5.8    -5.4      1.0
SINCE 7/1         0.4               5.8    -5.4      1.0
SNOWDEPTH AVG.      0
DAYS >= 1.0         0               1.8    -1.8
GREATEST
 SNOW DEPTH         T   11/08                          1
 24 HR TOTAL      0.2   11/08 11/1                   1.0

DEGREE_DAYS
HEATING TOTAL    1667              2046    -379     1720
 SINCE 7/1       1766              2175    -409     1864
COOLING TOTAL       0                 0       0        0
 SINCE 1/1         76                51      25      115
.................................................................

WIND (MPH)
AVERAGE WIND SPEED              7.8
HIGHEST WIND SPEED/DIRECTION    40/230    DATE  09/07
HIGHEST GUST SPEED/DIRECTION    52/230    DATE  09/07

SKY COVER
POSSIBLE SUNSHINE (PERCENT)   MM
AVERAGE SKY COVER           0.10
NUMBER OF DAYS FAIR           81
NUMBER OF DAYS PC              8
NUMBER OF DAYS CLOUDY          2

AVERAGE RH (PERCENT)     54

WEATHER CONDITIONS. NUMBER OF DAYS WITH
THUNDERSTORM              8     MIXED PRECIP               0
HEAVY RAIN                2     RAIN                       8
LIGHT RAIN               27     FREEZING RAIN              0
LT FREEZING RAIN          0     HAIL                       0
HEAVY SNOW                0     SNOW                       0
LIGHT SNOW                5     SLEET                      0
FOG                      19     FOG W/VIS <= 1/4 MILE      2
HAZE                     11

-  INDICATES NEGATIVE NUMBERS.
R  INDICATES RECORD WAS SET OR TIED.
MM INDICATES DATA IS MISSING.
T  INDICATES TRACE AMOUNT.

$$
