000
CXUS51 KCTP 012048
CLSBFD

CLIMATE REPORT
NATIONAL WEATHER SERVICE STATE COLLEGE PA
450 PM EDT TUE SEP 1 2015

...................................

...THE BRADFORD CLIMATE SUMMARY FOR THE SEASON, FROM
6/1/2015 TO 8/31/2015...

CLIMATE NORMAL PERIOD 1981 TO 2010
CLIMATE RECORD PERIOD 1957 TO 2015

WEATHER         OBSERVED          NORMAL  DEPART  LAST YEAR`S
                 VALUE   DATE(S)  VALUE   FROM    VALUE  DATE(S)
                                          NORMAL
................................................................
TEMPERATURE (F)
RECORD
 HIGH              97   07/22/2011
                        07/16/1988
 LOW               25   08/29/1986
                        06/11/1972
HIGHEST            86   07/28        MM      MM       85  07/01
LOWEST             36   06/07        MM      MM       38  08/16
                                                          06/20
                                                          06/15
AVG. MAXIMUM     75.4              75.5    -0.1     74.8
AVG. MINIMUM     52.5              51.6     0.9     52.1
MEAN             63.9              63.6     0.3     63.5

DAYS MAX >= 90      0                MM      MM        0
DAYS MAX <= 32      0                MM      MM        0
DAYS MIN <= 32      0                MM      MM        0
DAYS MIN <= 0       0                MM      MM        0

PRECIPITATION (INCHES)
RECORD
 MAXIMUM        21.21   1994
 MINIMUM         5.77   1966
TOTALS          11.41             13.21   -1.80    15.39
DAILY AVG.       0.13              0.14   -0.01     0.17
DAYS >= .01        43                MM      MM       37
DAYS >= .10        22                MM      MM       30
DAYS >= .50         8                MM      MM       10
DAYS >= 1.00        2                MM      MM        4
GREATEST
 24 HR. TOTAL    2.14   MM


 (MM/DD(HH))            MM


DEGREE_DAYS
HEATING TOTAL     233               298     -65      269
 SINCE 7/1        126               153     -27       MM
COOLING TOTAL     164               167      -3      152
 SINCE 1/1        208               177      31      170

FREEZE DATES
RECORD
 EARLIEST     08/05/1972
 LATEST       06/30/1961
EARLIEST                        MM
LATEST                          MM
..................................................

WIND (MPH)
AVERAGE WIND SPEED              5.1
RESULTANT WIND SPEED/DIRECTION   1/263
HIGHEST WIND SPEED/DIRECTION    25/130    DATE  06/27
HIGHEST GUST SPEED/DIRECTION    46/280    DATE  06/23

SKY COVER
POSSIBLE SUNSHINE (PERCENT)   MM
AVERAGE SKY COVER           0.50
NUMBER OF DAYS FAIR           35
NUMBER OF DAYS PC             39
NUMBER OF DAYS CLOUDY         14

AVERAGE RH (PERCENT)     74

WEATHER CONDITIONS. NUMBER OF DAYS WITH
THUNDERSTORM             12     MIXED PRECIP               0
HEAVY RAIN               17     RAIN                      20
LIGHT RAIN               51     FREEZING RAIN              0
LT FREEZING RAIN          0     HAIL                       0
HEAVY SNOW                0     SNOW                       0
LIGHT SNOW                0     SLEET                      0
FOG                      79     FOG W/VIS <= 1/4 MILE     19
HAZE                     17

-  INDICATES NEGATIVE NUMBERS.
R  INDICATES RECORD WAS SET OR TIED.
MM INDICATES DATA IS MISSING.
T  INDICATES TRACE AMOUNT.

$$

LA CORTE
