000
CXUS53 KDVN 011210
CLSBRL


CLIMATE REPORT
NATIONAL WEATHER SERVICE QUAD CITIES IA IL
710 AM CDT TUE SEP 1 2015

...................................

...THE BURLINGTON IA CLIMATE SUMMARY FOR THE SEASON, FROM
6/1/2015 TO 8/31/2015...

CLIMATE NORMAL PERIOD 1981 TO 2010
CLIMATE RECORD PERIOD 1897 TO 2015

WEATHER         OBSERVED          NORMAL  DEPART
                 VALUE   DATE(S)  VALUE   FROM
                                          NORMAL
................................................
TEMPERATURE (F)
RECORD
 HIGH             111   07/15/1936
                        07/14/1936
 LOW               39   06/08/1913
HIGHEST            93   06/10        87       6
LOWEST             51   08/26        58      -7
AVG. MAXIMUM     82.0              85.2    -3.2
AVG. MINIMUM     63.9              65.0    -1.1
MEAN             72.9              75.1    -2.2
DAYS MAX >= 90      7
DAYS MAX <= 32      0
DAYS MIN <= 32      0
DAYS MIN <= 0       0

PRECIPITATION (INCHES)
TOTALS          19.63             12.99    6.64
DAILY AVG.       0.21              0.14    0.07
DAYS >= .01        30
DAYS >= .10        23
DAYS >= .50        10
DAYS >= 1.00        7
GREATEST
 24 HR. TOTAL    3.02   MM

DEGREE_DAYS
HEATING TOTAL      12                16      -4
 SINCE 7/1          7                 4       3
COOLING TOTAL     759               941    -182
 SINCE 1/1        852              1043    -191
.................................................

WIND (MPH)
AVERAGE WIND SPEED              6.3
HIGHEST WIND SPEED/DIRECTION    40/270    DATE  06/10
HIGHEST GUST SPEED/DIRECTION    56/270    DATE  06/10

SKY COVER
POSSIBLE SUNSHINE (PERCENT)   MM
AVERAGE SKY COVER           0.20
NUMBER OF DAYS FAIR           63
NUMBER OF DAYS PC             23
NUMBER OF DAYS CLOUDY          6

AVERAGE RH (PERCENT)     79

WEATHER CONDITIONS. NUMBER OF DAYS WITH
THUNDERSTORM             24     HAIL                       0
SLEET                     0     FOG                       60
FOG W/VIS <= 1/4 MILE    10     HAZE                      35

-  INDICATES NEGATIVE NUMBERS.
R  INDICATES RECORD WAS SET OR TIED.
MM INDICATES DATA IS MISSING.
T  INDICATES TRACE AMOUNT.

$$


===================================================================

NOTE: SUPPLEMENTAL CLIMATE DATA WAS USED FROM A NEARBY
CLIMATOLOGICALLY REPRESENTATIVE STATION.

===================================================================
