000
CXUS51 KCLE 030113
CLSCAK


CLIMATE REPORT
NATIONAL WEATHER SERVICE CLEVELAND OH
808 PM EST MON MAR 2 2015

...................................

...THE AKRON CANTON OH CLIMATE SUMMARY FOR THE SEASON, FROM
12/1/2014 TO 2/28/2015...

CLIMATE NORMAL PERIOD 1981 TO 2010
CLIMATE RECORD PERIOD 1887 TO 2015

WEATHER         OBSERVED          NORMAL  DEPART
                 VALUE   DATE(S)  VALUE   FROM
                                          NORMAL
................................................
TEMPERATURE (F)
RECORD
 HIGH              76   12/03/1982
 LOW              -25   01/19/1994
HIGHEST            58   01/04
                        12/24
                        12/01
LOWEST            -10   02/24
                        02/20
AVG. MAXIMUM     32.6              35.6    -3.0
AVG. MINIMUM     17.1              21.4    -4.3
MEAN             24.9              28.5    -3.6
DAYS MAX >= 90      0               0.0
DAYS MAX <= 32     42              35.1
DAYS MIN <= 32     79              75.3
DAYS MIN <= 0      13               3.4

PRECIPITATION (INCHES)
RECORD
 MAXIMUM        15.09   1950
 MINIMUM         2.96   1906
TOTALS           7.79              7.76    0.03
DAYS >= .01        49              47.4
DAYS >= .10        21              20.6
DAYS >= .50         3               3.8
DAYS >= 1.00        1               0.8

SNOWFALL (INCHES)
RECORDS
 TOTAL           65.9   1978
TOTALS           44.9              33.1
DAYS >= TRACE      57
DAYS >= 1.0        13              11.4

DEGREE_DAYS
HEATING TOTAL    3560              3284     276
COOLING TOTAL       0                 0       0
.................................................

WIND (MPH)
HIGHEST GUST SPEED/DIRECTION    48/230    DATE  12/24

SKY COVER
POSSIBLE SUNSHINE (PERCENT)   MM
NUMBER OF DAYS FAIR            7
NUMBER OF DAYS PC             32
NUMBER OF DAYS CLOUDY         51


WEATHER CONDITIONS. NUMBER OF DAYS WITH
THUNDERSTORM              0     MIXED PRECIP               0
HEAVY RAIN                0     RAIN                       4
LIGHT RAIN               29     FREEZING RAIN              1
LT FREEZING RAIN          7     HAIL                       0
HEAVY SNOW                3     SNOW                      15
LIGHT SNOW               56     SLEET                      5
FOG                      57     FOG W/VIS <= 1/4 MILE      4
HAZE                     45

-  INDICATES NEGATIVE NUMBERS.
R  INDICATES RECORD WAS SET OR TIED.
MM INDICATES DATA IS MISSING.
T  INDICATES TRACE AMOUNT.

$$
