000
CXUS51 KCLE 051109
CLSCAK


CLIMATE REPORT
NATIONAL WEATHER SERVICE CLEVELAND OH
707 AM EDT MON JUN 5 2017

...................................

...THE AKRON CANTON OH CLIMATE SUMMARY FOR THE SEASON, FROM
3/1/2017 TO 5/31/2017...

CLIMATE NORMAL PERIOD 1981 TO 2010
CLIMATE RECORD PERIOD 1887 TO 2017

WEATHER         OBSERVED          NORMAL  DEPART
                 VALUE   DATE(S)  VALUE   FROM
                                          NORMAL
................................................
TEMPERATURE (F)
RECORD
 HIGH              94   05/31/1895
 LOW               -6   03/12/1948
HIGHEST            87   05/17
LOWEST             14   03/11
AVG. MAXIMUM     61.2              58.5     2.7
AVG. MINIMUM     42.1              38.6     3.5
MEAN             51.7              48.5     3.2
DAYS MAX >= 90      0               0.1
DAYS MAX <= 32      6               3.8
DAYS MIN <= 32     18              28.1
DAYS MIN <= 0       0               0.0

PRECIPITATION (INCHES)
RECORD
 MAXIMUM        18.18   1964
 MINIMUM         4.26   1915
TOTALS          17.61             10.81    6.80
DAYS >= .01        54              42.3
DAYS >= .10        34              24.3
DAYS >= .50         9               6.6
DAYS >= 1.00        4               1.9

SNOWFALL (INCHES)
RECORDS
 TOTAL           30.7   1987
TOTALS           16.0              11.0
DAYS >= TRACE      16
DAYS >= 1.0         6               3.4

DEGREE_DAYS
HEATING TOTAL    1273              1557    -284
COOLING TOTAL      62                43      19
.................................................

WIND (MPH)
HIGHEST GUST SPEED/DIRECTION    58/240    DATE  03/08

SKY COVER
POSSIBLE SUNSHINE (PERCENT)   MM
NUMBER OF DAYS FAIR            9
NUMBER OF DAYS PC             36
NUMBER OF DAYS CLOUDY         47


WEATHER CONDITIONS. NUMBER OF DAYS WITH
THUNDERSTORM              0     MIXED PRECIP               0
HEAVY RAIN               13     RAIN                      27
LIGHT RAIN               52     FREEZING RAIN              0
LT FREEZING RAIN          0     HAIL                       0
HEAVY SNOW                1     SNOW                       5
LIGHT SNOW               16     SLEET                      1
FOG                      51     FOG W/VIS <= 1/4 MILE      2
HAZE                     30

-  INDICATES NEGATIVE NUMBERS.
R  INDICATES RECORD WAS SET OR TIED.
MM INDICATES DATA IS MISSING.
T  INDICATES TRACE AMOUNT.

$$
