309
CXUS53 KDVN 011620
CLSDVN


CLIMATE REPORT
NATIONAL WEATHER SERVICE QUAD CITIES IA IL
1016 AM CST TUE MAR 1 2016

...................................

...THE DAVENPORT IA CLIMATE SUMMARY FOR THE SEASON, FROM
12/1/2015 TO 2/29/2016...

CLIMATE NORMAL PERIOD 1981 TO 2010
CLIMATE RECORD PERIOD 9999 TO 9999

WEATHER         OBSERVED          NORMAL  DEPART
                 VALUE   DATE(S)  VALUE   FROM
                                          NORMAL
................................................
TEMPERATURE (F)
HIGHEST            63   12/13        40      23
LOWEST             -5   01/18        12     -17
                        01/17
AVG. MAXIMUM     37.3              32.4     4.9
AVG. MINIMUM     22.8              15.9     6.9
MEAN             30.0              24.1     5.9
DAYS MAX >= 90      0
DAYS MAX <= 32     28
DAYS MIN <= 32     76
DAYS MIN <= 0       5

PRECIPITATION (INCHES)
TOTALS           5.22              4.26    0.96
DAILY AVG.       0.05              0.05    0.00
DAYS >= .01        20
DAYS >= .10         6
DAYS >= .50         4
DAYS >= 1.00        2
GREATEST
 24 HR. TOTAL    1.55   12/13 TO 12/14

SNOWFALL (INCHES)
TOTALS            8.5
SINCE 7/1        15.4
SNOWDEPTH AVG.      0
DAYS >= TRACE      34
DAYS >= 1.0         3
GREATEST
 SNOW DEPTH         3   01/02
                        01/01
                        12/31
 24 HR TOTAL      3.3   12/28 TO 12/28

DEGREE_DAYS
HEATING TOTAL    3161              3677    -516
 SINCE 7/1         MM              5059      MM
COOLING TOTAL       0                 0       0
 SINCE 1/1          0                 0       0
.................................................

WIND (MPH)
AVERAGE WIND SPEED              12.0
HIGHEST WIND SPEED/DIRECTION    51/270    DATE  02/19
HIGHEST GUST SPEED/DIRECTION    62/260    DATE  02/19

SKY COVER
POSSIBLE SUNSHINE (PERCENT)   MM
AVERAGE SKY COVER           0.50
NUMBER OF DAYS FAIR           34
NUMBER OF DAYS PC             28
NUMBER OF DAYS CLOUDY         29

AVERAGE RH (PERCENT)     76

WEATHER CONDITIONS. NUMBER OF DAYS WITH
THUNDERSTORM              2     HAIL                       0
SLEET                     2     FOG                       47
FOG W/VIS <= 1/4 MILE     9     HAZE                      18

-  INDICATES NEGATIVE NUMBERS.
R  INDICATES RECORD WAS SET OR TIED.
MM INDICATES DATA IS MISSING.
T  INDICATES TRACE AMOUNT.

$$
