000
CXUS55 KLKN 030022
CLSEKO


CLIMATE REPORT
NATIONAL WEATHER SERVICE ELKO NV
504 PM PDT TUE SEP 2 2014

...................................

...THE ELKO AIRPORT NV CLIMATE SUMMARY FOR THE SEASON, FROM
6/1/2014 TO 8/31/2014...

CLIMATE NORMAL PERIOD 1981 TO 2010
CLIMATE RECORD PERIOD 1888 TO 2014

WEATHER         OBSERVED          NORMAL  DEPART  LAST YEAR`S
                 VALUE   DATE(S)  VALUE   FROM    VALUE
                                          NORMAL
.............................................................
TEMPERATURE (F)
RECORD
 HIGH             107   07/04/1981
                        08/04/1978
                        07/24/1890
 LOW               12   06/06/1914
HIGHEST           104   07/14       100       4      104
LOWEST             30   06/18        31      -1       32
AVG. MAXIMUM     87.5              86.4     1.1     91.1
AVG. MINIMUM     50.4              47.5     2.9     52.3
MEAN             68.9              66.9     2.0     71.7
DAYS MAX >= 90     39              35.9     3.1       64
DAYS MAX <= 32      0               0.0     0.0        0
DAYS MIN <= 32      1               1.3    -0.3        1
DAYS MIN <= 0       0               0.0     0.0        0

PRECIPITATION (INCHES)
RECORD
 MAXIMUM         6.38   1970
 MINIMUM         0.00   1919
TOTALS           1.96              1.39    0.57     0.99
DAILY AVG.       0.02              0.02    0.00     0.01
DAYS >= .01        20              11.6     8.4       11
DAYS >= .10         7               4.1     2.9        3
DAYS >= .50         0               0.4    -0.4        0
DAYS >= 1.00        0               0.0     0.0        0

SNOWFALL (INCHES)
RECORDS
 TOTAL            1.7   1914
TOTALS            0.0               0.0     0.0      0.0
DAYS >= 1.0         0               0.0     0.0        0

DEGREE_DAYS
HEATING TOTAL     112               182     -70       63
COOLING TOTAL     501               358     143      706
..............................................................

WIND (MPH)
AVERAGE WIND SPEED              6.2
HIGHEST WIND SPEED/DIRECTION    38/170    DATE  07/20
HIGHEST GUST SPEED/DIRECTION    52/270    DATE  08/08

AVERAGE RH (PERCENT)     39

WEATHER CONDITIONS. NUMBER OF DAYS WITH
THUNDERSTORM              0     MIXED PRECIP               0
HEAVY RAIN                5     RAIN                       7
LIGHT RAIN               21     FREEZING RAIN              0
LT FREEZING RAIN          0     HAIL                       0
HEAVY SNOW                0     SNOW                       0
LIGHT SNOW                0     SLEET                      0
FOG                       6     FOG W/VIS <= 1/4 MILE      1
HAZE                     14

-  INDICATES NEGATIVE NUMBERS.
R  INDICATES RECORD WAS SET OR TIED.
MM INDICATES DATA IS MISSING.
T  INDICATES TRACE AMOUNT.

&&

==============================================================

...14TH WARMEST METEOROLOGICAL SUMMER ON RECORD IN ELKO...
...29TH WETTEST METEOROLOGICAL SUMMER ON RECORD IN ELKO...

THE AVERAGE TEMPERATURE IN ELKO DURING METEOROLOGICAL SUMMER
(JUNE, JULY AND AUGUST) 2014 WAS 68.9 DEGREES...WHICH IS 2.0
DEGREES ABOVE THE 1981-2010 CLIMATOLOGICAL NORMAL OF 66.9
DEGREES. THIS MAKES METEOROLOGICAL SUMMER 2014 THE 14TH
WARMEST ON RECORD. THE TOTAL PRECIPITATION WAS 1.96
INCHES...WHICH IS 0.57 INCHES OR 41 PERCENT ABOVE THE
1981-2010 CLIMATOLOGICAL NORMAL OF 1.39 INCHES. THIS MAKES
METEOROLOGICAL SUMMER 2014 THE 29TH WETTEST ON RECORD.

NO MONTHLY RECORDS WERE SET IN ELKO DURING METEOROLOGICAL
SUMMER 2014.

$$

RCM
